--
-- Host: 127.0.0.1    Database: farmart
-- ------------------------------------------------------


--
-- Table structure for table `activations`
--

CREATE TABLE `activations` (
  `id` bigint unsigned NOT NULL AUTO_INCREMENT,
  `user_id` bigint unsigned NOT NULL,
  `code` varchar(120) COLLATE utf8mb4_unicode_ci NOT NULL,
  `completed` tinyint(1) NOT NULL DEFAULT '0',
  `completed_at` timestamp NULL DEFAULT NULL,
  `created_at` timestamp NULL DEFAULT NULL,
  `updated_at` timestamp NULL DEFAULT NULL,
  PRIMARY KEY (`id`),
  KEY `activations_user_id_index` (`user_id`)
) ENGINE=InnoDB AUTO_INCREMENT=2 DEFAULT CHARSET=utf8mb4 COLLATE=utf8mb4_unicode_ci;

--
-- Dumping data for table `activations`
--

INSERT INTO `activations` VALUES (1,1,'DNqcF6yAuWOjRi7LW1ZpSFTxm2v8Lfnj',1,'2024-05-24 04:02:06','2024-05-24 04:02:06','2024-05-24 04:02:06');

--
-- Table structure for table `admin_notifications`
--

CREATE TABLE `admin_notifications` (
  `id` bigint unsigned NOT NULL AUTO_INCREMENT,
  `title` varchar(191) COLLATE utf8mb4_unicode_ci NOT NULL,
  `action_label` varchar(191) COLLATE utf8mb4_unicode_ci DEFAULT NULL,
  `action_url` varchar(191) COLLATE utf8mb4_unicode_ci DEFAULT NULL,
  `description` varchar(400) COLLATE utf8mb4_unicode_ci DEFAULT NULL,
  `read_at` timestamp NULL DEFAULT NULL,
  `created_at` timestamp NULL DEFAULT NULL,
  `updated_at` timestamp NULL DEFAULT NULL,
  `permission` varchar(191) COLLATE utf8mb4_unicode_ci DEFAULT NULL,
  PRIMARY KEY (`id`)
) ENGINE=InnoDB DEFAULT CHARSET=utf8mb4 COLLATE=utf8mb4_unicode_ci;

--
-- Dumping data for table `admin_notifications`
--


--
-- Table structure for table `ads_translations`
--

CREATE TABLE `ads_translations` (
  `lang_code` varchar(191) COLLATE utf8mb4_unicode_ci NOT NULL,
  `ads_id` bigint unsigned NOT NULL,
  `name` varchar(191) COLLATE utf8mb4_unicode_ci DEFAULT NULL,
  `image` varchar(191) COLLATE utf8mb4_unicode_ci DEFAULT NULL,
  `url` varchar(191) COLLATE utf8mb4_unicode_ci DEFAULT NULL,
  PRIMARY KEY (`lang_code`,`ads_id`)
) ENGINE=InnoDB DEFAULT CHARSET=utf8mb4 COLLATE=utf8mb4_unicode_ci;

--
-- Dumping data for table `ads_translations`
--


--
-- Table structure for table `audit_histories`
--

CREATE TABLE `audit_histories` (
  `id` bigint unsigned NOT NULL AUTO_INCREMENT,
  `user_id` bigint unsigned NOT NULL,
  `module` varchar(60) COLLATE utf8mb4_unicode_ci NOT NULL,
  `request` longtext COLLATE utf8mb4_unicode_ci,
  `action` varchar(120) COLLATE utf8mb4_unicode_ci NOT NULL,
  `user_agent` text COLLATE utf8mb4_unicode_ci,
  `ip_address` varchar(45) COLLATE utf8mb4_unicode_ci DEFAULT NULL,
  `reference_user` bigint unsigned NOT NULL,
  `reference_id` bigint unsigned NOT NULL,
  `reference_name` varchar(191) COLLATE utf8mb4_unicode_ci NOT NULL,
  `type` varchar(20) COLLATE utf8mb4_unicode_ci NOT NULL,
  `created_at` timestamp NULL DEFAULT NULL,
  `updated_at` timestamp NULL DEFAULT NULL,
  PRIMARY KEY (`id`),
  KEY `audit_histories_user_id_index` (`user_id`),
  KEY `audit_histories_module_index` (`module`)
) ENGINE=InnoDB DEFAULT CHARSET=utf8mb4 COLLATE=utf8mb4_unicode_ci;

--
-- Dumping data for table `audit_histories`
--


--
-- Table structure for table `categories`
--

CREATE TABLE `categories` (
  `id` bigint unsigned NOT NULL AUTO_INCREMENT,
  `name` varchar(120) COLLATE utf8mb4_unicode_ci NOT NULL,
  `parent_id` bigint unsigned NOT NULL DEFAULT '0',
  `description` varchar(400) COLLATE utf8mb4_unicode_ci DEFAULT NULL,
  `status` varchar(60) COLLATE utf8mb4_unicode_ci NOT NULL DEFAULT 'published',
  `author_id` bigint unsigned DEFAULT NULL,
  `author_type` varchar(191) COLLATE utf8mb4_unicode_ci NOT NULL DEFAULT 'Botble\\ACL\\Models\\User',
  `icon` varchar(60) COLLATE utf8mb4_unicode_ci DEFAULT NULL,
  `order` tinyint NOT NULL DEFAULT '0',
  `is_featured` tinyint NOT NULL DEFAULT '0',
  `is_default` tinyint unsigned NOT NULL DEFAULT '0',
  `created_at` timestamp NULL DEFAULT NULL,
  `updated_at` timestamp NULL DEFAULT NULL,
  PRIMARY KEY (`id`),
  KEY `categories_parent_id_index` (`parent_id`),
  KEY `categories_status_index` (`status`),
  KEY `categories_created_at_index` (`created_at`)
) ENGINE=InnoDB AUTO_INCREMENT=5 DEFAULT CHARSET=utf8mb4 COLLATE=utf8mb4_unicode_ci;

--
-- Dumping data for table `categories`
--

INSERT INTO `categories` VALUES (1,'Ecommerce',0,'Cum vel doloremque sapiente autem et. Tenetur dolorum optio provident ipsum modi eligendi. Ut velit sit ab at impedit. Laborum laborum est velit voluptas a. Sint nisi beatae tempore vel.','published',1,'Botble\\ACL\\Models\\User',NULL,0,0,1,'2024-05-24 04:02:30','2024-05-24 04:02:30'),(2,'Fashion',0,'Eos qui commodi exercitationem adipisci quo consequatur distinctio quae. Reprehenderit omnis cumque quia beatae nulla.','published',1,'Botble\\ACL\\Models\\User',NULL,0,1,0,'2024-05-24 04:02:30','2024-05-24 04:02:30'),(3,'Electronic',0,'Tenetur quisquam nulla incidunt ea et molestias. Voluptas sit consequatur ratione. Iure tempora consequatur quis nobis eligendi in.','published',1,'Botble\\ACL\\Models\\User',NULL,0,1,0,'2024-05-24 04:02:30','2024-05-24 04:02:30'),(4,'Commercial',0,'Rem tempora numquam et rerum fuga quidem. Maxime non sed autem officiis. Autem qui autem neque eum aut molestiae. Nam aliquid vel qui molestias illum omnis.','published',1,'Botble\\ACL\\Models\\User',NULL,0,1,0,'2024-05-24 04:02:30','2024-05-24 04:02:30');

--
-- Table structure for table `categories_translations`
--

CREATE TABLE `categories_translations` (
  `lang_code` varchar(20) COLLATE utf8mb4_unicode_ci NOT NULL,
  `categories_id` bigint unsigned NOT NULL,
  `name` varchar(191) COLLATE utf8mb4_unicode_ci DEFAULT NULL,
  `description` varchar(400) COLLATE utf8mb4_unicode_ci DEFAULT NULL,
  PRIMARY KEY (`lang_code`,`categories_id`)
) ENGINE=InnoDB DEFAULT CHARSET=utf8mb4 COLLATE=utf8mb4_unicode_ci;

--
-- Dumping data for table `categories_translations`
--


--
-- Table structure for table `cities`
--

CREATE TABLE `cities` (
  `id` bigint unsigned NOT NULL AUTO_INCREMENT,
  `name` varchar(120) COLLATE utf8mb4_unicode_ci NOT NULL,
  `slug` varchar(120) COLLATE utf8mb4_unicode_ci DEFAULT NULL,
  `state_id` bigint unsigned DEFAULT NULL,
  `country_id` bigint unsigned DEFAULT NULL,
  `record_id` varchar(40) COLLATE utf8mb4_unicode_ci DEFAULT NULL,
  `order` tinyint NOT NULL DEFAULT '0',
  `image` varchar(191) COLLATE utf8mb4_unicode_ci DEFAULT NULL,
  `is_default` tinyint unsigned NOT NULL DEFAULT '0',
  `status` varchar(60) COLLATE utf8mb4_unicode_ci NOT NULL DEFAULT 'published',
  `created_at` timestamp NULL DEFAULT NULL,
  `updated_at` timestamp NULL DEFAULT NULL,
  PRIMARY KEY (`id`),
  UNIQUE KEY `cities_slug_unique` (`slug`)
) ENGINE=InnoDB DEFAULT CHARSET=utf8mb4 COLLATE=utf8mb4_unicode_ci;

--
-- Dumping data for table `cities`
--


--
-- Table structure for table `cities_translations`
--

CREATE TABLE `cities_translations` (
  `lang_code` varchar(20) COLLATE utf8mb4_unicode_ci NOT NULL,
  `cities_id` bigint unsigned NOT NULL,
  `name` varchar(120) COLLATE utf8mb4_unicode_ci DEFAULT NULL,
  `slug` varchar(120) COLLATE utf8mb4_unicode_ci DEFAULT NULL,
  PRIMARY KEY (`lang_code`,`cities_id`)
) ENGINE=InnoDB DEFAULT CHARSET=utf8mb4 COLLATE=utf8mb4_unicode_ci;

--
-- Dumping data for table `cities_translations`
--


--
-- Table structure for table `contact_custom_field_options`
--

CREATE TABLE `contact_custom_field_options` (
  `id` bigint unsigned NOT NULL AUTO_INCREMENT,
  `custom_field_id` bigint unsigned NOT NULL,
  `label` varchar(191) COLLATE utf8mb4_unicode_ci DEFAULT NULL,
  `value` varchar(191) COLLATE utf8mb4_unicode_ci NOT NULL,
  `order` int NOT NULL DEFAULT '999',
  `created_at` timestamp NULL DEFAULT NULL,
  `updated_at` timestamp NULL DEFAULT NULL,
  PRIMARY KEY (`id`)
) ENGINE=InnoDB DEFAULT CHARSET=utf8mb4 COLLATE=utf8mb4_unicode_ci;

--
-- Dumping data for table `contact_custom_field_options`
--


--
-- Table structure for table `contact_custom_field_options_translations`
--

CREATE TABLE `contact_custom_field_options_translations` (
  `contact_custom_field_options_id` bigint unsigned NOT NULL,
  `lang_code` varchar(191) COLLATE utf8mb4_unicode_ci NOT NULL,
  `label` varchar(191) COLLATE utf8mb4_unicode_ci DEFAULT NULL,
  `value` varchar(191) COLLATE utf8mb4_unicode_ci DEFAULT NULL,
  PRIMARY KEY (`lang_code`,`contact_custom_field_options_id`)
) ENGINE=InnoDB DEFAULT CHARSET=utf8mb4 COLLATE=utf8mb4_unicode_ci;

--
-- Dumping data for table `contact_custom_field_options_translations`
--


--
-- Table structure for table `contact_custom_fields`
--

CREATE TABLE `contact_custom_fields` (
  `id` bigint unsigned NOT NULL AUTO_INCREMENT,
  `type` varchar(191) COLLATE utf8mb4_unicode_ci NOT NULL,
  `required` tinyint(1) NOT NULL DEFAULT '0',
  `name` varchar(191) COLLATE utf8mb4_unicode_ci NOT NULL,
  `placeholder` varchar(191) COLLATE utf8mb4_unicode_ci DEFAULT NULL,
  `order` int NOT NULL DEFAULT '999',
  `status` varchar(191) COLLATE utf8mb4_unicode_ci NOT NULL DEFAULT 'published',
  `created_at` timestamp NULL DEFAULT NULL,
  `updated_at` timestamp NULL DEFAULT NULL,
  PRIMARY KEY (`id`)
) ENGINE=InnoDB DEFAULT CHARSET=utf8mb4 COLLATE=utf8mb4_unicode_ci;

--
-- Dumping data for table `contact_custom_fields`
--


--
-- Table structure for table `contact_custom_fields_translations`
--

CREATE TABLE `contact_custom_fields_translations` (
  `contact_custom_fields_id` bigint unsigned NOT NULL,
  `lang_code` varchar(191) COLLATE utf8mb4_unicode_ci NOT NULL,
  `name` varchar(191) COLLATE utf8mb4_unicode_ci DEFAULT NULL,
  `placeholder` varchar(191) COLLATE utf8mb4_unicode_ci DEFAULT NULL,
  PRIMARY KEY (`lang_code`,`contact_custom_fields_id`)
) ENGINE=InnoDB DEFAULT CHARSET=utf8mb4 COLLATE=utf8mb4_unicode_ci;

--
-- Dumping data for table `contact_custom_fields_translations`
--


--
-- Table structure for table `contact_replies`
--

CREATE TABLE `contact_replies` (
  `id` bigint unsigned NOT NULL AUTO_INCREMENT,
  `message` longtext COLLATE utf8mb4_unicode_ci NOT NULL,
  `contact_id` bigint unsigned NOT NULL,
  `created_at` timestamp NULL DEFAULT NULL,
  `updated_at` timestamp NULL DEFAULT NULL,
  PRIMARY KEY (`id`)
) ENGINE=InnoDB DEFAULT CHARSET=utf8mb4 COLLATE=utf8mb4_unicode_ci;

--
-- Dumping data for table `contact_replies`
--


--
-- Table structure for table `contacts`
--

CREATE TABLE `contacts` (
  `id` bigint unsigned NOT NULL AUTO_INCREMENT,
  `name` varchar(60) COLLATE utf8mb4_unicode_ci NOT NULL,
  `email` varchar(60) COLLATE utf8mb4_unicode_ci DEFAULT NULL,
  `phone` varchar(60) COLLATE utf8mb4_unicode_ci DEFAULT NULL,
  `address` varchar(120) COLLATE utf8mb4_unicode_ci DEFAULT NULL,
  `subject` varchar(120) COLLATE utf8mb4_unicode_ci DEFAULT NULL,
  `content` longtext COLLATE utf8mb4_unicode_ci NOT NULL,
  `custom_fields` text COLLATE utf8mb4_unicode_ci,
  `status` varchar(60) COLLATE utf8mb4_unicode_ci NOT NULL DEFAULT 'unread',
  `created_at` timestamp NULL DEFAULT NULL,
  `updated_at` timestamp NULL DEFAULT NULL,
  PRIMARY KEY (`id`)
) ENGINE=InnoDB AUTO_INCREMENT=11 DEFAULT CHARSET=utf8mb4 COLLATE=utf8mb4_unicode_ci;

--
-- Dumping data for table `contacts`
--

INSERT INTO `contacts` VALUES (1,'Miss Berneice Carter Jr.','oschowalter@example.org','(865) 559-6326','296 Aditya Trafficway\nSouth Luis, IL 00452-4422','Aliquid nobis sunt ab dolores.','Fugiat suscipit sunt quia magnam sint aperiam. Similique amet quibusdam impedit dolorem consectetur temporibus. Et molestias qui id ipsa voluptatibus sequi enim. Tenetur explicabo eveniet et veniam voluptatum recusandae. Consequuntur eos rerum quibusdam et. Saepe dolorem saepe molestiae quam vitae illo. Expedita odio voluptatum sit eum non laboriosam ut natus.',NULL,'read','2024-05-24 04:02:30','2024-05-24 04:02:30'),(2,'Johnson Christiansen','ramona.ward@example.net','+1 (352) 386-1072','2002 Joel Creek\nZiemeside, WV 08250-4329','Dolorum sed incidunt voluptas quia in rerum.','Rem magnam aut voluptatem necessitatibus. Dolorum consectetur voluptatem sint quis qui voluptas. Nemo voluptatem nihil omnis amet quis accusantium aperiam. Excepturi est voluptas nostrum alias et et accusamus. Ea laudantium ipsum dolore exercitationem non. Dolore cum dicta non possimus cumque vel tempore.',NULL,'unread','2024-05-24 04:02:30','2024-05-24 04:02:30'),(3,'Terence Price Sr.','theidenreich@example.org','606-768-3852','434 Reuben Walks\nEast Reagan, MT 60102-5585','Nostrum voluptas laudantium dicta.','Quos eius vel ipsam cupiditate consequatur assumenda veritatis. Aut voluptatem voluptatum ducimus qui nihil porro officia. Eius animi ipsum nesciunt non. Cum assumenda qui dolore veritatis odio nihil dolores. Alias illo cum quaerat. Porro rem accusamus molestias at voluptate ducimus nostrum. Illo recusandae accusamus et libero non ratione.',NULL,'unread','2024-05-24 04:02:30','2024-05-24 04:02:30'),(4,'Mr. Harry Durgan I','casper.oconnell@example.net','(254) 295-6216','33071 Stanton Ridge Apt. 515\nJerryhaven, MO 90333','In et sapiente dolore necessitatibus quia quia.','Harum dolorem dolores ipsam reprehenderit mollitia ipsum. Ut dolorum vitae aut qui dicta et est consequatur. Minus quod optio aut sed exercitationem error. Autem corrupti magni est est. Eligendi consectetur sint dolorem voluptates dolorem maxime earum. Non qui est suscipit aperiam. Assumenda voluptatibus maiores ratione illum.',NULL,'unread','2024-05-24 04:02:30','2024-05-24 04:02:30'),(5,'Effie Bergstrom','abbie.rippin@example.com','+1-520-358-1449','2144 Verda Loaf Suite 061\nJodiehaven, VT 18516-0118','Sed et repellat quis velit.','Architecto molestias consequatur temporibus earum adipisci. Quia ut aut eaque velit ad sed quasi. Accusamus aspernatur commodi animi consequatur. Amet ut esse praesentium consequatur magnam beatae officiis. Dolor exercitationem omnis assumenda autem est. Veritatis sit aut quam autem earum qui. Aperiam vel neque ex eos nam aperiam. Accusantium inventore at asperiores est in. Quia tempore sed iusto quia.',NULL,'unread','2024-05-24 04:02:30','2024-05-24 04:02:30'),(6,'Natalie Hintz PhD','lebsack.lilian@example.com','(325) 845-4947','4188 Wilderman Ford Suite 369\nStreichbury, HI 04875','Voluptas necessitatibus quae omnis non magnam ex.','Repudiandae ut neque et beatae. Dolore optio et tempore aut velit voluptas. Et ut omnis enim soluta. Numquam qui praesentium omnis quod dolorum ad. Quis aut aut officia rem. Nostrum occaecati sit dolorum nostrum. Deleniti odio culpa amet aut et distinctio dicta. Vitae vel id nihil dolorum et praesentium. Itaque nemo aliquid numquam cupiditate dignissimos provident. Quas expedita aut nesciunt tempora voluptas.',NULL,'unread','2024-05-24 04:02:30','2024-05-24 04:02:30'),(7,'Einar Steuber','skuhlman@example.com','+1 (980) 290-1325','83918 Jaydon Vista Apt. 975\nSouth Murphyfort, IL 98616','Quia qui maxime nesciunt quam dolorem et soluta.','Vel tenetur est soluta vitae sapiente placeat vel. Perferendis quo molestiae error voluptatem velit. Reiciendis ipsam eos necessitatibus quia modi non. Libero ipsa perspiciatis atque vitae facere. Vero odio delectus iusto ea. Ut incidunt deleniti quisquam. Nemo corrupti voluptate et eum at est. Incidunt distinctio sapiente tempora sed eum ab. Aliquid autem velit quo quidem error soluta dolor. Numquam vero rerum nihil distinctio quae occaecati dolore.',NULL,'read','2024-05-24 04:02:30','2024-05-24 04:02:30'),(8,'Cary Windler','udaniel@example.net','762-268-2503','2771 Rice Light Apt. 615\nXanderburgh, CO 14842-6353','Sint quia autem nisi nobis eos.','Cum sapiente voluptas consequatur quod quis necessitatibus exercitationem rerum. Labore hic unde nemo officia. Nobis ab vel omnis. Facilis eius voluptatem quis officiis molestiae laudantium. Dolor perferendis illo dicta autem aut distinctio qui. Sunt error quia officiis laudantium numquam est. In voluptas saepe eaque. Pariatur autem et laborum sit illum sunt nulla. Laboriosam doloribus minima cupiditate tempore.',NULL,'unread','2024-05-24 04:02:30','2024-05-24 04:02:30'),(9,'Deshawn Walsh','rebeka.christiansen@example.com','+17576497771','8051 Cole Prairie\nNew Eleanora, WV 30149-1008','Rem laborum qui voluptate rem optio sunt rerum.','Autem qui molestias velit architecto ducimus alias. Et aut distinctio nihil natus iure necessitatibus eum. Repellendus et aut consequatur dolor earum facere ut et. Quae voluptates inventore vitae. Commodi eos architecto dolores dolorem sit. Ullam itaque est perspiciatis est corporis quod voluptatem. Nisi quis est doloremque excepturi aut. Sunt soluta quos voluptas et aut reiciendis maxime.',NULL,'unread','2024-05-24 04:02:30','2024-05-24 04:02:30'),(10,'Prof. Felicita Schneider PhD','lauriane84@example.com','413.416.1464','57608 Dean Trail\nJaclynbury, SD 70342','Deleniti rerum aliquam qui dolorem.','Explicabo voluptate fugiat labore minus tempore eum ipsa. Illo aut est sit maxime dolorum. Reiciendis possimus et aut beatae doloribus asperiores. Et laboriosam sunt tenetur aperiam. Ipsa non eligendi nihil delectus consequuntur temporibus dolores autem. Voluptatum quisquam quis hic rerum. Et sunt libero tempore nulla nisi labore quisquam.',NULL,'unread','2024-05-24 04:02:30','2024-05-24 04:02:30');

--
-- Table structure for table `countries`
--

CREATE TABLE `countries` (
  `id` bigint unsigned NOT NULL AUTO_INCREMENT,
  `name` varchar(120) COLLATE utf8mb4_unicode_ci NOT NULL,
  `nationality` varchar(120) COLLATE utf8mb4_unicode_ci DEFAULT NULL,
  `order` tinyint NOT NULL DEFAULT '0',
  `is_default` tinyint unsigned NOT NULL DEFAULT '0',
  `status` varchar(60) COLLATE utf8mb4_unicode_ci NOT NULL DEFAULT 'published',
  `created_at` timestamp NULL DEFAULT NULL,
  `updated_at` timestamp NULL DEFAULT NULL,
  `code` varchar(10) COLLATE utf8mb4_unicode_ci DEFAULT NULL,
  PRIMARY KEY (`id`)
) ENGINE=InnoDB DEFAULT CHARSET=utf8mb4 COLLATE=utf8mb4_unicode_ci;

--
-- Dumping data for table `countries`
--


--
-- Table structure for table `countries_translations`
--

CREATE TABLE `countries_translations` (
  `lang_code` varchar(20) COLLATE utf8mb4_unicode_ci NOT NULL,
  `countries_id` bigint unsigned NOT NULL,
  `name` varchar(120) COLLATE utf8mb4_unicode_ci DEFAULT NULL,
  `nationality` varchar(120) COLLATE utf8mb4_unicode_ci DEFAULT NULL,
  PRIMARY KEY (`lang_code`,`countries_id`)
) ENGINE=InnoDB DEFAULT CHARSET=utf8mb4 COLLATE=utf8mb4_unicode_ci;

--
-- Dumping data for table `countries_translations`
--


--
-- Table structure for table `dashboard_widget_settings`
--

CREATE TABLE `dashboard_widget_settings` (
  `id` bigint unsigned NOT NULL AUTO_INCREMENT,
  `settings` text COLLATE utf8mb4_unicode_ci,
  `user_id` bigint unsigned NOT NULL,
  `widget_id` bigint unsigned NOT NULL,
  `order` tinyint unsigned NOT NULL DEFAULT '0',
  `status` tinyint unsigned NOT NULL DEFAULT '1',
  `created_at` timestamp NULL DEFAULT NULL,
  `updated_at` timestamp NULL DEFAULT NULL,
  PRIMARY KEY (`id`),
  KEY `dashboard_widget_settings_user_id_index` (`user_id`),
  KEY `dashboard_widget_settings_widget_id_index` (`widget_id`)
) ENGINE=InnoDB DEFAULT CHARSET=utf8mb4 COLLATE=utf8mb4_unicode_ci;

--
-- Dumping data for table `dashboard_widget_settings`
--


--
-- Table structure for table `dashboard_widgets`
--

CREATE TABLE `dashboard_widgets` (
  `id` bigint unsigned NOT NULL AUTO_INCREMENT,
  `name` varchar(120) COLLATE utf8mb4_unicode_ci NOT NULL,
  `created_at` timestamp NULL DEFAULT NULL,
  `updated_at` timestamp NULL DEFAULT NULL,
  PRIMARY KEY (`id`)
) ENGINE=InnoDB DEFAULT CHARSET=utf8mb4 COLLATE=utf8mb4_unicode_ci;

--
-- Dumping data for table `dashboard_widgets`
--


--
-- Table structure for table `ec_brands`
--

CREATE TABLE `ec_brands` (
  `id` bigint unsigned NOT NULL AUTO_INCREMENT,
  `name` varchar(191) COLLATE utf8mb4_unicode_ci NOT NULL,
  `description` mediumtext COLLATE utf8mb4_unicode_ci,
  `website` varchar(191) COLLATE utf8mb4_unicode_ci DEFAULT NULL,
  `logo` varchar(191) COLLATE utf8mb4_unicode_ci DEFAULT NULL,
  `status` varchar(60) COLLATE utf8mb4_unicode_ci NOT NULL DEFAULT 'published',
  `order` tinyint unsigned NOT NULL DEFAULT '0',
  `is_featured` tinyint unsigned NOT NULL DEFAULT '0',
  `created_at` timestamp NULL DEFAULT NULL,
  `updated_at` timestamp NULL DEFAULT NULL,
  PRIMARY KEY (`id`)
) ENGINE=InnoDB AUTO_INCREMENT=6 DEFAULT CHARSET=utf8mb4 COLLATE=utf8mb4_unicode_ci;

--
-- Dumping data for table `ec_brands`
--

INSERT INTO `ec_brands` VALUES (1,'FoodPound','New Snacks Release',NULL,'brands/1.png','published',0,1,'2024-05-24 04:02:06','2024-05-24 04:02:06'),(2,'iTea JSC','Happy Tea 100% Organic. From $29.9',NULL,'brands/2.png','published',1,1,'2024-05-24 04:02:06','2024-05-24 04:02:06'),(3,'Soda Brand','Fresh Meat Sausage. BUY 2 GET 1!',NULL,'brands/3.png','published',2,1,'2024-05-24 04:02:06','2024-05-24 04:02:06'),(4,'Farmart','Fresh Meat Sausage. BUY 2 GET 1!',NULL,'brands/4.png','published',3,1,'2024-05-24 04:02:06','2024-05-24 04:02:06'),(5,'Soda Brand','Fresh Meat Sausage. BUY 2 GET 1!',NULL,'brands/3.png','published',4,1,'2024-05-24 04:02:06','2024-05-24 04:02:06');

--
-- Table structure for table `ec_brands_translations`
--

CREATE TABLE `ec_brands_translations` (
  `lang_code` varchar(191) COLLATE utf8mb4_unicode_ci NOT NULL,
  `ec_brands_id` bigint unsigned NOT NULL,
  `name` varchar(191) COLLATE utf8mb4_unicode_ci DEFAULT NULL,
  `description` mediumtext COLLATE utf8mb4_unicode_ci,
  PRIMARY KEY (`lang_code`,`ec_brands_id`)
) ENGINE=InnoDB DEFAULT CHARSET=utf8mb4 COLLATE=utf8mb4_unicode_ci;

--
-- Dumping data for table `ec_brands_translations`
--


--
-- Table structure for table `ec_cart`
--

CREATE TABLE `ec_cart` (
  `identifier` varchar(60) COLLATE utf8mb4_unicode_ci NOT NULL,
  `instance` varchar(60) COLLATE utf8mb4_unicode_ci NOT NULL,
  `content` longtext COLLATE utf8mb4_unicode_ci NOT NULL,
  `created_at` timestamp NULL DEFAULT NULL,
  `updated_at` timestamp NULL DEFAULT NULL,
  PRIMARY KEY (`identifier`,`instance`)
) ENGINE=InnoDB DEFAULT CHARSET=utf8mb4 COLLATE=utf8mb4_unicode_ci;

--
-- Dumping data for table `ec_cart`
--


--
-- Table structure for table `ec_currencies`
--

CREATE TABLE `ec_currencies` (
  `id` bigint unsigned NOT NULL AUTO_INCREMENT,
  `title` varchar(191) COLLATE utf8mb4_unicode_ci NOT NULL,
  `symbol` varchar(10) COLLATE utf8mb4_unicode_ci NOT NULL,
  `is_prefix_symbol` tinyint unsigned NOT NULL DEFAULT '0',
  `decimals` tinyint unsigned DEFAULT '0',
  `order` int unsigned DEFAULT '0',
  `is_default` tinyint NOT NULL DEFAULT '0',
  `exchange_rate` double NOT NULL DEFAULT '1',
  `created_at` timestamp NULL DEFAULT NULL,
  `updated_at` timestamp NULL DEFAULT NULL,
  PRIMARY KEY (`id`)
) ENGINE=InnoDB AUTO_INCREMENT=5 DEFAULT CHARSET=utf8mb4 COLLATE=utf8mb4_unicode_ci;

--
-- Dumping data for table `ec_currencies`
--

INSERT INTO `ec_currencies` VALUES (1,'USD','$',1,2,0,1,1,'2024-05-24 04:02:06','2024-05-24 04:02:06'),(2,'EUR','€',0,2,1,0,0.84,'2024-05-24 04:02:06','2024-05-24 04:02:06'),(3,'VND','₫',0,0,2,0,23203,'2024-05-24 04:02:06','2024-05-24 04:02:06'),(4,'NGN','₦',1,2,2,0,895.52,'2024-05-24 04:02:06','2024-05-24 04:02:06');

--
-- Table structure for table `ec_customer_addresses`
--

CREATE TABLE `ec_customer_addresses` (
  `id` bigint unsigned NOT NULL AUTO_INCREMENT,
  `name` varchar(191) COLLATE utf8mb4_unicode_ci NOT NULL,
  `email` varchar(60) COLLATE utf8mb4_unicode_ci DEFAULT NULL,
  `phone` varchar(20) COLLATE utf8mb4_unicode_ci DEFAULT NULL,
  `country` varchar(120) COLLATE utf8mb4_unicode_ci DEFAULT NULL,
  `state` varchar(120) COLLATE utf8mb4_unicode_ci DEFAULT NULL,
  `city` varchar(120) COLLATE utf8mb4_unicode_ci DEFAULT NULL,
  `address` varchar(191) COLLATE utf8mb4_unicode_ci DEFAULT NULL,
  `customer_id` bigint unsigned NOT NULL,
  `is_default` tinyint unsigned NOT NULL DEFAULT '0',
  `created_at` timestamp NULL DEFAULT NULL,
  `updated_at` timestamp NULL DEFAULT NULL,
  `zip_code` varchar(20) COLLATE utf8mb4_unicode_ci DEFAULT NULL,
  PRIMARY KEY (`id`)
) ENGINE=InnoDB AUTO_INCREMENT=13 DEFAULT CHARSET=utf8mb4 COLLATE=utf8mb4_unicode_ci;

--
-- Dumping data for table `ec_customer_addresses`
--

INSERT INTO `ec_customer_addresses` VALUES (1,'Madge McKenzie','customer@botble.com','+14304735506','KR','Virginia','Port Timothy','2135 Steuber Springs',1,1,'2024-05-24 04:02:09','2024-05-24 04:02:09','45189-4813'),(2,'Madge McKenzie','customer@botble.com','+12259213518','QA','Maine','Leilamouth','8256 Sauer Groves Apt. 733',1,0,'2024-05-24 04:02:09','2024-05-24 04:02:09','31507'),(3,'Coleman Wisoky','vendor@botble.com','+18012622632','IT','New Jersey','Port Melody','87311 Wintheiser Walks',2,1,'2024-05-24 04:02:10','2024-05-24 04:02:10','76611'),(4,'Coleman Wisoky','vendor@botble.com','+18587994038','TM','Colorado','Reichelberg','67831 Bogisich Path Suite 847',2,0,'2024-05-24 04:02:10','2024-05-24 04:02:10','42591'),(5,'Broderick Lemke Sr.','avis63@example.net','+14047490540','IS','Arizona','East Kasandra','9966 Denesik Drives',3,1,'2024-05-24 04:02:10','2024-05-24 04:02:10','86861'),(6,'Mrs. Juliet Quitzon III','ojerde@example.org','+17862995322','EH','Hawaii','Ferrytown','57652 Yolanda Glens',4,1,'2024-05-24 04:02:11','2024-05-24 04:02:11','15784-6248'),(7,'Danielle Leuschke','lang.madeline@example.com','+12244747545','NU','Missouri','Port Eastonfort','682 Adrian Turnpike',5,1,'2024-05-24 04:02:11','2024-05-24 04:02:11','36946'),(8,'Phyllis Crooks','batz.rosie@example.com','+17547690788','IQ','Pennsylvania','South Melynaport','87976 Mayert Crossroad Suite 690',6,1,'2024-05-24 04:02:12','2024-05-24 04:02:12','72929-2175'),(9,'Braden West','ulises14@example.org','+13138148972','GL','Rhode Island','West Denis','3357 Otha Forest',7,1,'2024-05-24 04:02:12','2024-05-24 04:02:12','23137-1517'),(10,'Dr. Kathryn Bashirian','ndoyle@example.org','+18209769103','WS','Alaska','North Marielleshire','14681 Bailee Manor Apt. 471',8,1,'2024-05-24 04:02:12','2024-05-24 04:02:12','69368-4626'),(11,'Leta Kuphal Jr.','senger.candida@example.com','+17152725154','SO','Missouri','Howeshire','57926 Maeve Valley',9,1,'2024-05-24 04:02:12','2024-05-24 04:02:12','46975'),(12,'Mustafa Steuber','aiyana.schroeder@example.org','+15394953314','SL','Kansas','Port Enaland','63680 Lauryn Glen Apt. 422',10,1,'2024-05-24 04:02:13','2024-05-24 04:02:13','38788');

--
-- Table structure for table `ec_customer_recently_viewed_products`
--

CREATE TABLE `ec_customer_recently_viewed_products` (
  `id` bigint unsigned NOT NULL AUTO_INCREMENT,
  `customer_id` bigint unsigned NOT NULL,
  `product_id` bigint unsigned NOT NULL,
  PRIMARY KEY (`id`)
) ENGINE=InnoDB DEFAULT CHARSET=utf8mb4 COLLATE=utf8mb4_unicode_ci;

--
-- Dumping data for table `ec_customer_recently_viewed_products`
--


--
-- Table structure for table `ec_customer_used_coupons`
--

CREATE TABLE `ec_customer_used_coupons` (
  `discount_id` bigint unsigned NOT NULL,
  `customer_id` bigint unsigned NOT NULL,
  PRIMARY KEY (`discount_id`,`customer_id`)
) ENGINE=InnoDB DEFAULT CHARSET=utf8mb4 COLLATE=utf8mb4_unicode_ci;

--
-- Dumping data for table `ec_customer_used_coupons`
--


--
-- Table structure for table `ec_discount_customers`
--

CREATE TABLE `ec_discount_customers` (
  `discount_id` bigint unsigned NOT NULL,
  `customer_id` bigint unsigned NOT NULL,
  PRIMARY KEY (`discount_id`,`customer_id`)
) ENGINE=InnoDB DEFAULT CHARSET=utf8mb4 COLLATE=utf8mb4_unicode_ci;

--
-- Dumping data for table `ec_discount_customers`
--


--
-- Table structure for table `ec_discount_product_categories`
--

CREATE TABLE `ec_discount_product_categories` (
  `discount_id` bigint unsigned NOT NULL,
  `product_category_id` bigint unsigned NOT NULL,
  PRIMARY KEY (`discount_id`,`product_category_id`)
) ENGINE=InnoDB DEFAULT CHARSET=utf8mb4 COLLATE=utf8mb4_unicode_ci;

--
-- Dumping data for table `ec_discount_product_categories`
--


--
-- Table structure for table `ec_discount_product_collections`
--

CREATE TABLE `ec_discount_product_collections` (
  `discount_id` bigint unsigned NOT NULL,
  `product_collection_id` bigint unsigned NOT NULL,
  PRIMARY KEY (`discount_id`,`product_collection_id`)
) ENGINE=InnoDB DEFAULT CHARSET=utf8mb4 COLLATE=utf8mb4_unicode_ci;

--
-- Dumping data for table `ec_discount_product_collections`
--


--
-- Table structure for table `ec_discount_products`
--

CREATE TABLE `ec_discount_products` (
  `discount_id` bigint unsigned NOT NULL,
  `product_id` bigint unsigned NOT NULL,
  PRIMARY KEY (`discount_id`,`product_id`)
) ENGINE=InnoDB DEFAULT CHARSET=utf8mb4 COLLATE=utf8mb4_unicode_ci;

--
-- Dumping data for table `ec_discount_products`
--


--
-- Table structure for table `ec_discounts`
--

CREATE TABLE `ec_discounts` (
  `id` bigint unsigned NOT NULL AUTO_INCREMENT,
  `title` varchar(120) COLLATE utf8mb4_unicode_ci DEFAULT NULL,
  `code` varchar(20) COLLATE utf8mb4_unicode_ci DEFAULT NULL,
  `start_date` datetime DEFAULT NULL,
  `end_date` datetime DEFAULT NULL,
  `quantity` int DEFAULT NULL,
  `total_used` int unsigned NOT NULL DEFAULT '0',
  `value` double DEFAULT NULL,
  `type` varchar(60) COLLATE utf8mb4_unicode_ci DEFAULT 'coupon',
  `can_use_with_promotion` tinyint(1) NOT NULL DEFAULT '0',
  `discount_on` varchar(20) COLLATE utf8mb4_unicode_ci DEFAULT NULL,
  `product_quantity` int unsigned DEFAULT NULL,
  `type_option` varchar(100) COLLATE utf8mb4_unicode_ci NOT NULL DEFAULT 'amount',
  `target` varchar(100) COLLATE utf8mb4_unicode_ci NOT NULL DEFAULT 'all-orders',
  `min_order_price` decimal(15,2) DEFAULT NULL,
  `apply_via_url` tinyint(1) NOT NULL DEFAULT '0',
  `display_at_checkout` tinyint(1) NOT NULL DEFAULT '0',
  `created_at` timestamp NULL DEFAULT NULL,
  `updated_at` timestamp NULL DEFAULT NULL,
  `description` varchar(400) COLLATE utf8mb4_unicode_ci DEFAULT NULL,
  `store_id` bigint unsigned DEFAULT NULL,
  PRIMARY KEY (`id`),
  UNIQUE KEY `ec_discounts_code_unique` (`code`)
) ENGINE=InnoDB DEFAULT CHARSET=utf8mb4 COLLATE=utf8mb4_unicode_ci;

--
-- Dumping data for table `ec_discounts`
--


--
-- Table structure for table `ec_flash_sale_products`
--

CREATE TABLE `ec_flash_sale_products` (
  `flash_sale_id` bigint unsigned NOT NULL,
  `product_id` bigint unsigned NOT NULL,
  `price` double unsigned DEFAULT NULL,
  `quantity` int unsigned DEFAULT NULL,
  `sold` int unsigned NOT NULL DEFAULT '0'
) ENGINE=InnoDB DEFAULT CHARSET=utf8mb4 COLLATE=utf8mb4_unicode_ci;

--
-- Dumping data for table `ec_flash_sale_products`
--

INSERT INTO `ec_flash_sale_products` VALUES (1,34,554.07,20,4),(1,3,5.59,18,5),(1,14,336.7,10,4),(1,61,146.68,10,2),(1,7,269.88,9,1),(1,54,232.32,16,1),(1,47,641.16,16,1),(1,30,107.36,16,5),(1,44,538.5744,10,5),(1,21,209.7,8,1);

--
-- Table structure for table `ec_flash_sales`
--

CREATE TABLE `ec_flash_sales` (
  `id` bigint unsigned NOT NULL AUTO_INCREMENT,
  `name` varchar(191) COLLATE utf8mb4_unicode_ci NOT NULL,
  `end_date` datetime NOT NULL,
  `status` varchar(60) COLLATE utf8mb4_unicode_ci NOT NULL DEFAULT 'published',
  `created_at` timestamp NULL DEFAULT NULL,
  `updated_at` timestamp NULL DEFAULT NULL,
  PRIMARY KEY (`id`)
) ENGINE=InnoDB AUTO_INCREMENT=2 DEFAULT CHARSET=utf8mb4 COLLATE=utf8mb4_unicode_ci;

--
-- Dumping data for table `ec_flash_sales`
--

INSERT INTO `ec_flash_sales` VALUES (1,'Winter Sale','2024-06-23 00:00:00','published','2024-05-24 04:02:27','2024-05-24 04:02:27');

--
-- Table structure for table `ec_flash_sales_translations`
--

CREATE TABLE `ec_flash_sales_translations` (
  `lang_code` varchar(191) COLLATE utf8mb4_unicode_ci NOT NULL,
  `ec_flash_sales_id` bigint unsigned NOT NULL,
  `name` varchar(191) COLLATE utf8mb4_unicode_ci DEFAULT NULL,
  PRIMARY KEY (`lang_code`,`ec_flash_sales_id`)
) ENGINE=InnoDB DEFAULT CHARSET=utf8mb4 COLLATE=utf8mb4_unicode_ci;

--
-- Dumping data for table `ec_flash_sales_translations`
--


--
-- Table structure for table `ec_global_option_value`
--

CREATE TABLE `ec_global_option_value` (
  `option_id` bigint unsigned NOT NULL COMMENT 'option id',
  `id` bigint unsigned NOT NULL AUTO_INCREMENT,
  `option_value` tinytext COLLATE utf8mb4_unicode_ci COMMENT 'option value',
  `affect_price` double DEFAULT NULL COMMENT 'value of price of this option affect',
  `order` int NOT NULL DEFAULT '9999',
  `affect_type` tinyint NOT NULL DEFAULT '0' COMMENT '0. fixed 1. percent',
  `created_at` timestamp NULL DEFAULT NULL,
  `updated_at` timestamp NULL DEFAULT NULL,
  PRIMARY KEY (`id`)
) ENGINE=InnoDB AUTO_INCREMENT=13 DEFAULT CHARSET=utf8mb4 COLLATE=utf8mb4_unicode_ci;

--
-- Dumping data for table `ec_global_option_value`
--

INSERT INTO `ec_global_option_value` VALUES (1,1,'1 Year',0,9999,0,'2024-05-24 04:02:07','2024-05-24 04:02:07'),(1,2,'2 Year',10,9999,0,'2024-05-24 04:02:07','2024-05-24 04:02:07'),(1,3,'3 Year',20,9999,0,'2024-05-24 04:02:07','2024-05-24 04:02:07'),(2,4,'4GB',0,9999,0,'2024-05-24 04:02:07','2024-05-24 04:02:07'),(2,5,'8GB',10,9999,0,'2024-05-24 04:02:07','2024-05-24 04:02:07'),(2,6,'16GB',20,9999,0,'2024-05-24 04:02:07','2024-05-24 04:02:07'),(3,7,'Core i5',0,9999,0,'2024-05-24 04:02:07','2024-05-24 04:02:07'),(3,8,'Core i7',10,9999,0,'2024-05-24 04:02:07','2024-05-24 04:02:07'),(3,9,'Core i9',20,9999,0,'2024-05-24 04:02:07','2024-05-24 04:02:07'),(4,10,'128GB',0,9999,0,'2024-05-24 04:02:07','2024-05-24 04:02:07'),(4,11,'256GB',10,9999,0,'2024-05-24 04:02:07','2024-05-24 04:02:07'),(4,12,'512GB',20,9999,0,'2024-05-24 04:02:07','2024-05-24 04:02:07');

--
-- Table structure for table `ec_global_option_value_translations`
--

CREATE TABLE `ec_global_option_value_translations` (
  `lang_code` varchar(191) COLLATE utf8mb4_unicode_ci NOT NULL,
  `ec_global_option_value_id` bigint unsigned NOT NULL,
  `option_value` varchar(191) COLLATE utf8mb4_unicode_ci DEFAULT NULL,
  PRIMARY KEY (`lang_code`,`ec_global_option_value_id`)
) ENGINE=InnoDB DEFAULT CHARSET=utf8mb4 COLLATE=utf8mb4_unicode_ci;

--
-- Dumping data for table `ec_global_option_value_translations`
--


--
-- Table structure for table `ec_global_options`
--

CREATE TABLE `ec_global_options` (
  `id` bigint unsigned NOT NULL AUTO_INCREMENT,
  `name` varchar(191) COLLATE utf8mb4_unicode_ci NOT NULL COMMENT 'Name of options',
  `option_type` varchar(191) COLLATE utf8mb4_unicode_ci NOT NULL COMMENT 'option type',
  `required` tinyint(1) NOT NULL DEFAULT '0' COMMENT 'Checked if this option is required',
  `created_at` timestamp NULL DEFAULT NULL,
  `updated_at` timestamp NULL DEFAULT NULL,
  PRIMARY KEY (`id`)
) ENGINE=InnoDB AUTO_INCREMENT=5 DEFAULT CHARSET=utf8mb4 COLLATE=utf8mb4_unicode_ci;

--
-- Dumping data for table `ec_global_options`
--

INSERT INTO `ec_global_options` VALUES (1,'Warranty','Botble\\Ecommerce\\Option\\OptionType\\RadioButton',1,'2024-05-24 04:02:07','2024-05-24 04:02:07'),(2,'RAM','Botble\\Ecommerce\\Option\\OptionType\\RadioButton',1,'2024-05-24 04:02:07','2024-05-24 04:02:07'),(3,'CPU','Botble\\Ecommerce\\Option\\OptionType\\RadioButton',1,'2024-05-24 04:02:07','2024-05-24 04:02:07'),(4,'HDD','Botble\\Ecommerce\\Option\\OptionType\\Dropdown',0,'2024-05-24 04:02:07','2024-05-24 04:02:07');

--
-- Table structure for table `ec_global_options_translations`
--

CREATE TABLE `ec_global_options_translations` (
  `lang_code` varchar(191) COLLATE utf8mb4_unicode_ci NOT NULL,
  `ec_global_options_id` bigint unsigned NOT NULL,
  `name` varchar(191) COLLATE utf8mb4_unicode_ci DEFAULT NULL,
  PRIMARY KEY (`lang_code`,`ec_global_options_id`)
) ENGINE=InnoDB DEFAULT CHARSET=utf8mb4 COLLATE=utf8mb4_unicode_ci;

--
-- Dumping data for table `ec_global_options_translations`
--


--
-- Table structure for table `ec_grouped_products`
--

CREATE TABLE `ec_grouped_products` (
  `id` bigint unsigned NOT NULL AUTO_INCREMENT,
  `parent_product_id` bigint unsigned NOT NULL,
  `product_id` bigint unsigned NOT NULL,
  `fixed_qty` int NOT NULL DEFAULT '1',
  PRIMARY KEY (`id`)
) ENGINE=InnoDB DEFAULT CHARSET=utf8mb4 COLLATE=utf8mb4_unicode_ci;

--
-- Dumping data for table `ec_grouped_products`
--


--
-- Table structure for table `ec_invoice_items`
--

CREATE TABLE `ec_invoice_items` (
  `id` bigint unsigned NOT NULL AUTO_INCREMENT,
  `invoice_id` bigint unsigned NOT NULL,
  `reference_type` varchar(191) COLLATE utf8mb4_unicode_ci NOT NULL,
  `reference_id` bigint unsigned NOT NULL,
  `name` varchar(191) COLLATE utf8mb4_unicode_ci NOT NULL,
  `description` varchar(400) COLLATE utf8mb4_unicode_ci DEFAULT NULL,
  `image` varchar(191) COLLATE utf8mb4_unicode_ci DEFAULT NULL,
  `qty` int unsigned NOT NULL,
  `price` decimal(15,2) NOT NULL DEFAULT '0.00',
  `sub_total` decimal(15,2) unsigned NOT NULL,
  `tax_amount` decimal(15,2) unsigned NOT NULL DEFAULT '0.00',
  `discount_amount` decimal(15,2) unsigned NOT NULL DEFAULT '0.00',
  `amount` decimal(15,2) unsigned NOT NULL,
  `options` text COLLATE utf8mb4_unicode_ci,
  `created_at` timestamp NULL DEFAULT NULL,
  `updated_at` timestamp NULL DEFAULT NULL,
  PRIMARY KEY (`id`),
  KEY `ec_invoice_items_reference_type_reference_id_index` (`reference_type`,`reference_id`)
) ENGINE=InnoDB DEFAULT CHARSET=utf8mb4 COLLATE=utf8mb4_unicode_ci;

--
-- Dumping data for table `ec_invoice_items`
--


--
-- Table structure for table `ec_invoices`
--

CREATE TABLE `ec_invoices` (
  `id` bigint unsigned NOT NULL AUTO_INCREMENT,
  `reference_type` varchar(191) COLLATE utf8mb4_unicode_ci NOT NULL,
  `reference_id` bigint unsigned NOT NULL,
  `code` varchar(191) COLLATE utf8mb4_unicode_ci NOT NULL,
  `customer_name` varchar(191) COLLATE utf8mb4_unicode_ci DEFAULT NULL,
  `company_name` varchar(191) COLLATE utf8mb4_unicode_ci DEFAULT NULL,
  `company_logo` varchar(191) COLLATE utf8mb4_unicode_ci DEFAULT NULL,
  `customer_email` varchar(191) COLLATE utf8mb4_unicode_ci DEFAULT NULL,
  `customer_phone` varchar(191) COLLATE utf8mb4_unicode_ci DEFAULT NULL,
  `customer_address` varchar(191) COLLATE utf8mb4_unicode_ci DEFAULT NULL,
  `customer_tax_id` varchar(191) COLLATE utf8mb4_unicode_ci DEFAULT NULL,
  `sub_total` decimal(15,2) unsigned NOT NULL,
  `tax_amount` decimal(15,2) unsigned NOT NULL DEFAULT '0.00',
  `shipping_amount` decimal(15,2) unsigned NOT NULL DEFAULT '0.00',
  `discount_amount` decimal(15,2) unsigned NOT NULL DEFAULT '0.00',
  `shipping_option` varchar(60) COLLATE utf8mb4_unicode_ci DEFAULT NULL,
  `shipping_method` varchar(60) COLLATE utf8mb4_unicode_ci NOT NULL DEFAULT 'default',
  `coupon_code` varchar(120) COLLATE utf8mb4_unicode_ci DEFAULT NULL,
  `discount_description` varchar(191) COLLATE utf8mb4_unicode_ci DEFAULT NULL,
  `amount` decimal(15,2) unsigned NOT NULL,
  `description` text COLLATE utf8mb4_unicode_ci,
  `payment_id` bigint unsigned DEFAULT NULL,
  `status` varchar(191) COLLATE utf8mb4_unicode_ci NOT NULL DEFAULT 'pending',
  `paid_at` timestamp NULL DEFAULT NULL,
  `created_at` timestamp NULL DEFAULT NULL,
  `updated_at` timestamp NULL DEFAULT NULL,
  PRIMARY KEY (`id`),
  UNIQUE KEY `ec_invoices_code_unique` (`code`),
  KEY `ec_invoices_reference_type_reference_id_index` (`reference_type`,`reference_id`),
  KEY `ec_invoices_payment_id_index` (`payment_id`),
  KEY `ec_invoices_status_index` (`status`)
) ENGINE=InnoDB DEFAULT CHARSET=utf8mb4 COLLATE=utf8mb4_unicode_ci;

--
-- Dumping data for table `ec_invoices`
--


--
-- Table structure for table `ec_option_value`
--

CREATE TABLE `ec_option_value` (
  `option_id` bigint unsigned NOT NULL COMMENT 'option id',
  `id` bigint unsigned NOT NULL AUTO_INCREMENT,
  `option_value` tinytext COLLATE utf8mb4_unicode_ci COMMENT 'option value',
  `affect_price` double DEFAULT NULL COMMENT 'value of price of this option affect',
  `order` int NOT NULL DEFAULT '9999',
  `affect_type` tinyint NOT NULL DEFAULT '0' COMMENT '0. fixed 1. percent',
  `created_at` timestamp NULL DEFAULT NULL,
  `updated_at` timestamp NULL DEFAULT NULL,
  PRIMARY KEY (`id`)
) ENGINE=InnoDB DEFAULT CHARSET=utf8mb4 COLLATE=utf8mb4_unicode_ci;

--
-- Dumping data for table `ec_option_value`
--


--
-- Table structure for table `ec_option_value_translations`
--

CREATE TABLE `ec_option_value_translations` (
  `lang_code` varchar(191) COLLATE utf8mb4_unicode_ci NOT NULL,
  `ec_option_value_id` bigint unsigned NOT NULL,
  `option_value` varchar(191) COLLATE utf8mb4_unicode_ci DEFAULT NULL,
  PRIMARY KEY (`lang_code`,`ec_option_value_id`)
) ENGINE=InnoDB DEFAULT CHARSET=utf8mb4 COLLATE=utf8mb4_unicode_ci;

--
-- Dumping data for table `ec_option_value_translations`
--


--
-- Table structure for table `ec_options`
--

CREATE TABLE `ec_options` (
  `id` bigint unsigned NOT NULL AUTO_INCREMENT,
  `name` varchar(191) COLLATE utf8mb4_unicode_ci NOT NULL COMMENT 'Name of options',
  `option_type` varchar(191) COLLATE utf8mb4_unicode_ci DEFAULT NULL COMMENT 'option type',
  `product_id` bigint unsigned NOT NULL DEFAULT '0',
  `order` int NOT NULL DEFAULT '9999',
  `required` tinyint(1) NOT NULL DEFAULT '0' COMMENT 'Checked if this option is required',
  `created_at` timestamp NULL DEFAULT NULL,
  `updated_at` timestamp NULL DEFAULT NULL,
  PRIMARY KEY (`id`)
) ENGINE=InnoDB DEFAULT CHARSET=utf8mb4 COLLATE=utf8mb4_unicode_ci;

--
-- Dumping data for table `ec_options`
--


--
-- Table structure for table `ec_options_translations`
--

CREATE TABLE `ec_options_translations` (
  `lang_code` varchar(191) COLLATE utf8mb4_unicode_ci NOT NULL,
  `ec_options_id` bigint unsigned NOT NULL,
  `name` varchar(191) COLLATE utf8mb4_unicode_ci DEFAULT NULL,
  PRIMARY KEY (`lang_code`,`ec_options_id`)
) ENGINE=InnoDB DEFAULT CHARSET=utf8mb4 COLLATE=utf8mb4_unicode_ci;

--
-- Dumping data for table `ec_options_translations`
--


--
-- Table structure for table `ec_order_addresses`
--

CREATE TABLE `ec_order_addresses` (
  `id` bigint unsigned NOT NULL AUTO_INCREMENT,
  `name` varchar(191) COLLATE utf8mb4_unicode_ci NOT NULL,
  `phone` varchar(20) COLLATE utf8mb4_unicode_ci DEFAULT NULL,
  `email` varchar(191) COLLATE utf8mb4_unicode_ci DEFAULT NULL,
  `country` varchar(120) COLLATE utf8mb4_unicode_ci DEFAULT NULL,
  `state` varchar(120) COLLATE utf8mb4_unicode_ci DEFAULT NULL,
  `city` varchar(120) COLLATE utf8mb4_unicode_ci DEFAULT NULL,
  `address` varchar(191) COLLATE utf8mb4_unicode_ci DEFAULT NULL,
  `order_id` bigint unsigned NOT NULL,
  `zip_code` varchar(20) COLLATE utf8mb4_unicode_ci DEFAULT NULL,
  `type` varchar(60) COLLATE utf8mb4_unicode_ci NOT NULL DEFAULT 'shipping_address',
  PRIMARY KEY (`id`)
) ENGINE=InnoDB DEFAULT CHARSET=utf8mb4 COLLATE=utf8mb4_unicode_ci;

--
-- Dumping data for table `ec_order_addresses`
--


--
-- Table structure for table `ec_order_histories`
--

CREATE TABLE `ec_order_histories` (
  `id` bigint unsigned NOT NULL AUTO_INCREMENT,
  `action` varchar(120) COLLATE utf8mb4_unicode_ci NOT NULL,
  `description` varchar(400) COLLATE utf8mb4_unicode_ci DEFAULT NULL,
  `user_id` bigint unsigned DEFAULT NULL,
  `order_id` bigint unsigned NOT NULL,
  `extras` text COLLATE utf8mb4_unicode_ci,
  `created_at` timestamp NULL DEFAULT NULL,
  `updated_at` timestamp NULL DEFAULT NULL,
  PRIMARY KEY (`id`)
) ENGINE=InnoDB DEFAULT CHARSET=utf8mb4 COLLATE=utf8mb4_unicode_ci;

--
-- Dumping data for table `ec_order_histories`
--


--
-- Table structure for table `ec_order_product`
--

CREATE TABLE `ec_order_product` (
  `id` bigint unsigned NOT NULL AUTO_INCREMENT,
  `order_id` bigint unsigned NOT NULL,
  `qty` int NOT NULL,
  `price` decimal(15,2) NOT NULL,
  `tax_amount` decimal(15,2) NOT NULL,
  `options` text COLLATE utf8mb4_unicode_ci,
  `product_options` text COLLATE utf8mb4_unicode_ci COMMENT 'product option data',
  `product_id` bigint unsigned DEFAULT NULL,
  `product_name` varchar(191) COLLATE utf8mb4_unicode_ci NOT NULL,
  `product_image` varchar(191) COLLATE utf8mb4_unicode_ci DEFAULT NULL,
  `weight` double(8,2) DEFAULT '0.00',
  `restock_quantity` int unsigned DEFAULT '0',
  `created_at` timestamp NULL DEFAULT NULL,
  `updated_at` timestamp NULL DEFAULT NULL,
  `product_type` varchar(60) COLLATE utf8mb4_unicode_ci NOT NULL DEFAULT 'physical',
  `times_downloaded` int NOT NULL DEFAULT '0',
  `license_code` char(36) COLLATE utf8mb4_unicode_ci DEFAULT NULL,
  PRIMARY KEY (`id`)
) ENGINE=InnoDB DEFAULT CHARSET=utf8mb4 COLLATE=utf8mb4_unicode_ci;

--
-- Dumping data for table `ec_order_product`
--


--
-- Table structure for table `ec_order_referrals`
--

CREATE TABLE `ec_order_referrals` (
  `id` bigint unsigned NOT NULL AUTO_INCREMENT,
  `ip` varchar(39) COLLATE utf8mb4_unicode_ci DEFAULT NULL,
  `landing_domain` varchar(191) COLLATE utf8mb4_unicode_ci DEFAULT NULL,
  `landing_page` varchar(191) COLLATE utf8mb4_unicode_ci DEFAULT NULL,
  `landing_params` varchar(191) COLLATE utf8mb4_unicode_ci DEFAULT NULL,
  `referral` varchar(191) COLLATE utf8mb4_unicode_ci DEFAULT NULL,
  `gclid` varchar(191) COLLATE utf8mb4_unicode_ci DEFAULT NULL,
  `fclid` varchar(191) COLLATE utf8mb4_unicode_ci DEFAULT NULL,
  `utm_source` varchar(191) COLLATE utf8mb4_unicode_ci DEFAULT NULL,
  `utm_campaign` varchar(191) COLLATE utf8mb4_unicode_ci DEFAULT NULL,
  `utm_medium` varchar(191) COLLATE utf8mb4_unicode_ci DEFAULT NULL,
  `utm_term` varchar(191) COLLATE utf8mb4_unicode_ci DEFAULT NULL,
  `utm_content` varchar(191) COLLATE utf8mb4_unicode_ci DEFAULT NULL,
  `referrer_url` text COLLATE utf8mb4_unicode_ci,
  `referrer_domain` varchar(191) COLLATE utf8mb4_unicode_ci DEFAULT NULL,
  `order_id` bigint unsigned DEFAULT NULL,
  `created_at` timestamp NULL DEFAULT NULL,
  `updated_at` timestamp NULL DEFAULT NULL,
  PRIMARY KEY (`id`),
  KEY `ec_order_referrals_order_id_index` (`order_id`)
) ENGINE=InnoDB DEFAULT CHARSET=utf8mb4 COLLATE=utf8mb4_unicode_ci;

--
-- Dumping data for table `ec_order_referrals`
--


--
-- Table structure for table `ec_order_return_histories`
--

CREATE TABLE `ec_order_return_histories` (
  `id` bigint unsigned NOT NULL AUTO_INCREMENT,
  `user_id` bigint unsigned DEFAULT NULL,
  `order_return_id` bigint unsigned NOT NULL,
  `action` varchar(191) COLLATE utf8mb4_unicode_ci NOT NULL,
  `description` varchar(400) COLLATE utf8mb4_unicode_ci DEFAULT NULL,
  `reason` varchar(191) COLLATE utf8mb4_unicode_ci DEFAULT NULL,
  `created_at` timestamp NULL DEFAULT NULL,
  `updated_at` timestamp NULL DEFAULT NULL,
  PRIMARY KEY (`id`)
) ENGINE=InnoDB DEFAULT CHARSET=utf8mb4 COLLATE=utf8mb4_unicode_ci;

--
-- Dumping data for table `ec_order_return_histories`
--


--
-- Table structure for table `ec_order_return_items`
--

CREATE TABLE `ec_order_return_items` (
  `id` bigint unsigned NOT NULL AUTO_INCREMENT,
  `order_return_id` bigint unsigned NOT NULL COMMENT 'Order return id',
  `order_product_id` bigint unsigned NOT NULL COMMENT 'Order product id',
  `product_id` bigint unsigned NOT NULL COMMENT 'Product id',
  `product_name` varchar(191) COLLATE utf8mb4_unicode_ci NOT NULL,
  `product_image` varchar(191) COLLATE utf8mb4_unicode_ci DEFAULT NULL,
  `qty` int NOT NULL COMMENT 'Quantity return',
  `price` decimal(15,2) NOT NULL COMMENT 'Price Product',
  `reason` text COLLATE utf8mb4_unicode_ci,
  `created_at` timestamp NULL DEFAULT NULL,
  `updated_at` timestamp NULL DEFAULT NULL,
  `refund_amount` decimal(12,2) DEFAULT '0.00',
  PRIMARY KEY (`id`)
) ENGINE=InnoDB DEFAULT CHARSET=utf8mb4 COLLATE=utf8mb4_unicode_ci;

--
-- Dumping data for table `ec_order_return_items`
--


--
-- Table structure for table `ec_order_returns`
--

CREATE TABLE `ec_order_returns` (
  `id` bigint unsigned NOT NULL AUTO_INCREMENT,
  `code` varchar(191) COLLATE utf8mb4_unicode_ci DEFAULT NULL,
  `order_id` bigint unsigned NOT NULL COMMENT 'Order ID',
  `store_id` bigint unsigned DEFAULT NULL COMMENT 'Store ID',
  `user_id` bigint unsigned NOT NULL COMMENT 'Customer ID',
  `reason` text COLLATE utf8mb4_unicode_ci COMMENT 'Reason return order',
  `order_status` varchar(191) COLLATE utf8mb4_unicode_ci DEFAULT NULL COMMENT 'Order current status',
  `return_status` varchar(191) COLLATE utf8mb4_unicode_ci NOT NULL COMMENT 'Return status',
  `created_at` timestamp NULL DEFAULT NULL,
  `updated_at` timestamp NULL DEFAULT NULL,
  PRIMARY KEY (`id`),
  UNIQUE KEY `ec_order_returns_code_unique` (`code`)
) ENGINE=InnoDB DEFAULT CHARSET=utf8mb4 COLLATE=utf8mb4_unicode_ci;

--
-- Dumping data for table `ec_order_returns`
--


--
-- Table structure for table `ec_order_tax_information`
--

CREATE TABLE `ec_order_tax_information` (
  `id` bigint unsigned NOT NULL AUTO_INCREMENT,
  `order_id` bigint unsigned NOT NULL,
  `company_name` varchar(120) COLLATE utf8mb4_unicode_ci NOT NULL,
  `company_address` varchar(191) COLLATE utf8mb4_unicode_ci NOT NULL,
  `company_tax_code` varchar(20) COLLATE utf8mb4_unicode_ci NOT NULL,
  `company_email` varchar(60) COLLATE utf8mb4_unicode_ci NOT NULL,
  `created_at` timestamp NULL DEFAULT NULL,
  `updated_at` timestamp NULL DEFAULT NULL,
  PRIMARY KEY (`id`),
  KEY `ec_order_tax_information_order_id_index` (`order_id`)
) ENGINE=InnoDB DEFAULT CHARSET=utf8mb4 COLLATE=utf8mb4_unicode_ci;

--
-- Dumping data for table `ec_order_tax_information`
--


--
-- Table structure for table `ec_product_attribute_sets`
--

CREATE TABLE `ec_product_attribute_sets` (
  `id` bigint unsigned NOT NULL AUTO_INCREMENT,
  `title` varchar(120) COLLATE utf8mb4_unicode_ci NOT NULL,
  `slug` varchar(120) COLLATE utf8mb4_unicode_ci DEFAULT NULL,
  `display_layout` varchar(191) COLLATE utf8mb4_unicode_ci NOT NULL DEFAULT 'swatch_dropdown',
  `is_searchable` tinyint unsigned NOT NULL DEFAULT '1',
  `is_comparable` tinyint unsigned NOT NULL DEFAULT '1',
  `is_use_in_product_listing` tinyint unsigned NOT NULL DEFAULT '0',
  `status` varchar(60) COLLATE utf8mb4_unicode_ci NOT NULL DEFAULT 'published',
  `order` tinyint unsigned NOT NULL DEFAULT '0',
  `created_at` timestamp NULL DEFAULT NULL,
  `updated_at` timestamp NULL DEFAULT NULL,
  `use_image_from_product_variation` tinyint unsigned NOT NULL DEFAULT '0',
  PRIMARY KEY (`id`)
) ENGINE=InnoDB AUTO_INCREMENT=5 DEFAULT CHARSET=utf8mb4 COLLATE=utf8mb4_unicode_ci;

--
-- Dumping data for table `ec_product_attribute_sets`
--

INSERT INTO `ec_product_attribute_sets` VALUES (1,'Color','color','visual',1,1,1,'published',0,'2024-05-24 04:02:07','2024-05-24 04:02:07',0),(2,'Size','size','text',1,1,1,'published',1,'2024-05-24 04:02:07','2024-05-24 04:02:07',0),(3,'Weight','weight','text',1,1,1,'published',0,'2024-05-24 04:02:07','2024-05-24 04:02:07',0),(4,'Boxes','boxes','text',1,1,1,'published',1,'2024-05-24 04:02:07','2024-05-24 04:02:07',0);

--
-- Table structure for table `ec_product_attribute_sets_translations`
--

CREATE TABLE `ec_product_attribute_sets_translations` (
  `lang_code` varchar(191) COLLATE utf8mb4_unicode_ci NOT NULL,
  `ec_product_attribute_sets_id` bigint unsigned NOT NULL,
  `title` varchar(191) COLLATE utf8mb4_unicode_ci DEFAULT NULL,
  PRIMARY KEY (`lang_code`,`ec_product_attribute_sets_id`)
) ENGINE=InnoDB DEFAULT CHARSET=utf8mb4 COLLATE=utf8mb4_unicode_ci;

--
-- Dumping data for table `ec_product_attribute_sets_translations`
--


--
-- Table structure for table `ec_product_attributes`
--

CREATE TABLE `ec_product_attributes` (
  `id` bigint unsigned NOT NULL AUTO_INCREMENT,
  `attribute_set_id` bigint unsigned NOT NULL,
  `title` varchar(120) COLLATE utf8mb4_unicode_ci NOT NULL,
  `slug` varchar(120) COLLATE utf8mb4_unicode_ci DEFAULT NULL,
  `color` varchar(50) COLLATE utf8mb4_unicode_ci DEFAULT NULL,
  `image` varchar(191) COLLATE utf8mb4_unicode_ci DEFAULT NULL,
  `is_default` tinyint unsigned NOT NULL DEFAULT '0',
  `order` tinyint unsigned NOT NULL DEFAULT '0',
  `created_at` timestamp NULL DEFAULT NULL,
  `updated_at` timestamp NULL DEFAULT NULL,
  PRIMARY KEY (`id`),
  KEY `attribute_set_status_index` (`attribute_set_id`)
) ENGINE=InnoDB AUTO_INCREMENT=21 DEFAULT CHARSET=utf8mb4 COLLATE=utf8mb4_unicode_ci;

--
-- Dumping data for table `ec_product_attributes`
--

INSERT INTO `ec_product_attributes` VALUES (1,1,'Green','green','#5FB7D4',NULL,1,1,'2024-05-24 04:02:07','2024-05-24 04:02:07'),(2,1,'Blue','blue','#333333',NULL,0,2,'2024-05-24 04:02:07','2024-05-24 04:02:07'),(3,1,'Red','red','#DA323F',NULL,0,3,'2024-05-24 04:02:07','2024-05-24 04:02:07'),(4,1,'Black','black','#2F366C',NULL,0,4,'2024-05-24 04:02:07','2024-05-24 04:02:07'),(5,1,'Brown','brown','#87554B',NULL,0,5,'2024-05-24 04:02:07','2024-05-24 04:02:07'),(6,2,'S','s',NULL,NULL,1,1,'2024-05-24 04:02:07','2024-05-24 04:02:07'),(7,2,'M','m',NULL,NULL,0,2,'2024-05-24 04:02:07','2024-05-24 04:02:07'),(8,2,'L','l',NULL,NULL,0,3,'2024-05-24 04:02:07','2024-05-24 04:02:07'),(9,2,'XL','xl',NULL,NULL,0,4,'2024-05-24 04:02:07','2024-05-24 04:02:07'),(10,2,'XXL','xxl',NULL,NULL,0,5,'2024-05-24 04:02:07','2024-05-24 04:02:07'),(11,3,'1KG','1kg',NULL,NULL,1,1,'2024-05-24 04:02:07','2024-05-24 04:02:07'),(12,3,'2KG','2kg',NULL,NULL,0,2,'2024-05-24 04:02:07','2024-05-24 04:02:07'),(13,3,'3KG','3kg',NULL,NULL,0,3,'2024-05-24 04:02:07','2024-05-24 04:02:07'),(14,3,'4KG','4kg',NULL,NULL,0,4,'2024-05-24 04:02:07','2024-05-24 04:02:07'),(15,3,'5KG','5kg',NULL,NULL,0,5,'2024-05-24 04:02:07','2024-05-24 04:02:07'),(16,4,'1 Box','1-box',NULL,NULL,1,1,'2024-05-24 04:02:07','2024-05-24 04:02:07'),(17,4,'2 Boxes','2-boxes',NULL,NULL,0,2,'2024-05-24 04:02:07','2024-05-24 04:02:07'),(18,4,'3 Boxes','3-boxes',NULL,NULL,0,3,'2024-05-24 04:02:07','2024-05-24 04:02:07'),(19,4,'4 Boxes','4-boxes',NULL,NULL,0,4,'2024-05-24 04:02:07','2024-05-24 04:02:07'),(20,4,'5 Boxes','5-boxes',NULL,NULL,0,5,'2024-05-24 04:02:07','2024-05-24 04:02:07');

--
-- Table structure for table `ec_product_attributes_translations`
--

CREATE TABLE `ec_product_attributes_translations` (
  `lang_code` varchar(191) COLLATE utf8mb4_unicode_ci NOT NULL,
  `ec_product_attributes_id` bigint unsigned NOT NULL,
  `title` varchar(191) COLLATE utf8mb4_unicode_ci DEFAULT NULL,
  PRIMARY KEY (`lang_code`,`ec_product_attributes_id`)
) ENGINE=InnoDB DEFAULT CHARSET=utf8mb4 COLLATE=utf8mb4_unicode_ci;

--
-- Dumping data for table `ec_product_attributes_translations`
--


--
-- Table structure for table `ec_product_categories`
--

CREATE TABLE `ec_product_categories` (
  `id` bigint unsigned NOT NULL AUTO_INCREMENT,
  `name` varchar(191) COLLATE utf8mb4_unicode_ci NOT NULL,
  `parent_id` bigint unsigned NOT NULL DEFAULT '0',
  `description` mediumtext COLLATE utf8mb4_unicode_ci,
  `status` varchar(60) COLLATE utf8mb4_unicode_ci NOT NULL DEFAULT 'published',
  `order` int unsigned NOT NULL DEFAULT '0',
  `image` varchar(191) COLLATE utf8mb4_unicode_ci DEFAULT NULL,
  `is_featured` tinyint unsigned NOT NULL DEFAULT '0',
  `created_at` timestamp NULL DEFAULT NULL,
  `updated_at` timestamp NULL DEFAULT NULL,
  `icon` varchar(191) COLLATE utf8mb4_unicode_ci DEFAULT NULL,
  `icon_image` varchar(191) COLLATE utf8mb4_unicode_ci DEFAULT NULL,
  PRIMARY KEY (`id`),
  KEY `ec_product_categories_parent_id_status_created_at_index` (`parent_id`,`status`,`created_at`),
  KEY `ec_product_categories_parent_id_status_index` (`parent_id`,`status`)
) ENGINE=InnoDB AUTO_INCREMENT=84 DEFAULT CHARSET=utf8mb4 COLLATE=utf8mb4_unicode_ci;

--
-- Dumping data for table `ec_product_categories`
--

INSERT INTO `ec_product_categories` VALUES (1,'Fruits & Vegetables',0,NULL,'published',0,'product-categories/1.png',1,'2024-05-24 04:02:07','2024-05-24 04:02:07','icon-star',NULL),(2,'Fruits',1,NULL,'published',0,NULL,0,'2024-05-24 04:02:07','2024-05-24 04:02:07',NULL,NULL),(3,'Apples',2,NULL,'published',0,NULL,0,'2024-05-24 04:02:07','2024-05-24 04:02:07',NULL,NULL),(4,'Bananas',2,NULL,'published',1,NULL,0,'2024-05-24 04:02:07','2024-05-24 04:02:07',NULL,NULL),(5,'Berries',2,NULL,'published',2,NULL,0,'2024-05-24 04:02:07','2024-05-24 04:02:07',NULL,NULL),(6,'Oranges & Easy Peelers',2,NULL,'published',3,NULL,0,'2024-05-24 04:02:07','2024-05-24 04:02:07',NULL,NULL),(7,'Grapes',2,NULL,'published',4,NULL,0,'2024-05-24 04:02:07','2024-05-24 04:02:07',NULL,NULL),(8,'Lemons & Limes',2,NULL,'published',5,NULL,0,'2024-05-24 04:02:07','2024-05-24 04:02:07',NULL,NULL),(9,'Peaches & Nectarines',2,NULL,'published',6,NULL,0,'2024-05-24 04:02:07','2024-05-24 04:02:07',NULL,NULL),(10,'Pears',2,NULL,'published',7,NULL,0,'2024-05-24 04:02:07','2024-05-24 04:02:07',NULL,NULL),(11,'Melon',2,NULL,'published',8,NULL,0,'2024-05-24 04:02:07','2024-05-24 04:02:07',NULL,NULL),(12,'Avocados',2,NULL,'published',9,NULL,0,'2024-05-24 04:02:07','2024-05-24 04:02:07',NULL,NULL),(13,'Plums & Apricots',2,NULL,'published',10,NULL,0,'2024-05-24 04:02:07','2024-05-24 04:02:07',NULL,NULL),(14,'Vegetables',1,NULL,'published',1,NULL,0,'2024-05-24 04:02:07','2024-05-24 04:02:07',NULL,NULL),(15,'Potatoes',14,NULL,'published',0,NULL,0,'2024-05-24 04:02:07','2024-05-24 04:02:07',NULL,NULL),(16,'Carrots & Root Vegetables',14,NULL,'published',1,NULL,0,'2024-05-24 04:02:07','2024-05-24 04:02:07',NULL,NULL),(17,'Broccoli & Cauliflower',14,NULL,'published',2,NULL,0,'2024-05-24 04:02:07','2024-05-24 04:02:07',NULL,NULL),(18,'Cabbage, Spinach & Greens',14,NULL,'published',3,NULL,0,'2024-05-24 04:02:07','2024-05-24 04:02:07',NULL,NULL),(19,'Onions, Leeks & Garlic',14,NULL,'published',4,NULL,0,'2024-05-24 04:02:07','2024-05-24 04:02:07',NULL,NULL),(20,'Mushrooms',14,NULL,'published',5,NULL,0,'2024-05-24 04:02:07','2024-05-24 04:02:07',NULL,NULL),(21,'Tomatoes',14,NULL,'published',6,NULL,0,'2024-05-24 04:02:07','2024-05-24 04:02:07',NULL,NULL),(22,'Beans, Peas & Sweetcorn',14,NULL,'published',7,NULL,0,'2024-05-24 04:02:07','2024-05-24 04:02:07',NULL,NULL),(23,'Freshly Drink Orange Juice',14,NULL,'published',8,NULL,0,'2024-05-24 04:02:07','2024-05-24 04:02:07',NULL,NULL),(24,'Breads Sweets',0,NULL,'published',1,'product-categories/2.png',1,'2024-05-24 04:02:07','2024-05-24 04:02:07','icon-bread',NULL),(25,'Crisps, Snacks & Nuts',24,NULL,'published',0,NULL,0,'2024-05-24 04:02:07','2024-05-24 04:02:07',NULL,NULL),(26,'Crisps & Popcorn',25,NULL,'published',0,NULL,0,'2024-05-24 04:02:07','2024-05-24 04:02:07',NULL,NULL),(27,'Nuts & Seeds',25,NULL,'published',1,NULL,0,'2024-05-24 04:02:07','2024-05-24 04:02:07',NULL,NULL),(28,'Lighter Options',25,NULL,'published',2,NULL,0,'2024-05-24 04:02:07','2024-05-24 04:02:07',NULL,NULL),(29,'Cereal Bars',25,NULL,'published',3,NULL,0,'2024-05-24 04:02:07','2024-05-24 04:02:07',NULL,NULL),(30,'Breadsticks & Pretzels',25,NULL,'published',4,NULL,0,'2024-05-24 04:02:07','2024-05-24 04:02:07',NULL,NULL),(31,'Fruit Snacking',25,NULL,'published',5,NULL,0,'2024-05-24 04:02:07','2024-05-24 04:02:07',NULL,NULL),(32,'Rice & Corn Cakes',25,NULL,'published',6,NULL,0,'2024-05-24 04:02:07','2024-05-24 04:02:07',NULL,NULL),(33,'Protein & Energy Snacks',25,NULL,'published',7,NULL,0,'2024-05-24 04:02:07','2024-05-24 04:02:07',NULL,NULL),(34,'Toddler Snacks',25,NULL,'published',8,NULL,0,'2024-05-24 04:02:07','2024-05-24 04:02:07',NULL,NULL),(35,'Meat Snacks',25,NULL,'published',9,NULL,0,'2024-05-24 04:02:07','2024-05-24 04:02:07',NULL,NULL),(36,'Beans',25,NULL,'published',10,NULL,0,'2024-05-24 04:02:07','2024-05-24 04:02:07',NULL,NULL),(37,'Lentils',25,NULL,'published',11,NULL,0,'2024-05-24 04:02:07','2024-05-24 04:02:07',NULL,NULL),(38,'Chickpeas',25,NULL,'published',12,NULL,0,'2024-05-24 04:02:07','2024-05-24 04:02:07',NULL,NULL),(39,'Tins & Cans',24,NULL,'published',1,NULL,0,'2024-05-24 04:02:07','2024-05-24 04:02:07',NULL,NULL),(40,'Tomatoes',39,NULL,'published',0,NULL,0,'2024-05-24 04:02:07','2024-05-24 04:02:07',NULL,NULL),(41,'Baked Beans, Spaghetti',39,NULL,'published',1,NULL,0,'2024-05-24 04:02:07','2024-05-24 04:02:07',NULL,NULL),(42,'Fish',39,NULL,'published',2,NULL,0,'2024-05-24 04:02:07','2024-05-24 04:02:07',NULL,NULL),(43,'Beans & Pulses',39,NULL,'published',3,NULL,0,'2024-05-24 04:02:07','2024-05-24 04:02:07',NULL,NULL),(44,'Fruit',39,NULL,'published',4,NULL,0,'2024-05-24 04:02:07','2024-05-24 04:02:07',NULL,NULL),(45,'Coconut Milk & Cream',39,NULL,'published',5,NULL,0,'2024-05-24 04:02:07','2024-05-24 04:02:07',NULL,NULL),(46,'Lighter Options',39,NULL,'published',6,NULL,0,'2024-05-24 04:02:07','2024-05-24 04:02:07',NULL,NULL),(47,'Olives',39,NULL,'published',7,NULL,0,'2024-05-24 04:02:07','2024-05-24 04:02:07',NULL,NULL),(48,'Sweetcorn',39,NULL,'published',8,NULL,0,'2024-05-24 04:02:07','2024-05-24 04:02:07',NULL,NULL),(49,'Carrots',39,NULL,'published',9,NULL,0,'2024-05-24 04:02:07','2024-05-24 04:02:07',NULL,NULL),(50,'Peas',39,NULL,'published',10,NULL,0,'2024-05-24 04:02:07','2024-05-24 04:02:07',NULL,NULL),(51,'Mixed Vegetables',39,NULL,'published',11,NULL,0,'2024-05-24 04:02:07','2024-05-24 04:02:07',NULL,NULL),(52,'Frozen Seafoods',0,NULL,'published',2,'product-categories/3.png',1,'2024-05-24 04:02:07','2024-05-24 04:02:07','icon-hamburger',NULL),(53,'Raw Meats',0,NULL,'published',3,'product-categories/4.png',1,'2024-05-24 04:02:07','2024-05-24 04:02:07','icon-steak',NULL),(54,'Wines & Alcohol Drinks',0,NULL,'published',4,'product-categories/5.png',1,'2024-05-24 04:02:07','2024-05-24 04:02:07','icon-glass',NULL),(55,'Ready Meals',54,NULL,'published',0,NULL,0,'2024-05-24 04:02:07','2024-05-24 04:02:07',NULL,NULL),(56,'Meals for 1',55,NULL,'published',0,NULL,0,'2024-05-24 04:02:07','2024-05-24 04:02:07',NULL,NULL),(57,'Meals for 2',55,NULL,'published',1,NULL,0,'2024-05-24 04:02:07','2024-05-24 04:02:07',NULL,NULL),(58,'Indian',55,NULL,'published',2,NULL,0,'2024-05-24 04:02:07','2024-05-24 04:02:07',NULL,NULL),(59,'Italian',55,NULL,'published',3,NULL,0,'2024-05-24 04:02:07','2024-05-24 04:02:07',NULL,NULL),(60,'Chinese',55,NULL,'published',4,NULL,0,'2024-05-24 04:02:07','2024-05-24 04:02:07',NULL,NULL),(61,'Traditional British',55,NULL,'published',5,NULL,0,'2024-05-24 04:02:07','2024-05-24 04:02:07',NULL,NULL),(62,'Thai & Oriental',55,NULL,'published',6,NULL,0,'2024-05-24 04:02:07','2024-05-24 04:02:07',NULL,NULL),(63,'Mediterranean & Moroccan',55,NULL,'published',7,NULL,0,'2024-05-24 04:02:07','2024-05-24 04:02:07',NULL,NULL),(64,'Mexican & Caribbean',55,NULL,'published',8,NULL,0,'2024-05-24 04:02:07','2024-05-24 04:02:07',NULL,NULL),(65,'Lighter Meals',55,NULL,'published',9,NULL,0,'2024-05-24 04:02:07','2024-05-24 04:02:07',NULL,NULL),(66,'Lunch & Veg Pots',55,NULL,'published',10,NULL,0,'2024-05-24 04:02:07','2024-05-24 04:02:07',NULL,NULL),(67,'Salad & Herbs',54,NULL,'published',1,NULL,0,'2024-05-24 04:02:07','2024-05-24 04:02:07',NULL,NULL),(68,'Salad Bags',67,NULL,'published',0,NULL,0,'2024-05-24 04:02:07','2024-05-24 04:02:07',NULL,NULL),(69,'Cucumber',67,NULL,'published',1,NULL,0,'2024-05-24 04:02:07','2024-05-24 04:02:07',NULL,NULL),(70,'Tomatoes',67,NULL,'published',2,NULL,0,'2024-05-24 04:02:07','2024-05-24 04:02:07',NULL,NULL),(71,'Lettuce',67,NULL,'published',3,NULL,0,'2024-05-24 04:02:07','2024-05-24 04:02:07',NULL,NULL),(72,'Lunch Salad Bowls',67,NULL,'published',4,NULL,0,'2024-05-24 04:02:07','2024-05-24 04:02:07',NULL,NULL),(73,'Lunch Salad Bowls',67,NULL,'published',5,NULL,0,'2024-05-24 04:02:07','2024-05-24 04:02:07',NULL,NULL),(74,'Fresh Herbs',67,NULL,'published',6,NULL,0,'2024-05-24 04:02:07','2024-05-24 04:02:07',NULL,NULL),(75,'Avocados',67,NULL,'published',7,NULL,0,'2024-05-24 04:02:07','2024-05-24 04:02:07',NULL,NULL),(76,'Peppers',67,NULL,'published',8,NULL,0,'2024-05-24 04:02:07','2024-05-24 04:02:07',NULL,NULL),(77,'Coleslaw & Potato Salad',67,NULL,'published',9,NULL,0,'2024-05-24 04:02:07','2024-05-24 04:02:07',NULL,NULL),(78,'Spring Onions',67,NULL,'published',10,NULL,0,'2024-05-24 04:02:07','2024-05-24 04:02:07',NULL,NULL),(79,'Chilli, Ginger & Garlic',67,NULL,'published',11,NULL,0,'2024-05-24 04:02:07','2024-05-24 04:02:07',NULL,NULL),(80,'Tea & Coffee',0,NULL,'published',5,'product-categories/6.png',1,'2024-05-24 04:02:07','2024-05-24 04:02:07','icon-teacup',NULL),(81,'Milks and Dairies',0,NULL,'published',6,'product-categories/7.png',1,'2024-05-24 04:02:07','2024-05-24 04:02:07','icon-coffee-cup',NULL),(82,'Pet Foods',0,NULL,'published',7,'product-categories/8.png',1,'2024-05-24 04:02:07','2024-05-24 04:02:07','icon-hotdog',NULL),(83,'Food Cupboard',0,NULL,'published',8,'product-categories/1.png',1,'2024-05-24 04:02:07','2024-05-24 04:02:07','icon-cheese',NULL);

--
-- Table structure for table `ec_product_categories_translations`
--

CREATE TABLE `ec_product_categories_translations` (
  `lang_code` varchar(191) COLLATE utf8mb4_unicode_ci NOT NULL,
  `ec_product_categories_id` bigint unsigned NOT NULL,
  `name` varchar(191) COLLATE utf8mb4_unicode_ci DEFAULT NULL,
  `description` mediumtext COLLATE utf8mb4_unicode_ci,
  PRIMARY KEY (`lang_code`,`ec_product_categories_id`)
) ENGINE=InnoDB DEFAULT CHARSET=utf8mb4 COLLATE=utf8mb4_unicode_ci;

--
-- Dumping data for table `ec_product_categories_translations`
--


--
-- Table structure for table `ec_product_categorizables`
--

CREATE TABLE `ec_product_categorizables` (
  `category_id` bigint unsigned NOT NULL,
  `reference_id` bigint unsigned NOT NULL,
  `reference_type` varchar(120) COLLATE utf8mb4_unicode_ci NOT NULL,
  PRIMARY KEY (`category_id`,`reference_id`,`reference_type`),
  KEY `ec_product_categorizables_category_id_index` (`category_id`),
  KEY `ec_product_categorizables_reference_id_index` (`reference_id`),
  KEY `ec_product_categorizables_reference_type_index` (`reference_type`)
) ENGINE=InnoDB DEFAULT CHARSET=utf8mb4 COLLATE=utf8mb4_unicode_ci;

--
-- Dumping data for table `ec_product_categorizables`
--


--
-- Table structure for table `ec_product_category_product`
--

CREATE TABLE `ec_product_category_product` (
  `category_id` bigint unsigned NOT NULL,
  `product_id` bigint unsigned NOT NULL,
  PRIMARY KEY (`product_id`,`category_id`),
  KEY `ec_product_category_product_category_id_index` (`category_id`),
  KEY `ec_product_category_product_product_id_index` (`product_id`)
) ENGINE=InnoDB DEFAULT CHARSET=utf8mb4 COLLATE=utf8mb4_unicode_ci;

--
-- Dumping data for table `ec_product_category_product`
--

INSERT INTO `ec_product_category_product` VALUES (1,53),(1,58),(2,48),(3,4),(3,10),(3,11),(3,54),(4,4),(4,20),(4,48),(4,56),(5,6),(5,33),(5,40),(5,55),(6,1),(6,23),(6,57),(7,22),(9,8),(9,21),(9,29),(10,47),(11,21),(11,22),(11,37),(12,15),(12,21),(12,28),(13,39),(14,22),(14,42),(14,63),(15,13),(16,49),(17,3),(17,32),(17,47),(18,7),(18,38),(18,41),(18,43),(18,44),(19,22),(20,1),(20,9),(20,13),(20,16),(21,24),(21,52),(22,50),(22,52),(23,5),(23,26),(23,48),(24,19),(24,42),(24,46),(24,61),(24,65),(25,45),(25,47),(25,58),(26,2),(26,6),(26,15),(26,21),(26,30),(27,35),(27,36),(27,38),(27,45),(27,54),(28,29),(28,36),(28,41),(28,57),(29,5),(29,7),(29,41),(29,64),(30,14),(30,34),(30,62),(31,16),(31,51),(31,54),(32,24),(32,33),(32,57),(32,61),(33,12),(33,18),(33,42),(33,44),(34,28),(34,42),(34,59),(35,44),(35,56),(36,18),(36,19),(36,20),(36,23),(36,62),(37,5),(37,10),(37,13),(37,24),(37,38),(37,44),(37,49),(38,18),(38,51),(38,57),(39,16),(39,46),(39,62),(40,17),(40,32),(41,61),(41,65),(42,30),(42,40),(42,63),(43,2),(43,40),(43,65),(44,29),(44,46),(44,50),(45,14),(45,32),(45,47),(46,2),(46,31),(46,51),(46,58),(47,11),(47,53),(48,60),(49,37),(49,64),(50,14),(50,24),(50,26),(50,29),(50,36),(51,5),(51,17),(52,16),(52,20),(52,26),(53,10),(53,28),(53,33),(54,31),(54,37),(55,26),(55,43),(55,56),(56,27),(56,35),(56,43),(56,48),(56,60),(57,6),(57,14),(57,35),(57,59),(58,45),(58,60),(59,30),(59,31),(59,39),(59,58),(60,7),(60,11),(60,20),(60,34),(60,53),(60,55),(61,1),(61,8),(61,13),(61,27),(61,34),(61,55),(61,60),(62,4),(62,56),(63,8),(63,23),(63,33),(64,3),(65,17),(65,25),(65,28),(66,6),(66,63),(67,3),(67,37),(67,39),(67,45),(68,19),(68,25),(68,43),(69,35),(70,3),(70,9),(70,19),(71,8),(71,27),(71,55),(72,12),(72,15),(72,39),(72,52),(72,61),(73,17),(73,31),(73,34),(73,36),(73,46),(73,49),(73,62),(73,63),(74,9),(74,38),(74,50),(75,1),(75,23),(75,59),(76,15),(76,25),(77,12),(77,64),(78,4),(78,52),(78,54),(78,59),(78,64),(79,7),(79,10),(79,12),(79,27),(79,51),(80,18),(80,32),(80,53),(81,25),(81,40),(81,41),(82,2),(82,30),(82,49),(83,9),(83,11),(83,50),(83,65);

--
-- Table structure for table `ec_product_collection_products`
--

CREATE TABLE `ec_product_collection_products` (
  `product_collection_id` bigint unsigned NOT NULL,
  `product_id` bigint unsigned NOT NULL,
  PRIMARY KEY (`product_id`,`product_collection_id`),
  KEY `ec_product_collection_products_product_collection_id_index` (`product_collection_id`),
  KEY `ec_product_collection_products_product_id_index` (`product_id`)
) ENGINE=InnoDB DEFAULT CHARSET=utf8mb4 COLLATE=utf8mb4_unicode_ci;

--
-- Dumping data for table `ec_product_collection_products`
--

INSERT INTO `ec_product_collection_products` VALUES (1,1),(1,3),(1,5),(1,6),(1,7),(1,8),(1,10),(1,12),(1,13),(1,16),(1,18),(1,20),(1,23),(1,24),(1,25),(1,33),(1,35),(1,36),(1,37),(1,40),(1,42),(1,43),(1,44),(1,45),(1,48),(1,49),(1,50),(1,52),(1,55),(1,56),(1,57),(1,58),(1,59),(1,60),(1,63),(1,64),(1,65),(2,11),(2,14),(2,15),(2,19),(2,21),(2,22),(2,26),(2,28),(2,29),(2,30),(2,31),(2,38),(2,39),(2,41),(2,53),(2,61),(2,62),(3,2),(3,4),(3,9),(3,17),(3,27),(3,32),(3,34),(3,46),(3,47),(3,51),(3,54);

--
-- Table structure for table `ec_product_collections`
--

CREATE TABLE `ec_product_collections` (
  `id` bigint unsigned NOT NULL AUTO_INCREMENT,
  `name` varchar(191) COLLATE utf8mb4_unicode_ci NOT NULL,
  `slug` varchar(191) COLLATE utf8mb4_unicode_ci NOT NULL,
  `description` varchar(400) COLLATE utf8mb4_unicode_ci DEFAULT NULL,
  `image` varchar(191) COLLATE utf8mb4_unicode_ci DEFAULT NULL,
  `status` varchar(60) COLLATE utf8mb4_unicode_ci NOT NULL DEFAULT 'published',
  `created_at` timestamp NULL DEFAULT NULL,
  `updated_at` timestamp NULL DEFAULT NULL,
  `is_featured` tinyint unsigned NOT NULL DEFAULT '0',
  PRIMARY KEY (`id`)
) ENGINE=InnoDB AUTO_INCREMENT=4 DEFAULT CHARSET=utf8mb4 COLLATE=utf8mb4_unicode_ci;

--
-- Dumping data for table `ec_product_collections`
--

INSERT INTO `ec_product_collections` VALUES (1,'New Arrival','new-arrival',NULL,NULL,'published','2024-05-24 04:02:07','2024-05-24 04:02:07',0),(2,'Best Sellers','best-sellers',NULL,NULL,'published','2024-05-24 04:02:07','2024-05-24 04:02:07',0),(3,'Special Offer','special-offer',NULL,NULL,'published','2024-05-24 04:02:07','2024-05-24 04:02:07',0);

--
-- Table structure for table `ec_product_collections_translations`
--

CREATE TABLE `ec_product_collections_translations` (
  `lang_code` varchar(191) COLLATE utf8mb4_unicode_ci NOT NULL,
  `ec_product_collections_id` bigint unsigned NOT NULL,
  `name` varchar(191) COLLATE utf8mb4_unicode_ci DEFAULT NULL,
  `description` varchar(400) COLLATE utf8mb4_unicode_ci DEFAULT NULL,
  PRIMARY KEY (`lang_code`,`ec_product_collections_id`)
) ENGINE=InnoDB DEFAULT CHARSET=utf8mb4 COLLATE=utf8mb4_unicode_ci;

--
-- Dumping data for table `ec_product_collections_translations`
--


--
-- Table structure for table `ec_product_cross_sale_relations`
--

CREATE TABLE `ec_product_cross_sale_relations` (
  `from_product_id` bigint unsigned NOT NULL,
  `to_product_id` bigint unsigned NOT NULL,
  `is_variant` tinyint(1) NOT NULL DEFAULT '0',
  `price` decimal(15,2) DEFAULT '0.00',
  `price_type` varchar(191) COLLATE utf8mb4_unicode_ci NOT NULL DEFAULT 'fixed',
  `apply_to_all_variations` tinyint(1) NOT NULL DEFAULT '1',
  PRIMARY KEY (`from_product_id`,`to_product_id`),
  KEY `ec_product_cross_sale_relations_from_product_id_index` (`from_product_id`),
  KEY `ec_product_cross_sale_relations_to_product_id_index` (`to_product_id`)
) ENGINE=InnoDB DEFAULT CHARSET=utf8mb4 COLLATE=utf8mb4_unicode_ci;

--
-- Dumping data for table `ec_product_cross_sale_relations`
--

INSERT INTO `ec_product_cross_sale_relations` VALUES (1,15,0,0.00,'fixed',1),(1,20,0,0.00,'fixed',1),(1,22,0,0.00,'fixed',1),(1,46,0,0.00,'fixed',1),(1,53,0,0.00,'fixed',1),(1,60,0,0.00,'fixed',1),(1,62,0,0.00,'fixed',1),(2,20,0,0.00,'fixed',1),(2,24,0,0.00,'fixed',1),(2,26,0,0.00,'fixed',1),(2,28,0,0.00,'fixed',1),(2,33,0,0.00,'fixed',1),(2,36,0,0.00,'fixed',1),(2,56,0,0.00,'fixed',1),(3,4,0,0.00,'fixed',1),(3,31,0,0.00,'fixed',1),(3,33,0,0.00,'fixed',1),(3,37,0,0.00,'fixed',1),(3,54,0,0.00,'fixed',1),(3,55,0,0.00,'fixed',1),(3,64,0,0.00,'fixed',1),(4,3,0,0.00,'fixed',1),(4,9,0,0.00,'fixed',1),(4,10,0,0.00,'fixed',1),(4,24,0,0.00,'fixed',1),(4,34,0,0.00,'fixed',1),(4,46,0,0.00,'fixed',1),(4,64,0,0.00,'fixed',1),(5,11,0,0.00,'fixed',1),(5,18,0,0.00,'fixed',1),(5,19,0,0.00,'fixed',1),(5,21,0,0.00,'fixed',1),(5,30,0,0.00,'fixed',1),(5,45,0,0.00,'fixed',1),(5,59,0,0.00,'fixed',1),(6,1,0,0.00,'fixed',1),(6,3,0,0.00,'fixed',1),(6,7,0,0.00,'fixed',1),(6,13,0,0.00,'fixed',1),(6,16,0,0.00,'fixed',1),(6,34,0,0.00,'fixed',1),(6,53,0,0.00,'fixed',1),(7,5,0,0.00,'fixed',1),(7,29,0,0.00,'fixed',1),(7,32,0,0.00,'fixed',1),(7,37,0,0.00,'fixed',1),(7,53,0,0.00,'fixed',1),(7,61,0,0.00,'fixed',1),(7,65,0,0.00,'fixed',1),(8,9,0,0.00,'fixed',1),(8,23,0,0.00,'fixed',1),(8,31,0,0.00,'fixed',1),(8,39,0,0.00,'fixed',1),(8,46,0,0.00,'fixed',1),(8,48,0,0.00,'fixed',1),(8,61,0,0.00,'fixed',1),(9,7,0,0.00,'fixed',1),(9,10,0,0.00,'fixed',1),(9,21,0,0.00,'fixed',1),(9,25,0,0.00,'fixed',1),(9,44,0,0.00,'fixed',1),(9,45,0,0.00,'fixed',1),(9,46,0,0.00,'fixed',1),(10,4,0,0.00,'fixed',1),(10,5,0,0.00,'fixed',1),(10,9,0,0.00,'fixed',1),(10,24,0,0.00,'fixed',1),(10,34,0,0.00,'fixed',1),(10,44,0,0.00,'fixed',1),(10,55,0,0.00,'fixed',1),(11,2,0,0.00,'fixed',1),(11,3,0,0.00,'fixed',1),(11,32,0,0.00,'fixed',1),(11,39,0,0.00,'fixed',1),(11,46,0,0.00,'fixed',1),(11,49,0,0.00,'fixed',1),(12,3,0,0.00,'fixed',1),(12,15,0,0.00,'fixed',1),(12,46,0,0.00,'fixed',1),(12,49,0,0.00,'fixed',1),(12,51,0,0.00,'fixed',1),(12,53,0,0.00,'fixed',1),(12,56,0,0.00,'fixed',1),(13,8,0,0.00,'fixed',1),(13,24,0,0.00,'fixed',1),(13,30,0,0.00,'fixed',1),(13,37,0,0.00,'fixed',1),(13,39,0,0.00,'fixed',1),(13,50,0,0.00,'fixed',1),(13,61,0,0.00,'fixed',1),(14,13,0,0.00,'fixed',1),(14,15,0,0.00,'fixed',1),(14,21,0,0.00,'fixed',1),(14,22,0,0.00,'fixed',1),(14,30,0,0.00,'fixed',1),(14,35,0,0.00,'fixed',1),(15,3,0,0.00,'fixed',1),(15,9,0,0.00,'fixed',1),(15,28,0,0.00,'fixed',1),(15,47,0,0.00,'fixed',1),(15,49,0,0.00,'fixed',1),(15,59,0,0.00,'fixed',1),(15,63,0,0.00,'fixed',1),(16,6,0,0.00,'fixed',1),(16,9,0,0.00,'fixed',1),(16,30,0,0.00,'fixed',1),(16,41,0,0.00,'fixed',1),(16,46,0,0.00,'fixed',1),(16,64,0,0.00,'fixed',1),(16,65,0,0.00,'fixed',1),(17,5,0,0.00,'fixed',1),(17,12,0,0.00,'fixed',1),(17,18,0,0.00,'fixed',1),(17,56,0,0.00,'fixed',1),(17,57,0,0.00,'fixed',1),(17,64,0,0.00,'fixed',1),(18,17,0,0.00,'fixed',1),(18,24,0,0.00,'fixed',1),(18,32,0,0.00,'fixed',1),(18,38,0,0.00,'fixed',1),(18,51,0,0.00,'fixed',1),(18,55,0,0.00,'fixed',1),(18,57,0,0.00,'fixed',1),(19,5,0,0.00,'fixed',1),(19,18,0,0.00,'fixed',1),(19,30,0,0.00,'fixed',1),(19,39,0,0.00,'fixed',1),(19,40,0,0.00,'fixed',1),(19,45,0,0.00,'fixed',1),(19,58,0,0.00,'fixed',1),(20,9,0,0.00,'fixed',1),(20,15,0,0.00,'fixed',1),(20,22,0,0.00,'fixed',1),(20,25,0,0.00,'fixed',1),(20,38,0,0.00,'fixed',1),(20,39,0,0.00,'fixed',1),(20,41,0,0.00,'fixed',1),(21,1,0,0.00,'fixed',1),(21,5,0,0.00,'fixed',1),(21,8,0,0.00,'fixed',1),(21,16,0,0.00,'fixed',1),(21,17,0,0.00,'fixed',1),(21,26,0,0.00,'fixed',1),(21,36,0,0.00,'fixed',1),(22,8,0,0.00,'fixed',1),(22,21,0,0.00,'fixed',1),(22,25,0,0.00,'fixed',1),(22,30,0,0.00,'fixed',1),(22,51,0,0.00,'fixed',1),(22,62,0,0.00,'fixed',1),(23,4,0,0.00,'fixed',1),(23,45,0,0.00,'fixed',1),(23,48,0,0.00,'fixed',1),(23,53,0,0.00,'fixed',1),(23,63,0,0.00,'fixed',1),(23,64,0,0.00,'fixed',1),(24,25,0,0.00,'fixed',1),(24,28,0,0.00,'fixed',1),(24,31,0,0.00,'fixed',1),(24,41,0,0.00,'fixed',1),(24,55,0,0.00,'fixed',1),(24,57,0,0.00,'fixed',1),(24,65,0,0.00,'fixed',1),(25,1,0,0.00,'fixed',1),(25,12,0,0.00,'fixed',1),(25,18,0,0.00,'fixed',1),(25,44,0,0.00,'fixed',1),(25,46,0,0.00,'fixed',1),(25,59,0,0.00,'fixed',1),(25,60,0,0.00,'fixed',1),(26,8,0,0.00,'fixed',1),(26,9,0,0.00,'fixed',1),(26,13,0,0.00,'fixed',1),(26,29,0,0.00,'fixed',1),(26,54,0,0.00,'fixed',1),(26,62,0,0.00,'fixed',1),(27,2,0,0.00,'fixed',1),(27,3,0,0.00,'fixed',1),(27,28,0,0.00,'fixed',1),(27,41,0,0.00,'fixed',1),(27,43,0,0.00,'fixed',1),(27,48,0,0.00,'fixed',1),(27,59,0,0.00,'fixed',1),(28,2,0,0.00,'fixed',1),(28,6,0,0.00,'fixed',1),(28,18,0,0.00,'fixed',1),(28,46,0,0.00,'fixed',1),(28,47,0,0.00,'fixed',1),(28,63,0,0.00,'fixed',1),(28,64,0,0.00,'fixed',1),(29,3,0,0.00,'fixed',1),(29,14,0,0.00,'fixed',1),(29,21,0,0.00,'fixed',1),(29,32,0,0.00,'fixed',1),(29,36,0,0.00,'fixed',1),(29,43,0,0.00,'fixed',1),(29,64,0,0.00,'fixed',1),(30,1,0,0.00,'fixed',1),(30,23,0,0.00,'fixed',1),(30,34,0,0.00,'fixed',1),(30,49,0,0.00,'fixed',1),(30,60,0,0.00,'fixed',1),(30,64,0,0.00,'fixed',1),(31,1,0,0.00,'fixed',1),(31,12,0,0.00,'fixed',1),(31,26,0,0.00,'fixed',1),(31,27,0,0.00,'fixed',1),(31,37,0,0.00,'fixed',1),(31,50,0,0.00,'fixed',1),(31,59,0,0.00,'fixed',1),(32,12,0,0.00,'fixed',1),(32,23,0,0.00,'fixed',1),(32,31,0,0.00,'fixed',1),(32,45,0,0.00,'fixed',1),(32,47,0,0.00,'fixed',1),(32,48,0,0.00,'fixed',1),(32,62,0,0.00,'fixed',1),(33,2,0,0.00,'fixed',1),(33,12,0,0.00,'fixed',1),(33,22,0,0.00,'fixed',1),(33,29,0,0.00,'fixed',1),(33,34,0,0.00,'fixed',1),(33,39,0,0.00,'fixed',1),(33,53,0,0.00,'fixed',1),(34,3,0,0.00,'fixed',1),(34,6,0,0.00,'fixed',1),(34,16,0,0.00,'fixed',1),(34,17,0,0.00,'fixed',1),(34,31,0,0.00,'fixed',1),(34,40,0,0.00,'fixed',1),(35,14,0,0.00,'fixed',1),(35,21,0,0.00,'fixed',1),(35,29,0,0.00,'fixed',1),(35,30,0,0.00,'fixed',1),(35,36,0,0.00,'fixed',1),(35,51,0,0.00,'fixed',1),(35,59,0,0.00,'fixed',1),(36,6,0,0.00,'fixed',1),(36,8,0,0.00,'fixed',1),(36,9,0,0.00,'fixed',1),(36,11,0,0.00,'fixed',1),(36,24,0,0.00,'fixed',1),(36,26,0,0.00,'fixed',1),(36,46,0,0.00,'fixed',1),(37,3,0,0.00,'fixed',1),(37,8,0,0.00,'fixed',1),(37,12,0,0.00,'fixed',1),(37,26,0,0.00,'fixed',1),(37,35,0,0.00,'fixed',1),(37,55,0,0.00,'fixed',1),(37,61,0,0.00,'fixed',1),(38,1,0,0.00,'fixed',1),(38,6,0,0.00,'fixed',1),(38,8,0,0.00,'fixed',1),(38,11,0,0.00,'fixed',1),(38,30,0,0.00,'fixed',1),(38,36,0,0.00,'fixed',1),(38,60,0,0.00,'fixed',1),(39,19,0,0.00,'fixed',1),(39,30,0,0.00,'fixed',1),(39,42,0,0.00,'fixed',1),(39,44,0,0.00,'fixed',1),(39,54,0,0.00,'fixed',1),(39,62,0,0.00,'fixed',1),(40,14,0,0.00,'fixed',1),(40,16,0,0.00,'fixed',1),(40,20,0,0.00,'fixed',1),(40,37,0,0.00,'fixed',1),(40,39,0,0.00,'fixed',1),(40,48,0,0.00,'fixed',1),(40,61,0,0.00,'fixed',1),(41,12,0,0.00,'fixed',1),(41,21,0,0.00,'fixed',1),(41,25,0,0.00,'fixed',1),(41,26,0,0.00,'fixed',1),(41,33,0,0.00,'fixed',1),(41,36,0,0.00,'fixed',1),(41,53,0,0.00,'fixed',1),(42,23,0,0.00,'fixed',1),(42,24,0,0.00,'fixed',1),(42,38,0,0.00,'fixed',1),(42,45,0,0.00,'fixed',1),(42,49,0,0.00,'fixed',1),(42,62,0,0.00,'fixed',1),(43,6,0,0.00,'fixed',1),(43,15,0,0.00,'fixed',1),(43,19,0,0.00,'fixed',1),(43,28,0,0.00,'fixed',1),(43,44,0,0.00,'fixed',1),(43,61,0,0.00,'fixed',1),(44,7,0,0.00,'fixed',1),(44,9,0,0.00,'fixed',1),(44,12,0,0.00,'fixed',1),(44,23,0,0.00,'fixed',1),(44,33,0,0.00,'fixed',1),(44,42,0,0.00,'fixed',1),(44,43,0,0.00,'fixed',1),(45,1,0,0.00,'fixed',1),(45,10,0,0.00,'fixed',1),(45,11,0,0.00,'fixed',1),(45,23,0,0.00,'fixed',1),(45,27,0,0.00,'fixed',1),(45,48,0,0.00,'fixed',1),(45,58,0,0.00,'fixed',1),(46,17,0,0.00,'fixed',1),(46,26,0,0.00,'fixed',1),(46,36,0,0.00,'fixed',1),(46,39,0,0.00,'fixed',1),(46,40,0,0.00,'fixed',1),(46,50,0,0.00,'fixed',1),(46,61,0,0.00,'fixed',1),(47,9,0,0.00,'fixed',1),(47,11,0,0.00,'fixed',1),(47,32,0,0.00,'fixed',1),(47,33,0,0.00,'fixed',1),(47,40,0,0.00,'fixed',1),(47,49,0,0.00,'fixed',1),(47,50,0,0.00,'fixed',1),(48,5,0,0.00,'fixed',1),(48,16,0,0.00,'fixed',1),(48,35,0,0.00,'fixed',1),(48,37,0,0.00,'fixed',1),(48,58,0,0.00,'fixed',1),(48,59,0,0.00,'fixed',1),(48,62,0,0.00,'fixed',1),(49,16,0,0.00,'fixed',1),(49,22,0,0.00,'fixed',1),(49,51,0,0.00,'fixed',1),(49,53,0,0.00,'fixed',1),(49,54,0,0.00,'fixed',1),(49,55,0,0.00,'fixed',1),(49,62,0,0.00,'fixed',1),(50,18,0,0.00,'fixed',1),(50,22,0,0.00,'fixed',1),(50,31,0,0.00,'fixed',1),(50,33,0,0.00,'fixed',1),(50,61,0,0.00,'fixed',1),(50,62,0,0.00,'fixed',1),(51,6,0,0.00,'fixed',1),(51,15,0,0.00,'fixed',1),(51,21,0,0.00,'fixed',1),(51,31,0,0.00,'fixed',1),(51,41,0,0.00,'fixed',1),(51,42,0,0.00,'fixed',1),(51,49,0,0.00,'fixed',1),(52,1,0,0.00,'fixed',1),(52,8,0,0.00,'fixed',1),(52,18,0,0.00,'fixed',1),(52,25,0,0.00,'fixed',1),(52,27,0,0.00,'fixed',1),(52,28,0,0.00,'fixed',1),(52,29,0,0.00,'fixed',1),(53,2,0,0.00,'fixed',1),(53,8,0,0.00,'fixed',1),(53,25,0,0.00,'fixed',1),(53,30,0,0.00,'fixed',1),(53,54,0,0.00,'fixed',1),(53,60,0,0.00,'fixed',1),(54,2,0,0.00,'fixed',1),(54,30,0,0.00,'fixed',1),(54,32,0,0.00,'fixed',1),(54,35,0,0.00,'fixed',1),(54,46,0,0.00,'fixed',1),(54,49,0,0.00,'fixed',1),(54,52,0,0.00,'fixed',1),(55,3,0,0.00,'fixed',1),(55,10,0,0.00,'fixed',1),(55,17,0,0.00,'fixed',1),(55,43,0,0.00,'fixed',1),(55,47,0,0.00,'fixed',1),(55,49,0,0.00,'fixed',1),(56,12,0,0.00,'fixed',1),(56,21,0,0.00,'fixed',1),(56,25,0,0.00,'fixed',1),(56,34,0,0.00,'fixed',1),(56,36,0,0.00,'fixed',1),(56,37,0,0.00,'fixed',1),(56,64,0,0.00,'fixed',1),(57,2,0,0.00,'fixed',1),(57,25,0,0.00,'fixed',1),(57,26,0,0.00,'fixed',1),(57,27,0,0.00,'fixed',1),(57,28,0,0.00,'fixed',1),(57,54,0,0.00,'fixed',1),(57,55,0,0.00,'fixed',1),(58,5,0,0.00,'fixed',1),(58,10,0,0.00,'fixed',1),(58,19,0,0.00,'fixed',1),(58,21,0,0.00,'fixed',1),(58,51,0,0.00,'fixed',1),(58,56,0,0.00,'fixed',1),(58,65,0,0.00,'fixed',1),(59,6,0,0.00,'fixed',1),(59,15,0,0.00,'fixed',1),(59,19,0,0.00,'fixed',1),(59,22,0,0.00,'fixed',1),(59,24,0,0.00,'fixed',1),(59,26,0,0.00,'fixed',1),(59,34,0,0.00,'fixed',1),(60,9,0,0.00,'fixed',1),(60,17,0,0.00,'fixed',1),(60,35,0,0.00,'fixed',1),(60,38,0,0.00,'fixed',1),(60,44,0,0.00,'fixed',1),(60,61,0,0.00,'fixed',1),(60,63,0,0.00,'fixed',1),(61,14,0,0.00,'fixed',1),(61,15,0,0.00,'fixed',1),(61,22,0,0.00,'fixed',1),(61,27,0,0.00,'fixed',1),(61,32,0,0.00,'fixed',1),(61,34,0,0.00,'fixed',1),(61,37,0,0.00,'fixed',1),(62,16,0,0.00,'fixed',1),(62,23,0,0.00,'fixed',1),(62,26,0,0.00,'fixed',1),(62,43,0,0.00,'fixed',1),(62,44,0,0.00,'fixed',1),(62,45,0,0.00,'fixed',1),(62,49,0,0.00,'fixed',1),(63,1,0,0.00,'fixed',1),(63,25,0,0.00,'fixed',1),(63,37,0,0.00,'fixed',1),(63,41,0,0.00,'fixed',1),(63,48,0,0.00,'fixed',1),(63,50,0,0.00,'fixed',1),(63,55,0,0.00,'fixed',1),(64,4,0,0.00,'fixed',1),(64,12,0,0.00,'fixed',1),(64,18,0,0.00,'fixed',1),(64,21,0,0.00,'fixed',1),(64,28,0,0.00,'fixed',1),(64,36,0,0.00,'fixed',1),(64,45,0,0.00,'fixed',1),(65,5,0,0.00,'fixed',1),(65,6,0,0.00,'fixed',1),(65,29,0,0.00,'fixed',1),(65,42,0,0.00,'fixed',1),(65,47,0,0.00,'fixed',1),(65,58,0,0.00,'fixed',1);

--
-- Table structure for table `ec_product_files`
--

CREATE TABLE `ec_product_files` (
  `id` bigint unsigned NOT NULL AUTO_INCREMENT,
  `product_id` bigint unsigned DEFAULT NULL,
  `url` varchar(400) COLLATE utf8mb4_unicode_ci DEFAULT NULL,
  `extras` mediumtext COLLATE utf8mb4_unicode_ci,
  `created_at` timestamp NULL DEFAULT NULL,
  `updated_at` timestamp NULL DEFAULT NULL,
  PRIMARY KEY (`id`),
  KEY `ec_product_files_product_id_index` (`product_id`)
) ENGINE=InnoDB AUTO_INCREMENT=57 DEFAULT CHARSET=utf8mb4 COLLATE=utf8mb4_unicode_ci;

--
-- Dumping data for table `ec_product_files`
--

INSERT INTO `ec_product_files` VALUES (1,4,'ecommerce/digital-product-files/4.jpg','{\"filename\":\"4.jpg\",\"url\":\"ecommerce\\/digital-product-files\\/4.jpg\",\"mime_type\":\"image\\/jpeg\",\"size\":9803,\"modified\":\"2024-05-24 11:02:27\",\"name\":\"4\",\"extension\":\"jpg\"}','2024-05-24 04:02:27','2024-05-24 04:02:27'),(2,4,'ecommerce/digital-product-files/4-1.jpg','{\"filename\":\"4-1.jpg\",\"url\":\"ecommerce\\/digital-product-files\\/4-1.jpg\",\"mime_type\":\"image\\/jpeg\",\"size\":9803,\"modified\":\"2024-05-24 11:02:27\",\"name\":\"4-1\",\"extension\":\"jpg\"}','2024-05-24 04:02:27','2024-05-24 04:02:27'),(3,8,'ecommerce/digital-product-files/8.jpg','{\"filename\":\"8.jpg\",\"url\":\"ecommerce\\/digital-product-files\\/8.jpg\",\"mime_type\":\"image\\/jpeg\",\"size\":9803,\"modified\":\"2024-05-24 11:02:27\",\"name\":\"8\",\"extension\":\"jpg\"}','2024-05-24 04:02:27','2024-05-24 04:02:27'),(4,8,'ecommerce/digital-product-files/8-1.jpg','{\"filename\":\"8-1.jpg\",\"url\":\"ecommerce\\/digital-product-files\\/8-1.jpg\",\"mime_type\":\"image\\/jpeg\",\"size\":9803,\"modified\":\"2024-05-24 11:02:27\",\"name\":\"8-1\",\"extension\":\"jpg\"}','2024-05-24 04:02:27','2024-05-24 04:02:27'),(5,12,'ecommerce/digital-product-files/12.jpg','{\"filename\":\"12.jpg\",\"url\":\"ecommerce\\/digital-product-files\\/12.jpg\",\"mime_type\":\"image\\/jpeg\",\"size\":9803,\"modified\":\"2024-05-24 11:02:27\",\"name\":\"12\",\"extension\":\"jpg\"}','2024-05-24 04:02:27','2024-05-24 04:02:27'),(6,12,'ecommerce/digital-product-files/12-1.jpg','{\"filename\":\"12-1.jpg\",\"url\":\"ecommerce\\/digital-product-files\\/12-1.jpg\",\"mime_type\":\"image\\/jpeg\",\"size\":9803,\"modified\":\"2024-05-24 11:02:27\",\"name\":\"12-1\",\"extension\":\"jpg\"}','2024-05-24 04:02:27','2024-05-24 04:02:27'),(7,16,'ecommerce/digital-product-files/16.jpg','{\"filename\":\"16.jpg\",\"url\":\"ecommerce\\/digital-product-files\\/16.jpg\",\"mime_type\":\"image\\/jpeg\",\"size\":9803,\"modified\":\"2024-05-24 11:02:27\",\"name\":\"16\",\"extension\":\"jpg\"}','2024-05-24 04:02:27','2024-05-24 04:02:27'),(8,20,'ecommerce/digital-product-files/20.jpg','{\"filename\":\"20.jpg\",\"url\":\"ecommerce\\/digital-product-files\\/20.jpg\",\"mime_type\":\"image\\/jpeg\",\"size\":9803,\"modified\":\"2024-05-24 11:02:27\",\"name\":\"20\",\"extension\":\"jpg\"}','2024-05-24 04:02:27','2024-05-24 04:02:27'),(9,20,'ecommerce/digital-product-files/20-1.jpg','{\"filename\":\"20-1.jpg\",\"url\":\"ecommerce\\/digital-product-files\\/20-1.jpg\",\"mime_type\":\"image\\/jpeg\",\"size\":9803,\"modified\":\"2024-05-24 11:02:27\",\"name\":\"20-1\",\"extension\":\"jpg\"}','2024-05-24 04:02:27','2024-05-24 04:02:27'),(10,24,'ecommerce/digital-product-files/24.jpg','{\"filename\":\"24.jpg\",\"url\":\"ecommerce\\/digital-product-files\\/24.jpg\",\"mime_type\":\"image\\/jpeg\",\"size\":9803,\"modified\":\"2024-05-24 11:02:27\",\"name\":\"24\",\"extension\":\"jpg\"}','2024-05-24 04:02:27','2024-05-24 04:02:27'),(11,24,'ecommerce/digital-product-files/24-1.jpg','{\"filename\":\"24-1.jpg\",\"url\":\"ecommerce\\/digital-product-files\\/24-1.jpg\",\"mime_type\":\"image\\/jpeg\",\"size\":9803,\"modified\":\"2024-05-24 11:02:27\",\"name\":\"24-1\",\"extension\":\"jpg\"}','2024-05-24 04:02:27','2024-05-24 04:02:27'),(12,28,'ecommerce/digital-product-files/28.jpg','{\"filename\":\"28.jpg\",\"url\":\"ecommerce\\/digital-product-files\\/28.jpg\",\"mime_type\":\"image\\/jpeg\",\"size\":9803,\"modified\":\"2024-05-24 11:02:27\",\"name\":\"28\",\"extension\":\"jpg\"}','2024-05-24 04:02:27','2024-05-24 04:02:27'),(13,28,'ecommerce/digital-product-files/28-1.jpg','{\"filename\":\"28-1.jpg\",\"url\":\"ecommerce\\/digital-product-files\\/28-1.jpg\",\"mime_type\":\"image\\/jpeg\",\"size\":9803,\"modified\":\"2024-05-24 11:02:27\",\"name\":\"28-1\",\"extension\":\"jpg\"}','2024-05-24 04:02:27','2024-05-24 04:02:27'),(14,32,'ecommerce/digital-product-files/32.jpg','{\"filename\":\"32.jpg\",\"url\":\"ecommerce\\/digital-product-files\\/32.jpg\",\"mime_type\":\"image\\/jpeg\",\"size\":9803,\"modified\":\"2024-05-24 11:02:27\",\"name\":\"32\",\"extension\":\"jpg\"}','2024-05-24 04:02:27','2024-05-24 04:02:27'),(15,32,'ecommerce/digital-product-files/32-1.jpg','{\"filename\":\"32-1.jpg\",\"url\":\"ecommerce\\/digital-product-files\\/32-1.jpg\",\"mime_type\":\"image\\/jpeg\",\"size\":9803,\"modified\":\"2024-05-24 11:02:27\",\"name\":\"32-1\",\"extension\":\"jpg\"}','2024-05-24 04:02:27','2024-05-24 04:02:27'),(16,36,'ecommerce/digital-product-files/36.jpg','{\"filename\":\"36.jpg\",\"url\":\"ecommerce\\/digital-product-files\\/36.jpg\",\"mime_type\":\"image\\/jpeg\",\"size\":9803,\"modified\":\"2024-05-24 11:02:27\",\"name\":\"36\",\"extension\":\"jpg\"}','2024-05-24 04:02:27','2024-05-24 04:02:27'),(17,36,'ecommerce/digital-product-files/36-1.jpg','{\"filename\":\"36-1.jpg\",\"url\":\"ecommerce\\/digital-product-files\\/36-1.jpg\",\"mime_type\":\"image\\/jpeg\",\"size\":9803,\"modified\":\"2024-05-24 11:02:27\",\"name\":\"36-1\",\"extension\":\"jpg\"}','2024-05-24 04:02:27','2024-05-24 04:02:27'),(18,40,'ecommerce/digital-product-files/40.jpg','{\"filename\":\"40.jpg\",\"url\":\"ecommerce\\/digital-product-files\\/40.jpg\",\"mime_type\":\"image\\/jpeg\",\"size\":9803,\"modified\":\"2024-05-24 11:02:27\",\"name\":\"40\",\"extension\":\"jpg\"}','2024-05-24 04:02:27','2024-05-24 04:02:27'),(19,40,'ecommerce/digital-product-files/40-1.jpg','{\"filename\":\"40-1.jpg\",\"url\":\"ecommerce\\/digital-product-files\\/40-1.jpg\",\"mime_type\":\"image\\/jpeg\",\"size\":9803,\"modified\":\"2024-05-24 11:02:27\",\"name\":\"40-1\",\"extension\":\"jpg\"}','2024-05-24 04:02:27','2024-05-24 04:02:27'),(20,44,'ecommerce/digital-product-files/44.jpg','{\"filename\":\"44.jpg\",\"url\":\"ecommerce\\/digital-product-files\\/44.jpg\",\"mime_type\":\"image\\/jpeg\",\"size\":9803,\"modified\":\"2024-05-24 11:02:27\",\"name\":\"44\",\"extension\":\"jpg\"}','2024-05-24 04:02:27','2024-05-24 04:02:27'),(21,44,'ecommerce/digital-product-files/44-1.jpg','{\"filename\":\"44-1.jpg\",\"url\":\"ecommerce\\/digital-product-files\\/44-1.jpg\",\"mime_type\":\"image\\/jpeg\",\"size\":9803,\"modified\":\"2024-05-24 11:02:27\",\"name\":\"44-1\",\"extension\":\"jpg\"}','2024-05-24 04:02:27','2024-05-24 04:02:27'),(22,48,'ecommerce/digital-product-files/48.jpg','{\"filename\":\"48.jpg\",\"url\":\"ecommerce\\/digital-product-files\\/48.jpg\",\"mime_type\":\"image\\/jpeg\",\"size\":9803,\"modified\":\"2024-05-24 11:02:27\",\"name\":\"48\",\"extension\":\"jpg\"}','2024-05-24 04:02:27','2024-05-24 04:02:27'),(23,48,'ecommerce/digital-product-files/48-1.jpg','{\"filename\":\"48-1.jpg\",\"url\":\"ecommerce\\/digital-product-files\\/48-1.jpg\",\"mime_type\":\"image\\/jpeg\",\"size\":9803,\"modified\":\"2024-05-24 11:02:27\",\"name\":\"48-1\",\"extension\":\"jpg\"}','2024-05-24 04:02:27','2024-05-24 04:02:27'),(24,52,'ecommerce/digital-product-files/52.jpg','{\"filename\":\"52.jpg\",\"url\":\"ecommerce\\/digital-product-files\\/52.jpg\",\"mime_type\":\"image\\/jpeg\",\"size\":9803,\"modified\":\"2024-05-24 11:02:27\",\"name\":\"52\",\"extension\":\"jpg\"}','2024-05-24 04:02:27','2024-05-24 04:02:27'),(25,52,'ecommerce/digital-product-files/52-1.jpg','{\"filename\":\"52-1.jpg\",\"url\":\"ecommerce\\/digital-product-files\\/52-1.jpg\",\"mime_type\":\"image\\/jpeg\",\"size\":9803,\"modified\":\"2024-05-24 11:02:27\",\"name\":\"52-1\",\"extension\":\"jpg\"}','2024-05-24 04:02:27','2024-05-24 04:02:27'),(26,56,'ecommerce/digital-product-files/56.jpg','{\"filename\":\"56.jpg\",\"url\":\"ecommerce\\/digital-product-files\\/56.jpg\",\"mime_type\":\"image\\/jpeg\",\"size\":9803,\"modified\":\"2024-05-24 11:02:27\",\"name\":\"56\",\"extension\":\"jpg\"}','2024-05-24 04:02:27','2024-05-24 04:02:27'),(27,56,'ecommerce/digital-product-files/56-1.jpg','{\"filename\":\"56-1.jpg\",\"url\":\"ecommerce\\/digital-product-files\\/56-1.jpg\",\"mime_type\":\"image\\/jpeg\",\"size\":9803,\"modified\":\"2024-05-24 11:02:27\",\"name\":\"56-1\",\"extension\":\"jpg\"}','2024-05-24 04:02:27','2024-05-24 04:02:27'),(28,60,'ecommerce/digital-product-files/60.jpg','{\"filename\":\"60.jpg\",\"url\":\"ecommerce\\/digital-product-files\\/60.jpg\",\"mime_type\":\"image\\/jpeg\",\"size\":9803,\"modified\":\"2024-05-24 11:02:27\",\"name\":\"60\",\"extension\":\"jpg\"}','2024-05-24 04:02:27','2024-05-24 04:02:27'),(29,60,'ecommerce/digital-product-files/60-1.jpg','{\"filename\":\"60-1.jpg\",\"url\":\"ecommerce\\/digital-product-files\\/60-1.jpg\",\"mime_type\":\"image\\/jpeg\",\"size\":9803,\"modified\":\"2024-05-24 11:02:27\",\"name\":\"60-1\",\"extension\":\"jpg\"}','2024-05-24 04:02:27','2024-05-24 04:02:27'),(30,64,'ecommerce/digital-product-files/64.jpg','{\"filename\":\"64.jpg\",\"url\":\"ecommerce\\/digital-product-files\\/64.jpg\",\"mime_type\":\"image\\/jpeg\",\"size\":9803,\"modified\":\"2024-05-24 11:02:27\",\"name\":\"64\",\"extension\":\"jpg\"}','2024-05-24 04:02:27','2024-05-24 04:02:27'),(31,64,'ecommerce/digital-product-files/64-1.jpg','{\"filename\":\"64-1.jpg\",\"url\":\"ecommerce\\/digital-product-files\\/64-1.jpg\",\"mime_type\":\"image\\/jpeg\",\"size\":9803,\"modified\":\"2024-05-24 11:02:27\",\"name\":\"64-1\",\"extension\":\"jpg\"}','2024-05-24 04:02:27','2024-05-24 04:02:27'),(32,68,'ecommerce/digital-product-files/4-1.jpg','{\"filename\":\"4-1.jpg\",\"url\":\"ecommerce\\/digital-product-files\\/4-1.jpg\",\"mime_type\":\"image\\/jpeg\",\"size\":9803,\"modified\":\"2024-05-24 11:02:27\",\"name\":\"4-1\",\"extension\":\"jpg\"}','2024-05-24 04:02:27','2024-05-24 04:02:27'),(33,70,'ecommerce/digital-product-files/8-1.jpg','{\"filename\":\"8-1.jpg\",\"url\":\"ecommerce\\/digital-product-files\\/8-1.jpg\",\"mime_type\":\"image\\/jpeg\",\"size\":9803,\"modified\":\"2024-05-24 11:02:27\",\"name\":\"8-1\",\"extension\":\"jpg\"}','2024-05-24 04:02:27','2024-05-24 04:02:27'),(34,79,'ecommerce/digital-product-files/12-1.jpg','{\"filename\":\"12-1.jpg\",\"url\":\"ecommerce\\/digital-product-files\\/12-1.jpg\",\"mime_type\":\"image\\/jpeg\",\"size\":9803,\"modified\":\"2024-05-24 11:02:27\",\"name\":\"12-1\",\"extension\":\"jpg\"}','2024-05-24 04:02:27','2024-05-24 04:02:27'),(35,80,'ecommerce/digital-product-files/12-2.jpg','{\"filename\":\"12-2.jpg\",\"url\":\"ecommerce\\/digital-product-files\\/12-2.jpg\",\"mime_type\":\"image\\/jpeg\",\"size\":9803,\"modified\":\"2024-05-24 11:02:27\",\"name\":\"12-2\",\"extension\":\"jpg\"}','2024-05-24 04:02:27','2024-05-24 04:02:27'),(36,90,'ecommerce/digital-product-files/20-1.jpg','{\"filename\":\"20-1.jpg\",\"url\":\"ecommerce\\/digital-product-files\\/20-1.jpg\",\"mime_type\":\"image\\/jpeg\",\"size\":9803,\"modified\":\"2024-05-24 11:02:27\",\"name\":\"20-1\",\"extension\":\"jpg\"}','2024-05-24 04:02:27','2024-05-24 04:02:27'),(37,91,'ecommerce/digital-product-files/20-2.jpg','{\"filename\":\"20-2.jpg\",\"url\":\"ecommerce\\/digital-product-files\\/20-2.jpg\",\"mime_type\":\"image\\/jpeg\",\"size\":9803,\"modified\":\"2024-05-24 11:02:27\",\"name\":\"20-2\",\"extension\":\"jpg\"}','2024-05-24 04:02:27','2024-05-24 04:02:27'),(38,92,'ecommerce/digital-product-files/24-1.jpg','{\"filename\":\"24-1.jpg\",\"url\":\"ecommerce\\/digital-product-files\\/24-1.jpg\",\"mime_type\":\"image\\/jpeg\",\"size\":9803,\"modified\":\"2024-05-24 11:02:27\",\"name\":\"24-1\",\"extension\":\"jpg\"}','2024-05-24 04:02:27','2024-05-24 04:02:27'),(39,101,'ecommerce/digital-product-files/32-1.jpg','{\"filename\":\"32-1.jpg\",\"url\":\"ecommerce\\/digital-product-files\\/32-1.jpg\",\"mime_type\":\"image\\/jpeg\",\"size\":9803,\"modified\":\"2024-05-24 11:02:27\",\"name\":\"32-1\",\"extension\":\"jpg\"}','2024-05-24 04:02:27','2024-05-24 04:02:27'),(40,102,'ecommerce/digital-product-files/32-2.jpg','{\"filename\":\"32-2.jpg\",\"url\":\"ecommerce\\/digital-product-files\\/32-2.jpg\",\"mime_type\":\"image\\/jpeg\",\"size\":9803,\"modified\":\"2024-05-24 11:02:27\",\"name\":\"32-2\",\"extension\":\"jpg\"}','2024-05-24 04:02:27','2024-05-24 04:02:27'),(41,104,'ecommerce/digital-product-files/36-1.jpg','{\"filename\":\"36-1.jpg\",\"url\":\"ecommerce\\/digital-product-files\\/36-1.jpg\",\"mime_type\":\"image\\/jpeg\",\"size\":9803,\"modified\":\"2024-05-24 11:02:27\",\"name\":\"36-1\",\"extension\":\"jpg\"}','2024-05-24 04:02:27','2024-05-24 04:02:27'),(42,105,'ecommerce/digital-product-files/36-2.jpg','{\"filename\":\"36-2.jpg\",\"url\":\"ecommerce\\/digital-product-files\\/36-2.jpg\",\"mime_type\":\"image\\/jpeg\",\"size\":9803,\"modified\":\"2024-05-24 11:02:27\",\"name\":\"36-2\",\"extension\":\"jpg\"}','2024-05-24 04:02:27','2024-05-24 04:02:27'),(43,106,'ecommerce/digital-product-files/36.jpg','{\"filename\":\"36.jpg\",\"url\":\"ecommerce\\/digital-product-files\\/36.jpg\",\"mime_type\":\"image\\/jpeg\",\"size\":9803,\"modified\":\"2024-05-24 11:02:27\",\"name\":\"36\",\"extension\":\"jpg\"}','2024-05-24 04:02:27','2024-05-24 04:02:27'),(44,107,'ecommerce/digital-product-files/36.jpg','{\"filename\":\"36.jpg\",\"url\":\"ecommerce\\/digital-product-files\\/36.jpg\",\"mime_type\":\"image\\/jpeg\",\"size\":9803,\"modified\":\"2024-05-24 11:02:27\",\"name\":\"36\",\"extension\":\"jpg\"}','2024-05-24 04:02:27','2024-05-24 04:02:27'),(45,108,'ecommerce/digital-product-files/40-1.jpg','{\"filename\":\"40-1.jpg\",\"url\":\"ecommerce\\/digital-product-files\\/40-1.jpg\",\"mime_type\":\"image\\/jpeg\",\"size\":9803,\"modified\":\"2024-05-24 11:02:27\",\"name\":\"40-1\",\"extension\":\"jpg\"}','2024-05-24 04:02:27','2024-05-24 04:02:27'),(46,109,'ecommerce/digital-product-files/40.jpg','{\"filename\":\"40.jpg\",\"url\":\"ecommerce\\/digital-product-files\\/40.jpg\",\"mime_type\":\"image\\/jpeg\",\"size\":9803,\"modified\":\"2024-05-24 11:02:27\",\"name\":\"40\",\"extension\":\"jpg\"}','2024-05-24 04:02:27','2024-05-24 04:02:27'),(47,110,'ecommerce/digital-product-files/40.jpg','{\"filename\":\"40.jpg\",\"url\":\"ecommerce\\/digital-product-files\\/40.jpg\",\"mime_type\":\"image\\/jpeg\",\"size\":9803,\"modified\":\"2024-05-24 11:02:27\",\"name\":\"40\",\"extension\":\"jpg\"}','2024-05-24 04:02:27','2024-05-24 04:02:27'),(48,111,'ecommerce/digital-product-files/44-1.jpg','{\"filename\":\"44-1.jpg\",\"url\":\"ecommerce\\/digital-product-files\\/44-1.jpg\",\"mime_type\":\"image\\/jpeg\",\"size\":9803,\"modified\":\"2024-05-24 11:02:27\",\"name\":\"44-1\",\"extension\":\"jpg\"}','2024-05-24 04:02:27','2024-05-24 04:02:27'),(49,112,'ecommerce/digital-product-files/44-2.jpg','{\"filename\":\"44-2.jpg\",\"url\":\"ecommerce\\/digital-product-files\\/44-2.jpg\",\"mime_type\":\"image\\/jpeg\",\"size\":9803,\"modified\":\"2024-05-24 11:02:27\",\"name\":\"44-2\",\"extension\":\"jpg\"}','2024-05-24 04:02:27','2024-05-24 04:02:27'),(50,113,'ecommerce/digital-product-files/44.jpg','{\"filename\":\"44.jpg\",\"url\":\"ecommerce\\/digital-product-files\\/44.jpg\",\"mime_type\":\"image\\/jpeg\",\"size\":9803,\"modified\":\"2024-05-24 11:02:27\",\"name\":\"44\",\"extension\":\"jpg\"}','2024-05-24 04:02:27','2024-05-24 04:02:27'),(51,114,'ecommerce/digital-product-files/44.jpg','{\"filename\":\"44.jpg\",\"url\":\"ecommerce\\/digital-product-files\\/44.jpg\",\"mime_type\":\"image\\/jpeg\",\"size\":9803,\"modified\":\"2024-05-24 11:02:27\",\"name\":\"44\",\"extension\":\"jpg\"}','2024-05-24 04:02:27','2024-05-24 04:02:27'),(52,135,'ecommerce/digital-product-files/60-1.jpg','{\"filename\":\"60-1.jpg\",\"url\":\"ecommerce\\/digital-product-files\\/60-1.jpg\",\"mime_type\":\"image\\/jpeg\",\"size\":9803,\"modified\":\"2024-05-24 11:02:27\",\"name\":\"60-1\",\"extension\":\"jpg\"}','2024-05-24 04:02:27','2024-05-24 04:02:27'),(53,136,'ecommerce/digital-product-files/60-2.jpg','{\"filename\":\"60-2.jpg\",\"url\":\"ecommerce\\/digital-product-files\\/60-2.jpg\",\"mime_type\":\"image\\/jpeg\",\"size\":9803,\"modified\":\"2024-05-24 11:02:27\",\"name\":\"60-2\",\"extension\":\"jpg\"}','2024-05-24 04:02:27','2024-05-24 04:02:27'),(54,137,'ecommerce/digital-product-files/64-1.jpg','{\"filename\":\"64-1.jpg\",\"url\":\"ecommerce\\/digital-product-files\\/64-1.jpg\",\"mime_type\":\"image\\/jpeg\",\"size\":9803,\"modified\":\"2024-05-24 11:02:27\",\"name\":\"64-1\",\"extension\":\"jpg\"}','2024-05-24 04:02:27','2024-05-24 04:02:27'),(55,138,'ecommerce/digital-product-files/64.jpg','{\"filename\":\"64.jpg\",\"url\":\"ecommerce\\/digital-product-files\\/64.jpg\",\"mime_type\":\"image\\/jpeg\",\"size\":9803,\"modified\":\"2024-05-24 11:02:27\",\"name\":\"64\",\"extension\":\"jpg\"}','2024-05-24 04:02:27','2024-05-24 04:02:27'),(56,139,'ecommerce/digital-product-files/64.jpg','{\"filename\":\"64.jpg\",\"url\":\"ecommerce\\/digital-product-files\\/64.jpg\",\"mime_type\":\"image\\/jpeg\",\"size\":9803,\"modified\":\"2024-05-24 11:02:27\",\"name\":\"64\",\"extension\":\"jpg\"}','2024-05-24 04:02:27','2024-05-24 04:02:27');

--
-- Table structure for table `ec_product_label_products`
--

CREATE TABLE `ec_product_label_products` (
  `product_label_id` bigint unsigned NOT NULL,
  `product_id` bigint unsigned NOT NULL,
  PRIMARY KEY (`product_label_id`,`product_id`),
  KEY `ec_product_label_products_product_label_id_index` (`product_label_id`),
  KEY `ec_product_label_products_product_id_index` (`product_id`)
) ENGINE=InnoDB DEFAULT CHARSET=utf8mb4 COLLATE=utf8mb4_unicode_ci;

--
-- Dumping data for table `ec_product_label_products`
--

INSERT INTO `ec_product_label_products` VALUES (1,15),(1,24),(1,27),(1,39),(1,51),(1,63),(2,9),(2,30),(2,33),(2,54),(2,57),(2,60),(3,3),(3,6),(3,12),(3,18),(3,21),(3,36),(3,42),(3,45),(3,48);

--
-- Table structure for table `ec_product_labels`
--

CREATE TABLE `ec_product_labels` (
  `id` bigint unsigned NOT NULL AUTO_INCREMENT,
  `name` varchar(191) COLLATE utf8mb4_unicode_ci NOT NULL,
  `color` varchar(120) COLLATE utf8mb4_unicode_ci DEFAULT NULL,
  `status` varchar(60) COLLATE utf8mb4_unicode_ci NOT NULL DEFAULT 'published',
  `created_at` timestamp NULL DEFAULT NULL,
  `updated_at` timestamp NULL DEFAULT NULL,
  PRIMARY KEY (`id`)
) ENGINE=InnoDB AUTO_INCREMENT=4 DEFAULT CHARSET=utf8mb4 COLLATE=utf8mb4_unicode_ci;

--
-- Dumping data for table `ec_product_labels`
--

INSERT INTO `ec_product_labels` VALUES (1,'Hot','#d71e2d','published','2024-05-24 04:02:07','2024-05-24 04:02:07'),(2,'New','#02856e','published','2024-05-24 04:02:07','2024-05-24 04:02:07'),(3,'Sale','#fe9931','published','2024-05-24 04:02:07','2024-05-24 04:02:07');

--
-- Table structure for table `ec_product_labels_translations`
--

CREATE TABLE `ec_product_labels_translations` (
  `lang_code` varchar(191) COLLATE utf8mb4_unicode_ci NOT NULL,
  `ec_product_labels_id` bigint unsigned NOT NULL,
  `name` varchar(191) COLLATE utf8mb4_unicode_ci DEFAULT NULL,
  `description` varchar(400) COLLATE utf8mb4_unicode_ci DEFAULT NULL,
  PRIMARY KEY (`lang_code`,`ec_product_labels_id`)
) ENGINE=InnoDB DEFAULT CHARSET=utf8mb4 COLLATE=utf8mb4_unicode_ci;

--
-- Dumping data for table `ec_product_labels_translations`
--


--
-- Table structure for table `ec_product_related_relations`
--

CREATE TABLE `ec_product_related_relations` (
  `from_product_id` bigint unsigned NOT NULL,
  `to_product_id` bigint unsigned NOT NULL,
  PRIMARY KEY (`from_product_id`,`to_product_id`),
  KEY `ec_product_related_relations_from_product_id_index` (`from_product_id`),
  KEY `ec_product_related_relations_to_product_id_index` (`to_product_id`)
) ENGINE=InnoDB DEFAULT CHARSET=utf8mb4 COLLATE=utf8mb4_unicode_ci;

--
-- Dumping data for table `ec_product_related_relations`
--


--
-- Table structure for table `ec_product_tag_product`
--

CREATE TABLE `ec_product_tag_product` (
  `product_id` bigint unsigned NOT NULL,
  `tag_id` bigint unsigned NOT NULL,
  PRIMARY KEY (`product_id`,`tag_id`),
  KEY `ec_product_tag_product_product_id_index` (`product_id`),
  KEY `ec_product_tag_product_tag_id_index` (`tag_id`)
) ENGINE=InnoDB DEFAULT CHARSET=utf8mb4 COLLATE=utf8mb4_unicode_ci;

--
-- Dumping data for table `ec_product_tag_product`
--

INSERT INTO `ec_product_tag_product` VALUES (1,3),(1,4),(1,5),(2,1),(2,2),(2,5),(3,1),(3,2),(3,4),(4,2),(4,3),(4,4),(5,1),(5,3),(5,5),(6,1),(6,3),(6,4),(7,2),(7,5),(7,6),(8,1),(8,3),(8,4),(9,1),(9,2),(9,3),(10,1),(10,2),(10,5),(11,3),(11,4),(11,5),(12,2),(12,4),(12,6),(13,1),(13,2),(13,4),(14,2),(14,3),(14,5),(15,1),(15,5),(15,6),(16,2),(16,4),(16,5),(17,2),(17,4),(17,6),(18,2),(18,3),(18,4),(19,1),(19,3),(19,6),(20,2),(20,4),(20,6),(21,1),(21,3),(21,6),(22,1),(22,4),(22,6),(23,2),(23,3),(23,5),(24,1),(24,2),(24,3),(25,3),(25,5),(25,6),(26,1),(26,3),(26,6),(27,3),(27,4),(27,5),(28,2),(28,3),(28,6),(29,1),(29,2),(29,4),(30,3),(30,4),(30,5),(31,2),(31,4),(31,5),(32,3),(32,4),(32,5),(33,1),(33,4),(33,6),(34,3),(34,4),(34,6),(35,1),(35,3),(35,5),(36,1),(36,2),(36,3),(37,1),(37,2),(37,6),(38,2),(38,3),(38,4),(39,2),(39,3),(39,6),(40,1),(40,5),(40,6),(41,2),(41,3),(41,5),(42,3),(42,5),(42,6),(43,1),(43,3),(43,6),(44,1),(44,2),(44,4),(45,2),(45,3),(45,5),(46,1),(46,2),(46,5),(47,2),(47,5),(47,6),(48,2),(48,4),(48,5),(49,2),(49,5),(49,6),(50,1),(50,2),(50,3),(51,3),(51,4),(51,5),(52,2),(52,3),(52,4),(53,3),(53,5),(53,6),(54,1),(54,2),(54,5),(55,1),(55,2),(55,4),(56,1),(56,4),(56,5),(57,2),(57,3),(57,5),(58,3),(58,5),(58,6),(59,1),(59,2),(59,3),(60,4),(60,5),(60,6),(61,2),(61,4),(61,6),(62,2),(62,4),(62,5),(63,4),(63,5),(63,6),(64,1),(64,3),(64,4),(65,1),(65,4),(65,6);

--
-- Table structure for table `ec_product_tags`
--

CREATE TABLE `ec_product_tags` (
  `id` bigint unsigned NOT NULL AUTO_INCREMENT,
  `name` varchar(120) COLLATE utf8mb4_unicode_ci NOT NULL,
  `description` varchar(400) COLLATE utf8mb4_unicode_ci DEFAULT NULL,
  `status` varchar(60) COLLATE utf8mb4_unicode_ci NOT NULL DEFAULT 'published',
  `created_at` timestamp NULL DEFAULT NULL,
  `updated_at` timestamp NULL DEFAULT NULL,
  PRIMARY KEY (`id`)
) ENGINE=InnoDB AUTO_INCREMENT=7 DEFAULT CHARSET=utf8mb4 COLLATE=utf8mb4_unicode_ci;

--
-- Dumping data for table `ec_product_tags`
--

INSERT INTO `ec_product_tags` VALUES (1,'Electronic',NULL,'published','2024-05-24 04:02:13','2024-05-24 04:02:13'),(2,'Mobile',NULL,'published','2024-05-24 04:02:13','2024-05-24 04:02:13'),(3,'Iphone',NULL,'published','2024-05-24 04:02:13','2024-05-24 04:02:13'),(4,'Printer',NULL,'published','2024-05-24 04:02:13','2024-05-24 04:02:13'),(5,'Office',NULL,'published','2024-05-24 04:02:13','2024-05-24 04:02:13'),(6,'IT',NULL,'published','2024-05-24 04:02:13','2024-05-24 04:02:13');

--
-- Table structure for table `ec_product_tags_translations`
--

CREATE TABLE `ec_product_tags_translations` (
  `lang_code` varchar(191) COLLATE utf8mb4_unicode_ci NOT NULL,
  `ec_product_tags_id` bigint unsigned NOT NULL,
  `name` varchar(191) COLLATE utf8mb4_unicode_ci DEFAULT NULL,
  PRIMARY KEY (`lang_code`,`ec_product_tags_id`)
) ENGINE=InnoDB DEFAULT CHARSET=utf8mb4 COLLATE=utf8mb4_unicode_ci;

--
-- Dumping data for table `ec_product_tags_translations`
--


--
-- Table structure for table `ec_product_up_sale_relations`
--

CREATE TABLE `ec_product_up_sale_relations` (
  `from_product_id` bigint unsigned NOT NULL,
  `to_product_id` bigint unsigned NOT NULL,
  PRIMARY KEY (`from_product_id`,`to_product_id`),
  KEY `ec_product_up_sale_relations_from_product_id_index` (`from_product_id`),
  KEY `ec_product_up_sale_relations_to_product_id_index` (`to_product_id`)
) ENGINE=InnoDB DEFAULT CHARSET=utf8mb4 COLLATE=utf8mb4_unicode_ci;

--
-- Dumping data for table `ec_product_up_sale_relations`
--


--
-- Table structure for table `ec_product_variation_items`
--

CREATE TABLE `ec_product_variation_items` (
  `id` bigint unsigned NOT NULL AUTO_INCREMENT,
  `attribute_id` bigint unsigned NOT NULL,
  `variation_id` bigint unsigned NOT NULL,
  PRIMARY KEY (`id`),
  UNIQUE KEY `ec_product_variation_items_attribute_id_variation_id_unique` (`attribute_id`,`variation_id`),
  KEY `attribute_variation_index` (`attribute_id`,`variation_id`)
) ENGINE=InnoDB AUTO_INCREMENT=149 DEFAULT CHARSET=utf8mb4 COLLATE=utf8mb4_unicode_ci;

--
-- Dumping data for table `ec_product_variation_items`
--

INSERT INTO `ec_product_variation_items` VALUES (3,1,2),(9,1,5),(19,1,10),(21,1,11),(25,1,13),(31,1,16),(45,1,23),(49,1,25),(57,1,29),(67,1,34),(1,2,1),(5,2,3),(11,2,6),(35,2,18),(37,2,19),(69,2,35),(7,3,4),(27,3,14),(47,3,24),(55,3,28),(61,3,31),(65,3,33),(13,4,7),(15,4,8),(23,4,12),(29,4,15),(59,4,30),(17,5,9),(33,5,17),(39,5,20),(41,5,21),(43,5,22),(51,5,26),(53,5,27),(63,5,32),(14,6,7),(38,6,19),(54,6,27),(60,6,30),(64,6,32),(2,7,1),(4,7,2),(8,7,4),(34,7,17),(40,7,20),(52,7,26),(56,7,28),(62,7,31),(68,7,34),(18,8,9),(20,8,10),(24,8,12),(30,8,15),(44,8,22),(48,8,24),(58,8,29),(66,8,33),(70,8,35),(6,9,3),(12,9,6),(16,9,8),(28,9,14),(10,10,5),(22,10,11),(26,10,13),(32,10,16),(36,10,18),(42,10,21),(46,10,23),(50,10,25),(71,11,36),(79,11,40),(87,11,44),(115,11,58),(137,11,69),(89,12,45),(91,12,46),(101,12,51),(103,12,52),(109,12,55),(117,12,59),(135,12,68),(139,12,70),(77,13,39),(81,13,41),(85,13,43),(95,13,48),(105,13,53),(111,13,56),(141,13,71),(143,13,72),(147,13,74),(73,14,37),(83,14,42),(97,14,49),(99,14,50),(113,14,57),(119,14,60),(121,14,61),(125,14,63),(127,14,64),(131,14,66),(75,15,38),(93,15,47),(107,15,54),(123,15,62),(129,15,65),(133,15,67),(145,15,73),(74,16,37),(90,16,45),(92,16,46),(114,16,57),(120,16,60),(128,16,64),(146,16,73),(76,17,38),(82,17,41),(84,17,42),(98,17,49),(100,17,50),(108,17,54),(110,17,55),(124,17,62),(86,18,43),(102,18,51),(116,18,58),(126,18,63),(134,18,67),(140,18,70),(144,18,72),(78,19,39),(80,19,40),(88,19,44),(96,19,48),(104,19,52),(106,19,53),(112,19,56),(118,19,59),(130,19,65),(132,19,66),(136,19,68),(138,19,69),(72,20,36),(94,20,47),(122,20,61),(142,20,71),(148,20,74);

--
-- Table structure for table `ec_product_variations`
--

CREATE TABLE `ec_product_variations` (
  `id` bigint unsigned NOT NULL AUTO_INCREMENT,
  `product_id` bigint unsigned DEFAULT NULL,
  `configurable_product_id` bigint unsigned NOT NULL,
  `is_default` tinyint NOT NULL DEFAULT '0',
  PRIMARY KEY (`id`),
  UNIQUE KEY `ec_product_variations_product_id_configurable_product_id_unique` (`product_id`,`configurable_product_id`),
  KEY `configurable_product_index` (`product_id`,`configurable_product_id`)
) ENGINE=InnoDB AUTO_INCREMENT=75 DEFAULT CHARSET=utf8mb4 COLLATE=utf8mb4_unicode_ci;

--
-- Dumping data for table `ec_product_variations`
--

INSERT INTO `ec_product_variations` VALUES (1,66,2,1),(2,67,2,0),(3,68,4,1),(4,69,7,1),(5,70,8,1),(6,71,9,1),(7,72,9,0),(8,73,9,0),(9,74,11,1),(10,75,11,0),(11,76,11,0),(12,77,11,0),(13,78,11,0),(14,79,12,1),(15,80,12,0),(16,81,14,1),(17,82,14,0),(18,83,14,0),(19,84,15,1),(20,85,15,0),(21,86,15,0),(22,87,17,1),(23,88,19,1),(24,89,19,0),(25,90,20,1),(26,91,20,0),(27,92,24,1),(28,93,25,1),(29,94,25,0),(30,95,25,0),(31,96,26,1),(32,97,26,0),(33,98,26,0),(34,99,27,1),(35,100,27,0),(36,101,32,1),(37,102,32,0),(38,103,35,1),(39,104,36,1),(40,105,36,0),(41,106,36,0),(42,107,36,0),(43,108,40,1),(44,109,40,0),(45,110,40,0),(46,111,44,1),(47,112,44,0),(48,113,44,0),(49,114,44,0),(50,115,46,1),(51,116,46,0),(52,117,46,0),(53,118,47,1),(54,119,49,1),(55,120,49,0),(56,121,49,0),(57,122,50,1),(58,123,53,1),(59,124,53,0),(60,125,55,1),(61,126,55,0),(62,127,55,0),(63,128,55,0),(64,129,55,0),(65,130,58,1),(66,131,58,0),(67,132,59,1),(68,133,59,0),(69,134,59,0),(70,135,60,1),(71,136,60,0),(72,137,64,1),(73,138,64,0),(74,139,64,0);

--
-- Table structure for table `ec_product_views`
--

CREATE TABLE `ec_product_views` (
  `id` bigint unsigned NOT NULL AUTO_INCREMENT,
  `product_id` bigint unsigned NOT NULL,
  `views` int NOT NULL DEFAULT '1',
  `date` date NOT NULL DEFAULT '2024-05-24',
  PRIMARY KEY (`id`),
  UNIQUE KEY `ec_product_views_product_id_date_unique` (`product_id`,`date`),
  KEY `ec_product_views_product_id_index` (`product_id`)
) ENGINE=InnoDB DEFAULT CHARSET=utf8mb4 COLLATE=utf8mb4_unicode_ci;

--
-- Dumping data for table `ec_product_views`
--


--
-- Table structure for table `ec_product_with_attribute_set`
--

CREATE TABLE `ec_product_with_attribute_set` (
  `attribute_set_id` bigint unsigned NOT NULL,
  `product_id` bigint unsigned NOT NULL,
  `order` tinyint unsigned NOT NULL DEFAULT '0',
  PRIMARY KEY (`product_id`,`attribute_set_id`)
) ENGINE=InnoDB DEFAULT CHARSET=utf8mb4 COLLATE=utf8mb4_unicode_ci;

--
-- Dumping data for table `ec_product_with_attribute_set`
--

INSERT INTO `ec_product_with_attribute_set` VALUES (1,2,0),(2,2,0),(1,4,0),(2,4,0),(1,7,0),(2,7,0),(1,8,0),(2,8,0),(1,9,0),(2,9,0),(1,11,0),(2,11,0),(1,12,0),(2,12,0),(1,14,0),(2,14,0),(1,15,0),(2,15,0),(1,17,0),(2,17,0),(1,19,0),(2,19,0),(1,20,0),(2,20,0),(1,24,0),(2,24,0),(1,25,0),(2,25,0),(1,26,0),(2,26,0),(1,27,0),(2,27,0),(3,32,0),(4,32,0),(3,35,0),(4,35,0),(3,36,0),(4,36,0),(3,40,0),(4,40,0),(3,44,0),(4,44,0),(3,46,0),(4,46,0),(3,47,0),(4,47,0),(3,49,0),(4,49,0),(3,50,0),(4,50,0),(3,53,0),(4,53,0),(3,55,0),(4,55,0),(3,58,0),(4,58,0),(3,59,0),(4,59,0),(3,60,0),(4,60,0),(3,64,0),(4,64,0);

--
-- Table structure for table `ec_products`
--

CREATE TABLE `ec_products` (
  `id` bigint unsigned NOT NULL AUTO_INCREMENT,
  `name` varchar(191) COLLATE utf8mb4_unicode_ci NOT NULL,
  `description` text COLLATE utf8mb4_unicode_ci,
  `content` longtext COLLATE utf8mb4_unicode_ci,
  `status` varchar(60) COLLATE utf8mb4_unicode_ci NOT NULL DEFAULT 'published',
  `images` text COLLATE utf8mb4_unicode_ci,
  `sku` varchar(191) COLLATE utf8mb4_unicode_ci DEFAULT NULL,
  `order` int unsigned NOT NULL DEFAULT '0',
  `quantity` int unsigned DEFAULT NULL,
  `allow_checkout_when_out_of_stock` tinyint unsigned NOT NULL DEFAULT '0',
  `with_storehouse_management` tinyint unsigned NOT NULL DEFAULT '0',
  `is_featured` tinyint unsigned NOT NULL DEFAULT '0',
  `brand_id` bigint unsigned DEFAULT NULL,
  `is_variation` tinyint NOT NULL DEFAULT '0',
  `sale_type` tinyint NOT NULL DEFAULT '0',
  `price` double unsigned DEFAULT NULL,
  `sale_price` double unsigned DEFAULT NULL,
  `start_date` timestamp NULL DEFAULT NULL,
  `end_date` timestamp NULL DEFAULT NULL,
  `length` double(8,2) DEFAULT NULL,
  `wide` double(8,2) DEFAULT NULL,
  `height` double(8,2) DEFAULT NULL,
  `weight` double(8,2) DEFAULT NULL,
  `tax_id` bigint unsigned DEFAULT NULL,
  `views` bigint NOT NULL DEFAULT '0',
  `created_at` timestamp NULL DEFAULT NULL,
  `updated_at` timestamp NULL DEFAULT NULL,
  `stock_status` varchar(191) COLLATE utf8mb4_unicode_ci DEFAULT 'in_stock',
  `created_by_id` bigint unsigned DEFAULT '0',
  `created_by_type` varchar(191) COLLATE utf8mb4_unicode_ci NOT NULL DEFAULT 'Botble\\ACL\\Models\\User',
  `image` varchar(191) COLLATE utf8mb4_unicode_ci DEFAULT NULL,
  `product_type` varchar(60) COLLATE utf8mb4_unicode_ci DEFAULT 'physical',
  `barcode` varchar(50) COLLATE utf8mb4_unicode_ci DEFAULT NULL,
  `cost_per_item` double DEFAULT NULL,
  `generate_license_code` tinyint(1) NOT NULL DEFAULT '0',
  `minimum_order_quantity` int unsigned DEFAULT '0',
  `maximum_order_quantity` int unsigned DEFAULT '0',
  `store_id` bigint unsigned DEFAULT NULL,
  `approved_by` bigint unsigned DEFAULT '0',
  PRIMARY KEY (`id`),
  KEY `ec_products_brand_id_status_is_variation_created_at_index` (`brand_id`,`status`,`is_variation`,`created_at`),
  KEY `sale_type_index` (`sale_type`),
  KEY `start_date_index` (`start_date`),
  KEY `end_date_index` (`end_date`),
  KEY `sale_price_index` (`sale_price`),
  KEY `is_variation_index` (`is_variation`),
  KEY `ec_products_sku_index` (`sku`)
) ENGINE=InnoDB AUTO_INCREMENT=140 DEFAULT CHARSET=utf8mb4 COLLATE=utf8mb4_unicode_ci;

--
-- Dumping data for table `ec_products`
--

INSERT INTO `ec_products` VALUES (1,'Dual Camera 20MP','<ul><li> Unrestrained and portable active stereo speaker</li>\n            <li> Free from the confines of wires and chords</li>\n            <li> 20 hours of portable capabilities</li>\n            <li> Double-ended Coil Cord with 3.5mm Stereo Plugs Included</li>\n            <li> 3/4″ Dome Tweeters: 2X and 4″ Woofer: 1X</li></ul>','<p>Short Hooded Coat features a straight body, large pockets with button flaps, ventilation air holes, and a string detail along the hemline. The style is completed with a drawstring hood, featuring Rains’ signature built-in cap. Made from waterproof, matte PU, this lightweight unisex rain jacket is an ode to nostalgia through its classic silhouette and utilitarian design details.</p>\n                                <p>- Casual unisex fit</p>\n\n                                <p>- 64% polyester, 36% polyurethane</p>\n\n                                <p>- Water column pressure: 4000 mm</p>\n\n                                <p>- Model is 187cm tall and wearing a size S / M</p>\n\n                                <p>- Unisex fit</p>\n\n                                <p>- Drawstring hood with built-in cap</p>\n\n                                <p>- Front placket with snap buttons</p>\n\n                                <p>- Ventilation under armpit</p>\n\n                                <p>- Adjustable cuffs</p>\n\n                                <p>- Double welted front pockets</p>\n\n                                <p>- Adjustable elastic string at hempen</p>\n\n                                <p>- Ultrasonically welded seams</p>\n\n                                <p>This is a unisex item, please check our clothing &amp; footwear sizing guide for specific Rains jacket sizing information. RAINS comes from the rainy nation of Denmark at the edge of the European continent, close to the ocean and with prevailing westerly winds; all factors that contribute to an average of 121 rain days each year. Arising from these rainy weather conditions comes the attitude that a quick rain shower may be beautiful, as well as moody- but first and foremost requires the right outfit. Rains focus on the whole experience of going outside on rainy days, issuing an invitation to explore even in the most mercurial weather.</p>','published','[\"products\\/1.jpg\"]','4D-136',0,13,0,1,1,5,0,0,80.25,14.25,NULL,NULL,17.00,20.00,12.00,597.00,NULL,167962,'2024-05-24 04:02:21','2024-05-24 04:02:30','in_stock',0,'Botble\\ACL\\Models\\User',NULL,'physical',NULL,NULL,0,0,0,8,0),(2,'Smart Watches','<ul><li> Unrestrained and portable active stereo speaker</li>\n            <li> Free from the confines of wires and chords</li>\n            <li> 20 hours of portable capabilities</li>\n            <li> Double-ended Coil Cord with 3.5mm Stereo Plugs Included</li>\n            <li> 3/4″ Dome Tweeters: 2X and 4″ Woofer: 1X</li></ul>','<p>Short Hooded Coat features a straight body, large pockets with button flaps, ventilation air holes, and a string detail along the hemline. The style is completed with a drawstring hood, featuring Rains’ signature built-in cap. Made from waterproof, matte PU, this lightweight unisex rain jacket is an ode to nostalgia through its classic silhouette and utilitarian design details.</p>\n                                <p>- Casual unisex fit</p>\n\n                                <p>- 64% polyester, 36% polyurethane</p>\n\n                                <p>- Water column pressure: 4000 mm</p>\n\n                                <p>- Model is 187cm tall and wearing a size S / M</p>\n\n                                <p>- Unisex fit</p>\n\n                                <p>- Drawstring hood with built-in cap</p>\n\n                                <p>- Front placket with snap buttons</p>\n\n                                <p>- Ventilation under armpit</p>\n\n                                <p>- Adjustable cuffs</p>\n\n                                <p>- Double welted front pockets</p>\n\n                                <p>- Adjustable elastic string at hempen</p>\n\n                                <p>- Ultrasonically welded seams</p>\n\n                                <p>This is a unisex item, please check our clothing &amp; footwear sizing guide for specific Rains jacket sizing information. RAINS comes from the rainy nation of Denmark at the edge of the European continent, close to the ocean and with prevailing westerly winds; all factors that contribute to an average of 121 rain days each year. Arising from these rainy weather conditions comes the attitude that a quick rain shower may be beautiful, as well as moody- but first and foremost requires the right outfit. Rains focus on the whole experience of going outside on rainy days, issuing an invitation to explore even in the most mercurial weather.</p>','published','[\"products\\/2.jpg\",\"products\\/2-1.jpg\",\"products\\/2-2.jpg\",\"products\\/2-3.jpg\"]','LL-196-A1',0,18,0,1,1,3,0,0,40.5,NULL,NULL,NULL,10.00,15.00,13.00,539.00,NULL,23698,'2024-05-24 04:02:21','2024-05-24 04:02:30','in_stock',0,'Botble\\ACL\\Models\\User',NULL,'physical',NULL,NULL,0,0,0,3,0),(3,'Beat Headphone','<ul><li> Unrestrained and portable active stereo speaker</li>\n            <li> Free from the confines of wires and chords</li>\n            <li> 20 hours of portable capabilities</li>\n            <li> Double-ended Coil Cord with 3.5mm Stereo Plugs Included</li>\n            <li> 3/4″ Dome Tweeters: 2X and 4″ Woofer: 1X</li></ul>','<p>Short Hooded Coat features a straight body, large pockets with button flaps, ventilation air holes, and a string detail along the hemline. The style is completed with a drawstring hood, featuring Rains’ signature built-in cap. Made from waterproof, matte PU, this lightweight unisex rain jacket is an ode to nostalgia through its classic silhouette and utilitarian design details.</p>\n                                <p>- Casual unisex fit</p>\n\n                                <p>- 64% polyester, 36% polyurethane</p>\n\n                                <p>- Water column pressure: 4000 mm</p>\n\n                                <p>- Model is 187cm tall and wearing a size S / M</p>\n\n                                <p>- Unisex fit</p>\n\n                                <p>- Drawstring hood with built-in cap</p>\n\n                                <p>- Front placket with snap buttons</p>\n\n                                <p>- Ventilation under armpit</p>\n\n                                <p>- Adjustable cuffs</p>\n\n                                <p>- Double welted front pockets</p>\n\n                                <p>- Adjustable elastic string at hempen</p>\n\n                                <p>- Ultrasonically welded seams</p>\n\n                                <p>This is a unisex item, please check our clothing &amp; footwear sizing guide for specific Rains jacket sizing information. RAINS comes from the rainy nation of Denmark at the edge of the European continent, close to the ocean and with prevailing westerly winds; all factors that contribute to an average of 121 rain days each year. Arising from these rainy weather conditions comes the attitude that a quick rain shower may be beautiful, as well as moody- but first and foremost requires the right outfit. Rains focus on the whole experience of going outside on rainy days, issuing an invitation to explore even in the most mercurial weather.</p>','published','[\"products\\/3.jpg\"]','1U-105',0,15,0,1,1,1,0,0,20,13,NULL,NULL,17.00,16.00,17.00,643.00,NULL,137200,'2024-05-24 04:02:21','2024-05-24 04:02:30','in_stock',0,'Botble\\ACL\\Models\\User',NULL,'physical',NULL,NULL,0,0,0,2,0),(4,'Red &amp; Black Headphone (Digital)','<ul><li> Unrestrained and portable active stereo speaker</li>\n            <li> Free from the confines of wires and chords</li>\n            <li> 20 hours of portable capabilities</li>\n            <li> Double-ended Coil Cord with 3.5mm Stereo Plugs Included</li>\n            <li> 3/4″ Dome Tweeters: 2X and 4″ Woofer: 1X</li></ul>','<p>Short Hooded Coat features a straight body, large pockets with button flaps, ventilation air holes, and a string detail along the hemline. The style is completed with a drawstring hood, featuring Rains’ signature built-in cap. Made from waterproof, matte PU, this lightweight unisex rain jacket is an ode to nostalgia through its classic silhouette and utilitarian design details.</p>\n                                <p>- Casual unisex fit</p>\n\n                                <p>- 64% polyester, 36% polyurethane</p>\n\n                                <p>- Water column pressure: 4000 mm</p>\n\n                                <p>- Model is 187cm tall and wearing a size S / M</p>\n\n                                <p>- Unisex fit</p>\n\n                                <p>- Drawstring hood with built-in cap</p>\n\n                                <p>- Front placket with snap buttons</p>\n\n                                <p>- Ventilation under armpit</p>\n\n                                <p>- Adjustable cuffs</p>\n\n                                <p>- Double welted front pockets</p>\n\n                                <p>- Adjustable elastic string at hempen</p>\n\n                                <p>- Ultrasonically welded seams</p>\n\n                                <p>This is a unisex item, please check our clothing &amp; footwear sizing guide for specific Rains jacket sizing information. RAINS comes from the rainy nation of Denmark at the edge of the European continent, close to the ocean and with prevailing westerly winds; all factors that contribute to an average of 121 rain days each year. Arising from these rainy weather conditions comes the attitude that a quick rain shower may be beautiful, as well as moody- but first and foremost requires the right outfit. Rains focus on the whole experience of going outside on rainy days, issuing an invitation to explore even in the most mercurial weather.</p>','published','[\"products\\/4.jpg\",\"products\\/4-1.jpg\",\"products\\/4-2.jpg\",\"products\\/4-3.jpg\"]','GM-163-A1',0,10,0,1,1,1,0,0,523,449.78,NULL,NULL,17.00,16.00,17.00,892.00,NULL,130386,'2024-05-24 04:02:21','2024-05-24 04:02:30','in_stock',0,'Botble\\ACL\\Models\\User',NULL,'digital',NULL,NULL,0,0,0,5,0),(5,'Smart Watch External','<ul><li> Unrestrained and portable active stereo speaker</li>\n            <li> Free from the confines of wires and chords</li>\n            <li> 20 hours of portable capabilities</li>\n            <li> Double-ended Coil Cord with 3.5mm Stereo Plugs Included</li>\n            <li> 3/4″ Dome Tweeters: 2X and 4″ Woofer: 1X</li></ul>','<p>Short Hooded Coat features a straight body, large pockets with button flaps, ventilation air holes, and a string detail along the hemline. The style is completed with a drawstring hood, featuring Rains’ signature built-in cap. Made from waterproof, matte PU, this lightweight unisex rain jacket is an ode to nostalgia through its classic silhouette and utilitarian design details.</p>\n                                <p>- Casual unisex fit</p>\n\n                                <p>- 64% polyester, 36% polyurethane</p>\n\n                                <p>- Water column pressure: 4000 mm</p>\n\n                                <p>- Model is 187cm tall and wearing a size S / M</p>\n\n                                <p>- Unisex fit</p>\n\n                                <p>- Drawstring hood with built-in cap</p>\n\n                                <p>- Front placket with snap buttons</p>\n\n                                <p>- Ventilation under armpit</p>\n\n                                <p>- Adjustable cuffs</p>\n\n                                <p>- Double welted front pockets</p>\n\n                                <p>- Adjustable elastic string at hempen</p>\n\n                                <p>- Ultrasonically welded seams</p>\n\n                                <p>This is a unisex item, please check our clothing &amp; footwear sizing guide for specific Rains jacket sizing information. RAINS comes from the rainy nation of Denmark at the edge of the European continent, close to the ocean and with prevailing westerly winds; all factors that contribute to an average of 121 rain days each year. Arising from these rainy weather conditions comes the attitude that a quick rain shower may be beautiful, as well as moody- but first and foremost requires the right outfit. Rains focus on the whole experience of going outside on rainy days, issuing an invitation to explore even in the most mercurial weather.</p>','published','[\"products\\/5.jpg\",\"products\\/5-1.jpg\",\"products\\/5-2.jpg\",\"products\\/5-3.jpg\"]','JQ-109',0,11,0,1,1,1,0,0,711,212,NULL,NULL,14.00,17.00,13.00,579.00,NULL,27061,'2024-05-24 04:02:21','2024-05-24 04:02:30','in_stock',0,'Botble\\ACL\\Models\\User',NULL,'physical',NULL,NULL,0,0,0,2,0),(6,'Nikon HD camera','<ul><li> Unrestrained and portable active stereo speaker</li>\n            <li> Free from the confines of wires and chords</li>\n            <li> 20 hours of portable capabilities</li>\n            <li> Double-ended Coil Cord with 3.5mm Stereo Plugs Included</li>\n            <li> 3/4″ Dome Tweeters: 2X and 4″ Woofer: 1X</li></ul>','<p>Short Hooded Coat features a straight body, large pockets with button flaps, ventilation air holes, and a string detail along the hemline. The style is completed with a drawstring hood, featuring Rains’ signature built-in cap. Made from waterproof, matte PU, this lightweight unisex rain jacket is an ode to nostalgia through its classic silhouette and utilitarian design details.</p>\n                                <p>- Casual unisex fit</p>\n\n                                <p>- 64% polyester, 36% polyurethane</p>\n\n                                <p>- Water column pressure: 4000 mm</p>\n\n                                <p>- Model is 187cm tall and wearing a size S / M</p>\n\n                                <p>- Unisex fit</p>\n\n                                <p>- Drawstring hood with built-in cap</p>\n\n                                <p>- Front placket with snap buttons</p>\n\n                                <p>- Ventilation under armpit</p>\n\n                                <p>- Adjustable cuffs</p>\n\n                                <p>- Double welted front pockets</p>\n\n                                <p>- Adjustable elastic string at hempen</p>\n\n                                <p>- Ultrasonically welded seams</p>\n\n                                <p>This is a unisex item, please check our clothing &amp; footwear sizing guide for specific Rains jacket sizing information. RAINS comes from the rainy nation of Denmark at the edge of the European continent, close to the ocean and with prevailing westerly winds; all factors that contribute to an average of 121 rain days each year. Arising from these rainy weather conditions comes the attitude that a quick rain shower may be beautiful, as well as moody- but first and foremost requires the right outfit. Rains focus on the whole experience of going outside on rainy days, issuing an invitation to explore even in the most mercurial weather.</p>','published','[\"products\\/6.jpg\"]','VQ-183',0,13,0,1,1,2,0,0,484,6,NULL,NULL,12.00,10.00,13.00,501.00,NULL,191737,'2024-05-24 04:02:22','2024-05-24 04:02:30','in_stock',0,'Botble\\ACL\\Models\\User',NULL,'physical',NULL,NULL,0,0,0,7,0),(7,'Audio Equipment','<ul><li> Unrestrained and portable active stereo speaker</li>\n            <li> Free from the confines of wires and chords</li>\n            <li> 20 hours of portable capabilities</li>\n            <li> Double-ended Coil Cord with 3.5mm Stereo Plugs Included</li>\n            <li> 3/4″ Dome Tweeters: 2X and 4″ Woofer: 1X</li></ul>','<p>Short Hooded Coat features a straight body, large pockets with button flaps, ventilation air holes, and a string detail along the hemline. The style is completed with a drawstring hood, featuring Rains’ signature built-in cap. Made from waterproof, matte PU, this lightweight unisex rain jacket is an ode to nostalgia through its classic silhouette and utilitarian design details.</p>\n                                <p>- Casual unisex fit</p>\n\n                                <p>- 64% polyester, 36% polyurethane</p>\n\n                                <p>- Water column pressure: 4000 mm</p>\n\n                                <p>- Model is 187cm tall and wearing a size S / M</p>\n\n                                <p>- Unisex fit</p>\n\n                                <p>- Drawstring hood with built-in cap</p>\n\n                                <p>- Front placket with snap buttons</p>\n\n                                <p>- Ventilation under armpit</p>\n\n                                <p>- Adjustable cuffs</p>\n\n                                <p>- Double welted front pockets</p>\n\n                                <p>- Adjustable elastic string at hempen</p>\n\n                                <p>- Ultrasonically welded seams</p>\n\n                                <p>This is a unisex item, please check our clothing &amp; footwear sizing guide for specific Rains jacket sizing information. RAINS comes from the rainy nation of Denmark at the edge of the European continent, close to the ocean and with prevailing westerly winds; all factors that contribute to an average of 121 rain days each year. Arising from these rainy weather conditions comes the attitude that a quick rain shower may be beautiful, as well as moody- but first and foremost requires the right outfit. Rains focus on the whole experience of going outside on rainy days, issuing an invitation to explore even in the most mercurial weather.</p>','published','[\"products\\/7.jpg\"]','XQ-117-A1',0,12,0,1,1,2,0,0,519,NULL,NULL,NULL,20.00,13.00,14.00,558.00,NULL,88986,'2024-05-24 04:02:22','2024-05-24 04:02:30','in_stock',0,'Botble\\ACL\\Models\\User',NULL,'physical',NULL,NULL,0,0,0,1,0),(8,'Smart Televisions (Digital)','<ul><li> Unrestrained and portable active stereo speaker</li>\n            <li> Free from the confines of wires and chords</li>\n            <li> 20 hours of portable capabilities</li>\n            <li> Double-ended Coil Cord with 3.5mm Stereo Plugs Included</li>\n            <li> 3/4″ Dome Tweeters: 2X and 4″ Woofer: 1X</li></ul>','<p>Short Hooded Coat features a straight body, large pockets with button flaps, ventilation air holes, and a string detail along the hemline. The style is completed with a drawstring hood, featuring Rains’ signature built-in cap. Made from waterproof, matte PU, this lightweight unisex rain jacket is an ode to nostalgia through its classic silhouette and utilitarian design details.</p>\n                                <p>- Casual unisex fit</p>\n\n                                <p>- 64% polyester, 36% polyurethane</p>\n\n                                <p>- Water column pressure: 4000 mm</p>\n\n                                <p>- Model is 187cm tall and wearing a size S / M</p>\n\n                                <p>- Unisex fit</p>\n\n                                <p>- Drawstring hood with built-in cap</p>\n\n                                <p>- Front placket with snap buttons</p>\n\n                                <p>- Ventilation under armpit</p>\n\n                                <p>- Adjustable cuffs</p>\n\n                                <p>- Double welted front pockets</p>\n\n                                <p>- Adjustable elastic string at hempen</p>\n\n                                <p>- Ultrasonically welded seams</p>\n\n                                <p>This is a unisex item, please check our clothing &amp; footwear sizing guide for specific Rains jacket sizing information. RAINS comes from the rainy nation of Denmark at the edge of the European continent, close to the ocean and with prevailing westerly winds; all factors that contribute to an average of 121 rain days each year. Arising from these rainy weather conditions comes the attitude that a quick rain shower may be beautiful, as well as moody- but first and foremost requires the right outfit. Rains focus on the whole experience of going outside on rainy days, issuing an invitation to explore even in the most mercurial weather.</p>','published','[\"products\\/8.jpg\",\"products\\/8-1.jpg\",\"products\\/8-2.jpg\",\"products\\/8-3.jpg\"]','5K-187-A1',0,13,0,1,1,4,0,0,1131,995.28,NULL,NULL,15.00,16.00,14.00,712.00,NULL,175943,'2024-05-24 04:02:22','2024-05-24 04:02:30','in_stock',0,'Botble\\ACL\\Models\\User',NULL,'digital',NULL,NULL,0,0,0,5,0),(9,'Samsung Smart Phone','<ul><li> Unrestrained and portable active stereo speaker</li>\n            <li> Free from the confines of wires and chords</li>\n            <li> 20 hours of portable capabilities</li>\n            <li> Double-ended Coil Cord with 3.5mm Stereo Plugs Included</li>\n            <li> 3/4″ Dome Tweeters: 2X and 4″ Woofer: 1X</li></ul>','<p>Short Hooded Coat features a straight body, large pockets with button flaps, ventilation air holes, and a string detail along the hemline. The style is completed with a drawstring hood, featuring Rains’ signature built-in cap. Made from waterproof, matte PU, this lightweight unisex rain jacket is an ode to nostalgia through its classic silhouette and utilitarian design details.</p>\n                                <p>- Casual unisex fit</p>\n\n                                <p>- 64% polyester, 36% polyurethane</p>\n\n                                <p>- Water column pressure: 4000 mm</p>\n\n                                <p>- Model is 187cm tall and wearing a size S / M</p>\n\n                                <p>- Unisex fit</p>\n\n                                <p>- Drawstring hood with built-in cap</p>\n\n                                <p>- Front placket with snap buttons</p>\n\n                                <p>- Ventilation under armpit</p>\n\n                                <p>- Adjustable cuffs</p>\n\n                                <p>- Double welted front pockets</p>\n\n                                <p>- Adjustable elastic string at hempen</p>\n\n                                <p>- Ultrasonically welded seams</p>\n\n                                <p>This is a unisex item, please check our clothing &amp; footwear sizing guide for specific Rains jacket sizing information. RAINS comes from the rainy nation of Denmark at the edge of the European continent, close to the ocean and with prevailing westerly winds; all factors that contribute to an average of 121 rain days each year. Arising from these rainy weather conditions comes the attitude that a quick rain shower may be beautiful, as well as moody- but first and foremost requires the right outfit. Rains focus on the whole experience of going outside on rainy days, issuing an invitation to explore even in the most mercurial weather.</p>','published','[\"products\\/9.jpg\",\"products\\/9-1.jpg\",\"products\\/9-2.jpg\"]','3T-163-A1',0,18,0,1,1,5,0,0,540,NULL,NULL,NULL,11.00,10.00,19.00,878.00,NULL,124055,'2024-05-24 04:02:22','2024-05-24 04:02:30','in_stock',0,'Botble\\ACL\\Models\\User',NULL,'physical',NULL,NULL,0,0,0,2,0),(10,'Herschel Leather Duffle Bag In Brown Color','<ul><li> Unrestrained and portable active stereo speaker</li>\n            <li> Free from the confines of wires and chords</li>\n            <li> 20 hours of portable capabilities</li>\n            <li> Double-ended Coil Cord with 3.5mm Stereo Plugs Included</li>\n            <li> 3/4″ Dome Tweeters: 2X and 4″ Woofer: 1X</li></ul>','<p>Short Hooded Coat features a straight body, large pockets with button flaps, ventilation air holes, and a string detail along the hemline. The style is completed with a drawstring hood, featuring Rains’ signature built-in cap. Made from waterproof, matte PU, this lightweight unisex rain jacket is an ode to nostalgia through its classic silhouette and utilitarian design details.</p>\n                                <p>- Casual unisex fit</p>\n\n                                <p>- 64% polyester, 36% polyurethane</p>\n\n                                <p>- Water column pressure: 4000 mm</p>\n\n                                <p>- Model is 187cm tall and wearing a size S / M</p>\n\n                                <p>- Unisex fit</p>\n\n                                <p>- Drawstring hood with built-in cap</p>\n\n                                <p>- Front placket with snap buttons</p>\n\n                                <p>- Ventilation under armpit</p>\n\n                                <p>- Adjustable cuffs</p>\n\n                                <p>- Double welted front pockets</p>\n\n                                <p>- Adjustable elastic string at hempen</p>\n\n                                <p>- Ultrasonically welded seams</p>\n\n                                <p>This is a unisex item, please check our clothing &amp; footwear sizing guide for specific Rains jacket sizing information. RAINS comes from the rainy nation of Denmark at the edge of the European continent, close to the ocean and with prevailing westerly winds; all factors that contribute to an average of 121 rain days each year. Arising from these rainy weather conditions comes the attitude that a quick rain shower may be beautiful, as well as moody- but first and foremost requires the right outfit. Rains focus on the whole experience of going outside on rainy days, issuing an invitation to explore even in the most mercurial weather.</p>','published','[\"products\\/10.jpg\",\"products\\/10-1.jpg\",\"products\\/10-2.jpg\"]','NW-133',0,13,0,1,1,2,0,0,1202,996,NULL,NULL,10.00,12.00,19.00,710.00,NULL,27561,'2024-05-24 04:02:22','2024-05-24 04:02:30','in_stock',0,'Botble\\ACL\\Models\\User',NULL,'physical',NULL,NULL,0,0,0,7,0),(11,'Xbox One Wireless Controller Black Color','<ul><li> Unrestrained and portable active stereo speaker</li>\n            <li> Free from the confines of wires and chords</li>\n            <li> 20 hours of portable capabilities</li>\n            <li> Double-ended Coil Cord with 3.5mm Stereo Plugs Included</li>\n            <li> 3/4″ Dome Tweeters: 2X and 4″ Woofer: 1X</li></ul>','<p>Short Hooded Coat features a straight body, large pockets with button flaps, ventilation air holes, and a string detail along the hemline. The style is completed with a drawstring hood, featuring Rains’ signature built-in cap. Made from waterproof, matte PU, this lightweight unisex rain jacket is an ode to nostalgia through its classic silhouette and utilitarian design details.</p>\n                                <p>- Casual unisex fit</p>\n\n                                <p>- 64% polyester, 36% polyurethane</p>\n\n                                <p>- Water column pressure: 4000 mm</p>\n\n                                <p>- Model is 187cm tall and wearing a size S / M</p>\n\n                                <p>- Unisex fit</p>\n\n                                <p>- Drawstring hood with built-in cap</p>\n\n                                <p>- Front placket with snap buttons</p>\n\n                                <p>- Ventilation under armpit</p>\n\n                                <p>- Adjustable cuffs</p>\n\n                                <p>- Double welted front pockets</p>\n\n                                <p>- Adjustable elastic string at hempen</p>\n\n                                <p>- Ultrasonically welded seams</p>\n\n                                <p>This is a unisex item, please check our clothing &amp; footwear sizing guide for specific Rains jacket sizing information. RAINS comes from the rainy nation of Denmark at the edge of the European continent, close to the ocean and with prevailing westerly winds; all factors that contribute to an average of 121 rain days each year. Arising from these rainy weather conditions comes the attitude that a quick rain shower may be beautiful, as well as moody- but first and foremost requires the right outfit. Rains focus on the whole experience of going outside on rainy days, issuing an invitation to explore even in the most mercurial weather.</p>','published','[\"products\\/11.jpg\",\"products\\/11-1.jpg\",\"products\\/11-2.jpg\",\"products\\/11-3.jpg\"]','BT-123-A1',0,13,0,1,0,1,0,0,1279,NULL,NULL,NULL,20.00,20.00,19.00,724.00,NULL,60149,'2024-05-24 04:02:22','2024-05-24 04:02:30','in_stock',0,'Botble\\ACL\\Models\\User',NULL,'physical',NULL,NULL,0,0,0,4,0),(12,'EPSION Plaster Printer (Digital)','<ul><li> Unrestrained and portable active stereo speaker</li>\n            <li> Free from the confines of wires and chords</li>\n            <li> 20 hours of portable capabilities</li>\n            <li> Double-ended Coil Cord with 3.5mm Stereo Plugs Included</li>\n            <li> 3/4″ Dome Tweeters: 2X and 4″ Woofer: 1X</li></ul>','<p>Short Hooded Coat features a straight body, large pockets with button flaps, ventilation air holes, and a string detail along the hemline. The style is completed with a drawstring hood, featuring Rains’ signature built-in cap. Made from waterproof, matte PU, this lightweight unisex rain jacket is an ode to nostalgia through its classic silhouette and utilitarian design details.</p>\n                                <p>- Casual unisex fit</p>\n\n                                <p>- 64% polyester, 36% polyurethane</p>\n\n                                <p>- Water column pressure: 4000 mm</p>\n\n                                <p>- Model is 187cm tall and wearing a size S / M</p>\n\n                                <p>- Unisex fit</p>\n\n                                <p>- Drawstring hood with built-in cap</p>\n\n                                <p>- Front placket with snap buttons</p>\n\n                                <p>- Ventilation under armpit</p>\n\n                                <p>- Adjustable cuffs</p>\n\n                                <p>- Double welted front pockets</p>\n\n                                <p>- Adjustable elastic string at hempen</p>\n\n                                <p>- Ultrasonically welded seams</p>\n\n                                <p>This is a unisex item, please check our clothing &amp; footwear sizing guide for specific Rains jacket sizing information. RAINS comes from the rainy nation of Denmark at the edge of the European continent, close to the ocean and with prevailing westerly winds; all factors that contribute to an average of 121 rain days each year. Arising from these rainy weather conditions comes the attitude that a quick rain shower may be beautiful, as well as moody- but first and foremost requires the right outfit. Rains focus on the whole experience of going outside on rainy days, issuing an invitation to explore even in the most mercurial weather.</p>','published','[\"products\\/12.jpg\",\"products\\/12-1.jpg\",\"products\\/12-2.jpg\",\"products\\/12-3.jpg\"]','VX-142-A1',0,16,0,1,1,5,0,0,525,430.5,NULL,NULL,11.00,19.00,12.00,661.00,NULL,29663,'2024-05-24 04:02:22','2024-05-24 04:02:30','in_stock',0,'Botble\\ACL\\Models\\User',NULL,'digital',NULL,NULL,0,0,0,3,0),(13,'Sound Intone I65 Earphone White Version','<ul><li> Unrestrained and portable active stereo speaker</li>\n            <li> Free from the confines of wires and chords</li>\n            <li> 20 hours of portable capabilities</li>\n            <li> Double-ended Coil Cord with 3.5mm Stereo Plugs Included</li>\n            <li> 3/4″ Dome Tweeters: 2X and 4″ Woofer: 1X</li></ul>','<p>Short Hooded Coat features a straight body, large pockets with button flaps, ventilation air holes, and a string detail along the hemline. The style is completed with a drawstring hood, featuring Rains’ signature built-in cap. Made from waterproof, matte PU, this lightweight unisex rain jacket is an ode to nostalgia through its classic silhouette and utilitarian design details.</p>\n                                <p>- Casual unisex fit</p>\n\n                                <p>- 64% polyester, 36% polyurethane</p>\n\n                                <p>- Water column pressure: 4000 mm</p>\n\n                                <p>- Model is 187cm tall and wearing a size S / M</p>\n\n                                <p>- Unisex fit</p>\n\n                                <p>- Drawstring hood with built-in cap</p>\n\n                                <p>- Front placket with snap buttons</p>\n\n                                <p>- Ventilation under armpit</p>\n\n                                <p>- Adjustable cuffs</p>\n\n                                <p>- Double welted front pockets</p>\n\n                                <p>- Adjustable elastic string at hempen</p>\n\n                                <p>- Ultrasonically welded seams</p>\n\n                                <p>This is a unisex item, please check our clothing &amp; footwear sizing guide for specific Rains jacket sizing information. RAINS comes from the rainy nation of Denmark at the edge of the European continent, close to the ocean and with prevailing westerly winds; all factors that contribute to an average of 121 rain days each year. Arising from these rainy weather conditions comes the attitude that a quick rain shower may be beautiful, as well as moody- but first and foremost requires the right outfit. Rains focus on the whole experience of going outside on rainy days, issuing an invitation to explore even in the most mercurial weather.</p>','published','[\"products\\/13.jpg\",\"products\\/13-1.jpg\"]','IL-145',0,20,0,1,0,3,0,0,574,520,NULL,NULL,15.00,14.00,15.00,673.00,NULL,180498,'2024-05-24 04:02:22','2024-05-24 04:02:30','in_stock',0,'Botble\\ACL\\Models\\User',NULL,'physical',NULL,NULL,0,0,0,1,0),(14,'B&amp;O Play Mini Bluetooth Speaker','<ul><li> Unrestrained and portable active stereo speaker</li>\n            <li> Free from the confines of wires and chords</li>\n            <li> 20 hours of portable capabilities</li>\n            <li> Double-ended Coil Cord with 3.5mm Stereo Plugs Included</li>\n            <li> 3/4″ Dome Tweeters: 2X and 4″ Woofer: 1X</li></ul>','<p>Short Hooded Coat features a straight body, large pockets with button flaps, ventilation air holes, and a string detail along the hemline. The style is completed with a drawstring hood, featuring Rains’ signature built-in cap. Made from waterproof, matte PU, this lightweight unisex rain jacket is an ode to nostalgia through its classic silhouette and utilitarian design details.</p>\n                                <p>- Casual unisex fit</p>\n\n                                <p>- 64% polyester, 36% polyurethane</p>\n\n                                <p>- Water column pressure: 4000 mm</p>\n\n                                <p>- Model is 187cm tall and wearing a size S / M</p>\n\n                                <p>- Unisex fit</p>\n\n                                <p>- Drawstring hood with built-in cap</p>\n\n                                <p>- Front placket with snap buttons</p>\n\n                                <p>- Ventilation under armpit</p>\n\n                                <p>- Adjustable cuffs</p>\n\n                                <p>- Double welted front pockets</p>\n\n                                <p>- Adjustable elastic string at hempen</p>\n\n                                <p>- Ultrasonically welded seams</p>\n\n                                <p>This is a unisex item, please check our clothing &amp; footwear sizing guide for specific Rains jacket sizing information. RAINS comes from the rainy nation of Denmark at the edge of the European continent, close to the ocean and with prevailing westerly winds; all factors that contribute to an average of 121 rain days each year. Arising from these rainy weather conditions comes the attitude that a quick rain shower may be beautiful, as well as moody- but first and foremost requires the right outfit. Rains focus on the whole experience of going outside on rainy days, issuing an invitation to explore even in the most mercurial weather.</p>','published','[\"products\\/14.jpg\"]','V1-114-A1',0,16,0,1,1,3,0,0,518,NULL,NULL,NULL,15.00,15.00,18.00,832.00,NULL,78929,'2024-05-24 04:02:22','2024-05-24 04:02:30','in_stock',0,'Botble\\ACL\\Models\\User',NULL,'physical',NULL,NULL,0,0,0,4,0),(15,'Apple MacBook Air Retina 13.3-Inch Laptop','<ul><li> Unrestrained and portable active stereo speaker</li>\n            <li> Free from the confines of wires and chords</li>\n            <li> 20 hours of portable capabilities</li>\n            <li> Double-ended Coil Cord with 3.5mm Stereo Plugs Included</li>\n            <li> 3/4″ Dome Tweeters: 2X and 4″ Woofer: 1X</li></ul>','<p>Short Hooded Coat features a straight body, large pockets with button flaps, ventilation air holes, and a string detail along the hemline. The style is completed with a drawstring hood, featuring Rains’ signature built-in cap. Made from waterproof, matte PU, this lightweight unisex rain jacket is an ode to nostalgia through its classic silhouette and utilitarian design details.</p>\n                                <p>- Casual unisex fit</p>\n\n                                <p>- 64% polyester, 36% polyurethane</p>\n\n                                <p>- Water column pressure: 4000 mm</p>\n\n                                <p>- Model is 187cm tall and wearing a size S / M</p>\n\n                                <p>- Unisex fit</p>\n\n                                <p>- Drawstring hood with built-in cap</p>\n\n                                <p>- Front placket with snap buttons</p>\n\n                                <p>- Ventilation under armpit</p>\n\n                                <p>- Adjustable cuffs</p>\n\n                                <p>- Double welted front pockets</p>\n\n                                <p>- Adjustable elastic string at hempen</p>\n\n                                <p>- Ultrasonically welded seams</p>\n\n                                <p>This is a unisex item, please check our clothing &amp; footwear sizing guide for specific Rains jacket sizing information. RAINS comes from the rainy nation of Denmark at the edge of the European continent, close to the ocean and with prevailing westerly winds; all factors that contribute to an average of 121 rain days each year. Arising from these rainy weather conditions comes the attitude that a quick rain shower may be beautiful, as well as moody- but first and foremost requires the right outfit. Rains focus on the whole experience of going outside on rainy days, issuing an invitation to explore even in the most mercurial weather.</p>','published','[\"products\\/15.jpg\",\"products\\/15-1.jpg\"]','NA-192-A1',0,16,0,1,1,4,0,0,546,NULL,NULL,NULL,14.00,17.00,16.00,587.00,NULL,58821,'2024-05-24 04:02:22','2024-05-24 04:02:30','in_stock',0,'Botble\\ACL\\Models\\User',NULL,'physical',NULL,NULL,0,0,0,7,0),(16,'Apple MacBook Air Retina 12-Inch Laptop (Digital)','<ul><li> Unrestrained and portable active stereo speaker</li>\n            <li> Free from the confines of wires and chords</li>\n            <li> 20 hours of portable capabilities</li>\n            <li> Double-ended Coil Cord with 3.5mm Stereo Plugs Included</li>\n            <li> 3/4″ Dome Tweeters: 2X and 4″ Woofer: 1X</li></ul>','<p>Short Hooded Coat features a straight body, large pockets with button flaps, ventilation air holes, and a string detail along the hemline. The style is completed with a drawstring hood, featuring Rains’ signature built-in cap. Made from waterproof, matte PU, this lightweight unisex rain jacket is an ode to nostalgia through its classic silhouette and utilitarian design details.</p>\n                                <p>- Casual unisex fit</p>\n\n                                <p>- 64% polyester, 36% polyurethane</p>\n\n                                <p>- Water column pressure: 4000 mm</p>\n\n                                <p>- Model is 187cm tall and wearing a size S / M</p>\n\n                                <p>- Unisex fit</p>\n\n                                <p>- Drawstring hood with built-in cap</p>\n\n                                <p>- Front placket with snap buttons</p>\n\n                                <p>- Ventilation under armpit</p>\n\n                                <p>- Adjustable cuffs</p>\n\n                                <p>- Double welted front pockets</p>\n\n                                <p>- Adjustable elastic string at hempen</p>\n\n                                <p>- Ultrasonically welded seams</p>\n\n                                <p>This is a unisex item, please check our clothing &amp; footwear sizing guide for specific Rains jacket sizing information. RAINS comes from the rainy nation of Denmark at the edge of the European continent, close to the ocean and with prevailing westerly winds; all factors that contribute to an average of 121 rain days each year. Arising from these rainy weather conditions comes the attitude that a quick rain shower may be beautiful, as well as moody- but first and foremost requires the right outfit. Rains focus on the whole experience of going outside on rainy days, issuing an invitation to explore even in the most mercurial weather.</p>','published','[\"products\\/16.jpg\"]','XD-194',0,18,0,1,0,3,0,0,527,319,NULL,NULL,10.00,16.00,16.00,614.00,NULL,120552,'2024-05-24 04:02:22','2024-05-24 04:02:30','in_stock',0,'Botble\\ACL\\Models\\User',NULL,'digital',NULL,NULL,0,0,0,7,0),(17,'Samsung Gear VR Virtual Reality Headset','<ul><li> Unrestrained and portable active stereo speaker</li>\n            <li> Free from the confines of wires and chords</li>\n            <li> 20 hours of portable capabilities</li>\n            <li> Double-ended Coil Cord with 3.5mm Stereo Plugs Included</li>\n            <li> 3/4″ Dome Tweeters: 2X and 4″ Woofer: 1X</li></ul>','<p>Short Hooded Coat features a straight body, large pockets with button flaps, ventilation air holes, and a string detail along the hemline. The style is completed with a drawstring hood, featuring Rains’ signature built-in cap. Made from waterproof, matte PU, this lightweight unisex rain jacket is an ode to nostalgia through its classic silhouette and utilitarian design details.</p>\n                                <p>- Casual unisex fit</p>\n\n                                <p>- 64% polyester, 36% polyurethane</p>\n\n                                <p>- Water column pressure: 4000 mm</p>\n\n                                <p>- Model is 187cm tall and wearing a size S / M</p>\n\n                                <p>- Unisex fit</p>\n\n                                <p>- Drawstring hood with built-in cap</p>\n\n                                <p>- Front placket with snap buttons</p>\n\n                                <p>- Ventilation under armpit</p>\n\n                                <p>- Adjustable cuffs</p>\n\n                                <p>- Double welted front pockets</p>\n\n                                <p>- Adjustable elastic string at hempen</p>\n\n                                <p>- Ultrasonically welded seams</p>\n\n                                <p>This is a unisex item, please check our clothing &amp; footwear sizing guide for specific Rains jacket sizing information. RAINS comes from the rainy nation of Denmark at the edge of the European continent, close to the ocean and with prevailing westerly winds; all factors that contribute to an average of 121 rain days each year. Arising from these rainy weather conditions comes the attitude that a quick rain shower may be beautiful, as well as moody- but first and foremost requires the right outfit. Rains focus on the whole experience of going outside on rainy days, issuing an invitation to explore even in the most mercurial weather.</p>','published','[\"products\\/17.jpg\",\"products\\/17-1.jpg\",\"products\\/17-2.jpg\",\"products\\/17-3.jpg\"]','76-112-A1',0,11,0,1,0,1,0,0,522,NULL,NULL,NULL,10.00,17.00,17.00,585.00,NULL,166512,'2024-05-24 04:02:22','2024-05-24 04:02:30','in_stock',0,'Botble\\ACL\\Models\\User',NULL,'physical',NULL,NULL,0,0,0,4,0),(18,'Aveeno Moisturizing Body Shower 450ml','<ul><li> Unrestrained and portable active stereo speaker</li>\n            <li> Free from the confines of wires and chords</li>\n            <li> 20 hours of portable capabilities</li>\n            <li> Double-ended Coil Cord with 3.5mm Stereo Plugs Included</li>\n            <li> 3/4″ Dome Tweeters: 2X and 4″ Woofer: 1X</li></ul>','<p>Short Hooded Coat features a straight body, large pockets with button flaps, ventilation air holes, and a string detail along the hemline. The style is completed with a drawstring hood, featuring Rains’ signature built-in cap. Made from waterproof, matte PU, this lightweight unisex rain jacket is an ode to nostalgia through its classic silhouette and utilitarian design details.</p>\n                                <p>- Casual unisex fit</p>\n\n                                <p>- 64% polyester, 36% polyurethane</p>\n\n                                <p>- Water column pressure: 4000 mm</p>\n\n                                <p>- Model is 187cm tall and wearing a size S / M</p>\n\n                                <p>- Unisex fit</p>\n\n                                <p>- Drawstring hood with built-in cap</p>\n\n                                <p>- Front placket with snap buttons</p>\n\n                                <p>- Ventilation under armpit</p>\n\n                                <p>- Adjustable cuffs</p>\n\n                                <p>- Double welted front pockets</p>\n\n                                <p>- Adjustable elastic string at hempen</p>\n\n                                <p>- Ultrasonically welded seams</p>\n\n                                <p>This is a unisex item, please check our clothing &amp; footwear sizing guide for specific Rains jacket sizing information. RAINS comes from the rainy nation of Denmark at the edge of the European continent, close to the ocean and with prevailing westerly winds; all factors that contribute to an average of 121 rain days each year. Arising from these rainy weather conditions comes the attitude that a quick rain shower may be beautiful, as well as moody- but first and foremost requires the right outfit. Rains focus on the whole experience of going outside on rainy days, issuing an invitation to explore even in the most mercurial weather.</p>','published','[\"products\\/18.jpg\",\"products\\/18-1.jpg\",\"products\\/18-2.jpg\",\"products\\/18-3.jpg\"]','TG-187',0,12,0,1,0,4,0,0,1250,260,NULL,NULL,10.00,14.00,15.00,642.00,NULL,94124,'2024-05-24 04:02:22','2024-05-24 04:02:30','in_stock',0,'Botble\\ACL\\Models\\User',NULL,'physical',NULL,NULL,0,0,0,3,0),(19,'NYX Beauty Couton Pallete Makeup 12','<ul><li> Unrestrained and portable active stereo speaker</li>\n            <li> Free from the confines of wires and chords</li>\n            <li> 20 hours of portable capabilities</li>\n            <li> Double-ended Coil Cord with 3.5mm Stereo Plugs Included</li>\n            <li> 3/4″ Dome Tweeters: 2X and 4″ Woofer: 1X</li></ul>','<p>Short Hooded Coat features a straight body, large pockets with button flaps, ventilation air holes, and a string detail along the hemline. The style is completed with a drawstring hood, featuring Rains’ signature built-in cap. Made from waterproof, matte PU, this lightweight unisex rain jacket is an ode to nostalgia through its classic silhouette and utilitarian design details.</p>\n                                <p>- Casual unisex fit</p>\n\n                                <p>- 64% polyester, 36% polyurethane</p>\n\n                                <p>- Water column pressure: 4000 mm</p>\n\n                                <p>- Model is 187cm tall and wearing a size S / M</p>\n\n                                <p>- Unisex fit</p>\n\n                                <p>- Drawstring hood with built-in cap</p>\n\n                                <p>- Front placket with snap buttons</p>\n\n                                <p>- Ventilation under armpit</p>\n\n                                <p>- Adjustable cuffs</p>\n\n                                <p>- Double welted front pockets</p>\n\n                                <p>- Adjustable elastic string at hempen</p>\n\n                                <p>- Ultrasonically welded seams</p>\n\n                                <p>This is a unisex item, please check our clothing &amp; footwear sizing guide for specific Rains jacket sizing information. RAINS comes from the rainy nation of Denmark at the edge of the European continent, close to the ocean and with prevailing westerly winds; all factors that contribute to an average of 121 rain days each year. Arising from these rainy weather conditions comes the attitude that a quick rain shower may be beautiful, as well as moody- but first and foremost requires the right outfit. Rains focus on the whole experience of going outside on rainy days, issuing an invitation to explore even in the most mercurial weather.</p>','published','[\"products\\/19.jpg\",\"products\\/19-1.jpg\",\"products\\/19-2.jpg\",\"products\\/19-3.jpg\"]','Z9-143-A1',0,18,0,1,0,4,0,0,1121,NULL,NULL,NULL,13.00,10.00,20.00,683.00,NULL,81881,'2024-05-24 04:02:22','2024-05-24 04:02:30','in_stock',0,'Botble\\ACL\\Models\\User',NULL,'physical',NULL,NULL,0,0,0,4,0),(20,'NYX Beauty Couton Pallete Makeup 12 (Digital)','<ul><li> Unrestrained and portable active stereo speaker</li>\n            <li> Free from the confines of wires and chords</li>\n            <li> 20 hours of portable capabilities</li>\n            <li> Double-ended Coil Cord with 3.5mm Stereo Plugs Included</li>\n            <li> 3/4″ Dome Tweeters: 2X and 4″ Woofer: 1X</li></ul>','<p>Short Hooded Coat features a straight body, large pockets with button flaps, ventilation air holes, and a string detail along the hemline. The style is completed with a drawstring hood, featuring Rains’ signature built-in cap. Made from waterproof, matte PU, this lightweight unisex rain jacket is an ode to nostalgia through its classic silhouette and utilitarian design details.</p>\n                                <p>- Casual unisex fit</p>\n\n                                <p>- 64% polyester, 36% polyurethane</p>\n\n                                <p>- Water column pressure: 4000 mm</p>\n\n                                <p>- Model is 187cm tall and wearing a size S / M</p>\n\n                                <p>- Unisex fit</p>\n\n                                <p>- Drawstring hood with built-in cap</p>\n\n                                <p>- Front placket with snap buttons</p>\n\n                                <p>- Ventilation under armpit</p>\n\n                                <p>- Adjustable cuffs</p>\n\n                                <p>- Double welted front pockets</p>\n\n                                <p>- Adjustable elastic string at hempen</p>\n\n                                <p>- Ultrasonically welded seams</p>\n\n                                <p>This is a unisex item, please check our clothing &amp; footwear sizing guide for specific Rains jacket sizing information. RAINS comes from the rainy nation of Denmark at the edge of the European continent, close to the ocean and with prevailing westerly winds; all factors that contribute to an average of 121 rain days each year. Arising from these rainy weather conditions comes the attitude that a quick rain shower may be beautiful, as well as moody- but first and foremost requires the right outfit. Rains focus on the whole experience of going outside on rainy days, issuing an invitation to explore even in the most mercurial weather.</p>','published','[\"products\\/20.jpg\",\"products\\/20-1.jpg\",\"products\\/20-2.jpg\",\"products\\/20-3.jpg\"]','WR-155-A1',0,15,0,1,1,4,0,0,781,570.13,NULL,NULL,13.00,15.00,15.00,882.00,NULL,150028,'2024-05-24 04:02:22','2024-05-24 04:02:30','in_stock',0,'Botble\\ACL\\Models\\User',NULL,'digital',NULL,NULL,0,0,0,6,0),(21,'MVMTH Classical Leather Watch In Black','<ul><li> Unrestrained and portable active stereo speaker</li>\n            <li> Free from the confines of wires and chords</li>\n            <li> 20 hours of portable capabilities</li>\n            <li> Double-ended Coil Cord with 3.5mm Stereo Plugs Included</li>\n            <li> 3/4″ Dome Tweeters: 2X and 4″ Woofer: 1X</li></ul>','<p>Short Hooded Coat features a straight body, large pockets with button flaps, ventilation air holes, and a string detail along the hemline. The style is completed with a drawstring hood, featuring Rains’ signature built-in cap. Made from waterproof, matte PU, this lightweight unisex rain jacket is an ode to nostalgia through its classic silhouette and utilitarian design details.</p>\n                                <p>- Casual unisex fit</p>\n\n                                <p>- 64% polyester, 36% polyurethane</p>\n\n                                <p>- Water column pressure: 4000 mm</p>\n\n                                <p>- Model is 187cm tall and wearing a size S / M</p>\n\n                                <p>- Unisex fit</p>\n\n                                <p>- Drawstring hood with built-in cap</p>\n\n                                <p>- Front placket with snap buttons</p>\n\n                                <p>- Ventilation under armpit</p>\n\n                                <p>- Adjustable cuffs</p>\n\n                                <p>- Double welted front pockets</p>\n\n                                <p>- Adjustable elastic string at hempen</p>\n\n                                <p>- Ultrasonically welded seams</p>\n\n                                <p>This is a unisex item, please check our clothing &amp; footwear sizing guide for specific Rains jacket sizing information. RAINS comes from the rainy nation of Denmark at the edge of the European continent, close to the ocean and with prevailing westerly winds; all factors that contribute to an average of 121 rain days each year. Arising from these rainy weather conditions comes the attitude that a quick rain shower may be beautiful, as well as moody- but first and foremost requires the right outfit. Rains focus on the whole experience of going outside on rainy days, issuing an invitation to explore even in the most mercurial weather.</p>','published','[\"products\\/21.jpg\",\"products\\/21-1.jpg\",\"products\\/21-2.jpg\"]','4Z-160',0,18,0,1,1,1,0,0,979,233,NULL,NULL,17.00,20.00,10.00,534.00,NULL,38110,'2024-05-24 04:02:22','2024-05-24 04:02:30','in_stock',0,'Botble\\ACL\\Models\\User',NULL,'physical',NULL,NULL,0,0,0,1,0),(22,'Baxter Care Hair Kit For Bearded Mens','<ul><li> Unrestrained and portable active stereo speaker</li>\n            <li> Free from the confines of wires and chords</li>\n            <li> 20 hours of portable capabilities</li>\n            <li> Double-ended Coil Cord with 3.5mm Stereo Plugs Included</li>\n            <li> 3/4″ Dome Tweeters: 2X and 4″ Woofer: 1X</li></ul>','<p>Short Hooded Coat features a straight body, large pockets with button flaps, ventilation air holes, and a string detail along the hemline. The style is completed with a drawstring hood, featuring Rains’ signature built-in cap. Made from waterproof, matte PU, this lightweight unisex rain jacket is an ode to nostalgia through its classic silhouette and utilitarian design details.</p>\n                                <p>- Casual unisex fit</p>\n\n                                <p>- 64% polyester, 36% polyurethane</p>\n\n                                <p>- Water column pressure: 4000 mm</p>\n\n                                <p>- Model is 187cm tall and wearing a size S / M</p>\n\n                                <p>- Unisex fit</p>\n\n                                <p>- Drawstring hood with built-in cap</p>\n\n                                <p>- Front placket with snap buttons</p>\n\n                                <p>- Ventilation under armpit</p>\n\n                                <p>- Adjustable cuffs</p>\n\n                                <p>- Double welted front pockets</p>\n\n                                <p>- Adjustable elastic string at hempen</p>\n\n                                <p>- Ultrasonically welded seams</p>\n\n                                <p>This is a unisex item, please check our clothing &amp; footwear sizing guide for specific Rains jacket sizing information. RAINS comes from the rainy nation of Denmark at the edge of the European continent, close to the ocean and with prevailing westerly winds; all factors that contribute to an average of 121 rain days each year. Arising from these rainy weather conditions comes the attitude that a quick rain shower may be beautiful, as well as moody- but first and foremost requires the right outfit. Rains focus on the whole experience of going outside on rainy days, issuing an invitation to explore even in the most mercurial weather.</p>','published','[\"products\\/22.jpg\",\"products\\/22-1.jpg\",\"products\\/22-2.jpg\",\"products\\/22-3.jpg\"]','QO-166',0,17,0,1,1,3,0,0,593,115,NULL,NULL,19.00,19.00,15.00,859.00,NULL,87210,'2024-05-24 04:02:22','2024-05-24 04:02:30','in_stock',0,'Botble\\ACL\\Models\\User',NULL,'physical',NULL,NULL,0,0,0,6,0),(23,'Ciate Palemore Lipstick Bold Red Color','<ul><li> Unrestrained and portable active stereo speaker</li>\n            <li> Free from the confines of wires and chords</li>\n            <li> 20 hours of portable capabilities</li>\n            <li> Double-ended Coil Cord with 3.5mm Stereo Plugs Included</li>\n            <li> 3/4″ Dome Tweeters: 2X and 4″ Woofer: 1X</li></ul>','<p>Short Hooded Coat features a straight body, large pockets with button flaps, ventilation air holes, and a string detail along the hemline. The style is completed with a drawstring hood, featuring Rains’ signature built-in cap. Made from waterproof, matte PU, this lightweight unisex rain jacket is an ode to nostalgia through its classic silhouette and utilitarian design details.</p>\n                                <p>- Casual unisex fit</p>\n\n                                <p>- 64% polyester, 36% polyurethane</p>\n\n                                <p>- Water column pressure: 4000 mm</p>\n\n                                <p>- Model is 187cm tall and wearing a size S / M</p>\n\n                                <p>- Unisex fit</p>\n\n                                <p>- Drawstring hood with built-in cap</p>\n\n                                <p>- Front placket with snap buttons</p>\n\n                                <p>- Ventilation under armpit</p>\n\n                                <p>- Adjustable cuffs</p>\n\n                                <p>- Double welted front pockets</p>\n\n                                <p>- Adjustable elastic string at hempen</p>\n\n                                <p>- Ultrasonically welded seams</p>\n\n                                <p>This is a unisex item, please check our clothing &amp; footwear sizing guide for specific Rains jacket sizing information. RAINS comes from the rainy nation of Denmark at the edge of the European continent, close to the ocean and with prevailing westerly winds; all factors that contribute to an average of 121 rain days each year. Arising from these rainy weather conditions comes the attitude that a quick rain shower may be beautiful, as well as moody- but first and foremost requires the right outfit. Rains focus on the whole experience of going outside on rainy days, issuing an invitation to explore even in the most mercurial weather.</p>','published','[\"products\\/23.jpg\",\"products\\/23-1.jpg\",\"products\\/23-2.jpg\",\"products\\/23-3.jpg\"]','BE-157',0,17,0,1,0,1,0,0,965,358,NULL,NULL,13.00,18.00,10.00,862.00,NULL,127926,'2024-05-24 04:02:22','2024-05-24 04:02:30','in_stock',0,'Botble\\ACL\\Models\\User',NULL,'physical',NULL,NULL,0,0,0,8,0),(24,'Vimto Squash Remix Apple 1.5 Litres (Digital)','<ul><li> Unrestrained and portable active stereo speaker</li>\n            <li> Free from the confines of wires and chords</li>\n            <li> 20 hours of portable capabilities</li>\n            <li> Double-ended Coil Cord with 3.5mm Stereo Plugs Included</li>\n            <li> 3/4″ Dome Tweeters: 2X and 4″ Woofer: 1X</li></ul>','<p>Short Hooded Coat features a straight body, large pockets with button flaps, ventilation air holes, and a string detail along the hemline. The style is completed with a drawstring hood, featuring Rains’ signature built-in cap. Made from waterproof, matte PU, this lightweight unisex rain jacket is an ode to nostalgia through its classic silhouette and utilitarian design details.</p>\n                                <p>- Casual unisex fit</p>\n\n                                <p>- 64% polyester, 36% polyurethane</p>\n\n                                <p>- Water column pressure: 4000 mm</p>\n\n                                <p>- Model is 187cm tall and wearing a size S / M</p>\n\n                                <p>- Unisex fit</p>\n\n                                <p>- Drawstring hood with built-in cap</p>\n\n                                <p>- Front placket with snap buttons</p>\n\n                                <p>- Ventilation under armpit</p>\n\n                                <p>- Adjustable cuffs</p>\n\n                                <p>- Double welted front pockets</p>\n\n                                <p>- Adjustable elastic string at hempen</p>\n\n                                <p>- Ultrasonically welded seams</p>\n\n                                <p>This is a unisex item, please check our clothing &amp; footwear sizing guide for specific Rains jacket sizing information. RAINS comes from the rainy nation of Denmark at the edge of the European continent, close to the ocean and with prevailing westerly winds; all factors that contribute to an average of 121 rain days each year. Arising from these rainy weather conditions comes the attitude that a quick rain shower may be beautiful, as well as moody- but first and foremost requires the right outfit. Rains focus on the whole experience of going outside on rainy days, issuing an invitation to explore even in the most mercurial weather.</p>','published','[\"products\\/24.jpg\",\"products\\/24-1.jpg\",\"products\\/24-2.jpg\"]','KP-192-A1',0,20,0,1,1,2,0,0,663,543.66,NULL,NULL,12.00,14.00,19.00,854.00,NULL,71130,'2024-05-24 04:02:22','2024-05-24 04:02:30','in_stock',0,'Botble\\ACL\\Models\\User',NULL,'digital',NULL,NULL,0,0,0,1,0),(25,'Crock Pot Slow Cooker','<ul><li> Unrestrained and portable active stereo speaker</li>\n            <li> Free from the confines of wires and chords</li>\n            <li> 20 hours of portable capabilities</li>\n            <li> Double-ended Coil Cord with 3.5mm Stereo Plugs Included</li>\n            <li> 3/4″ Dome Tweeters: 2X and 4″ Woofer: 1X</li></ul>','<p>Short Hooded Coat features a straight body, large pockets with button flaps, ventilation air holes, and a string detail along the hemline. The style is completed with a drawstring hood, featuring Rains’ signature built-in cap. Made from waterproof, matte PU, this lightweight unisex rain jacket is an ode to nostalgia through its classic silhouette and utilitarian design details.</p>\n                                <p>- Casual unisex fit</p>\n\n                                <p>- 64% polyester, 36% polyurethane</p>\n\n                                <p>- Water column pressure: 4000 mm</p>\n\n                                <p>- Model is 187cm tall and wearing a size S / M</p>\n\n                                <p>- Unisex fit</p>\n\n                                <p>- Drawstring hood with built-in cap</p>\n\n                                <p>- Front placket with snap buttons</p>\n\n                                <p>- Ventilation under armpit</p>\n\n                                <p>- Adjustable cuffs</p>\n\n                                <p>- Double welted front pockets</p>\n\n                                <p>- Adjustable elastic string at hempen</p>\n\n                                <p>- Ultrasonically welded seams</p>\n\n                                <p>This is a unisex item, please check our clothing &amp; footwear sizing guide for specific Rains jacket sizing information. RAINS comes from the rainy nation of Denmark at the edge of the European continent, close to the ocean and with prevailing westerly winds; all factors that contribute to an average of 121 rain days each year. Arising from these rainy weather conditions comes the attitude that a quick rain shower may be beautiful, as well as moody- but first and foremost requires the right outfit. Rains focus on the whole experience of going outside on rainy days, issuing an invitation to explore even in the most mercurial weather.</p>','published','[\"products\\/25.jpg\",\"products\\/25-1.jpg\",\"products\\/25-2.jpg\"]','EU-128-A1',0,17,0,1,0,4,0,0,548,NULL,NULL,NULL,11.00,15.00,10.00,563.00,NULL,99653,'2024-05-24 04:02:22','2024-05-24 04:02:30','in_stock',0,'Botble\\ACL\\Models\\User',NULL,'physical',NULL,NULL,0,0,0,8,0),(26,'Taylors of Harrogate Yorkshire Coffee','<ul><li> Unrestrained and portable active stereo speaker</li>\n            <li> Free from the confines of wires and chords</li>\n            <li> 20 hours of portable capabilities</li>\n            <li> Double-ended Coil Cord with 3.5mm Stereo Plugs Included</li>\n            <li> 3/4″ Dome Tweeters: 2X and 4″ Woofer: 1X</li></ul>','<p>Short Hooded Coat features a straight body, large pockets with button flaps, ventilation air holes, and a string detail along the hemline. The style is completed with a drawstring hood, featuring Rains’ signature built-in cap. Made from waterproof, matte PU, this lightweight unisex rain jacket is an ode to nostalgia through its classic silhouette and utilitarian design details.</p>\n                                <p>- Casual unisex fit</p>\n\n                                <p>- 64% polyester, 36% polyurethane</p>\n\n                                <p>- Water column pressure: 4000 mm</p>\n\n                                <p>- Model is 187cm tall and wearing a size S / M</p>\n\n                                <p>- Unisex fit</p>\n\n                                <p>- Drawstring hood with built-in cap</p>\n\n                                <p>- Front placket with snap buttons</p>\n\n                                <p>- Ventilation under armpit</p>\n\n                                <p>- Adjustable cuffs</p>\n\n                                <p>- Double welted front pockets</p>\n\n                                <p>- Adjustable elastic string at hempen</p>\n\n                                <p>- Ultrasonically welded seams</p>\n\n                                <p>This is a unisex item, please check our clothing &amp; footwear sizing guide for specific Rains jacket sizing information. RAINS comes from the rainy nation of Denmark at the edge of the European continent, close to the ocean and with prevailing westerly winds; all factors that contribute to an average of 121 rain days each year. Arising from these rainy weather conditions comes the attitude that a quick rain shower may be beautiful, as well as moody- but first and foremost requires the right outfit. Rains focus on the whole experience of going outside on rainy days, issuing an invitation to explore even in the most mercurial weather.</p>','published','[\"products\\/26.jpg\",\"products\\/26-1.jpg\"]','C2-156-A1',0,10,0,1,1,4,0,0,1294,NULL,NULL,NULL,17.00,19.00,19.00,856.00,NULL,14571,'2024-05-24 04:02:22','2024-05-24 04:02:30','in_stock',0,'Botble\\ACL\\Models\\User',NULL,'physical',NULL,NULL,0,0,0,3,0),(27,'Soft Mochi &amp; Galeto Ice Cream','<ul><li> Unrestrained and portable active stereo speaker</li>\n            <li> Free from the confines of wires and chords</li>\n            <li> 20 hours of portable capabilities</li>\n            <li> Double-ended Coil Cord with 3.5mm Stereo Plugs Included</li>\n            <li> 3/4″ Dome Tweeters: 2X and 4″ Woofer: 1X</li></ul>','<p>Short Hooded Coat features a straight body, large pockets with button flaps, ventilation air holes, and a string detail along the hemline. The style is completed with a drawstring hood, featuring Rains’ signature built-in cap. Made from waterproof, matte PU, this lightweight unisex rain jacket is an ode to nostalgia through its classic silhouette and utilitarian design details.</p>\n                                <p>- Casual unisex fit</p>\n\n                                <p>- 64% polyester, 36% polyurethane</p>\n\n                                <p>- Water column pressure: 4000 mm</p>\n\n                                <p>- Model is 187cm tall and wearing a size S / M</p>\n\n                                <p>- Unisex fit</p>\n\n                                <p>- Drawstring hood with built-in cap</p>\n\n                                <p>- Front placket with snap buttons</p>\n\n                                <p>- Ventilation under armpit</p>\n\n                                <p>- Adjustable cuffs</p>\n\n                                <p>- Double welted front pockets</p>\n\n                                <p>- Adjustable elastic string at hempen</p>\n\n                                <p>- Ultrasonically welded seams</p>\n\n                                <p>This is a unisex item, please check our clothing &amp; footwear sizing guide for specific Rains jacket sizing information. RAINS comes from the rainy nation of Denmark at the edge of the European continent, close to the ocean and with prevailing westerly winds; all factors that contribute to an average of 121 rain days each year. Arising from these rainy weather conditions comes the attitude that a quick rain shower may be beautiful, as well as moody- but first and foremost requires the right outfit. Rains focus on the whole experience of going outside on rainy days, issuing an invitation to explore even in the most mercurial weather.</p>','published','[\"products\\/27.jpg\",\"products\\/27-1.jpg\"]','LM-111-A1',0,17,0,1,1,3,0,0,1246,NULL,NULL,NULL,14.00,10.00,20.00,768.00,NULL,5087,'2024-05-24 04:02:22','2024-05-24 04:02:30','in_stock',0,'Botble\\ACL\\Models\\User',NULL,'physical',NULL,NULL,0,0,0,7,0),(28,'Naked Noodle Egg Noodles Singapore (Digital)','<ul><li> Unrestrained and portable active stereo speaker</li>\n            <li> Free from the confines of wires and chords</li>\n            <li> 20 hours of portable capabilities</li>\n            <li> Double-ended Coil Cord with 3.5mm Stereo Plugs Included</li>\n            <li> 3/4″ Dome Tweeters: 2X and 4″ Woofer: 1X</li></ul>','<p>Short Hooded Coat features a straight body, large pockets with button flaps, ventilation air holes, and a string detail along the hemline. The style is completed with a drawstring hood, featuring Rains’ signature built-in cap. Made from waterproof, matte PU, this lightweight unisex rain jacket is an ode to nostalgia through its classic silhouette and utilitarian design details.</p>\n                                <p>- Casual unisex fit</p>\n\n                                <p>- 64% polyester, 36% polyurethane</p>\n\n                                <p>- Water column pressure: 4000 mm</p>\n\n                                <p>- Model is 187cm tall and wearing a size S / M</p>\n\n                                <p>- Unisex fit</p>\n\n                                <p>- Drawstring hood with built-in cap</p>\n\n                                <p>- Front placket with snap buttons</p>\n\n                                <p>- Ventilation under armpit</p>\n\n                                <p>- Adjustable cuffs</p>\n\n                                <p>- Double welted front pockets</p>\n\n                                <p>- Adjustable elastic string at hempen</p>\n\n                                <p>- Ultrasonically welded seams</p>\n\n                                <p>This is a unisex item, please check our clothing &amp; footwear sizing guide for specific Rains jacket sizing information. RAINS comes from the rainy nation of Denmark at the edge of the European continent, close to the ocean and with prevailing westerly winds; all factors that contribute to an average of 121 rain days each year. Arising from these rainy weather conditions comes the attitude that a quick rain shower may be beautiful, as well as moody- but first and foremost requires the right outfit. Rains focus on the whole experience of going outside on rainy days, issuing an invitation to explore even in the most mercurial weather.</p>','published','[\"products\\/28.jpg\",\"products\\/28-1.jpg\",\"products\\/28-2.jpg\"]','AT-152',0,16,0,1,1,5,0,0,944,825,NULL,NULL,14.00,12.00,15.00,629.00,NULL,72509,'2024-05-24 04:02:23','2024-05-24 04:02:30','in_stock',0,'Botble\\ACL\\Models\\User',NULL,'digital',NULL,NULL,0,0,0,2,0),(29,'Saute Pan Silver','<ul><li> Unrestrained and portable active stereo speaker</li>\n            <li> Free from the confines of wires and chords</li>\n            <li> 20 hours of portable capabilities</li>\n            <li> Double-ended Coil Cord with 3.5mm Stereo Plugs Included</li>\n            <li> 3/4″ Dome Tweeters: 2X and 4″ Woofer: 1X</li></ul>','<p>Short Hooded Coat features a straight body, large pockets with button flaps, ventilation air holes, and a string detail along the hemline. The style is completed with a drawstring hood, featuring Rains’ signature built-in cap. Made from waterproof, matte PU, this lightweight unisex rain jacket is an ode to nostalgia through its classic silhouette and utilitarian design details.</p>\n                                <p>- Casual unisex fit</p>\n\n                                <p>- 64% polyester, 36% polyurethane</p>\n\n                                <p>- Water column pressure: 4000 mm</p>\n\n                                <p>- Model is 187cm tall and wearing a size S / M</p>\n\n                                <p>- Unisex fit</p>\n\n                                <p>- Drawstring hood with built-in cap</p>\n\n                                <p>- Front placket with snap buttons</p>\n\n                                <p>- Ventilation under armpit</p>\n\n                                <p>- Adjustable cuffs</p>\n\n                                <p>- Double welted front pockets</p>\n\n                                <p>- Adjustable elastic string at hempen</p>\n\n                                <p>- Ultrasonically welded seams</p>\n\n                                <p>This is a unisex item, please check our clothing &amp; footwear sizing guide for specific Rains jacket sizing information. RAINS comes from the rainy nation of Denmark at the edge of the European continent, close to the ocean and with prevailing westerly winds; all factors that contribute to an average of 121 rain days each year. Arising from these rainy weather conditions comes the attitude that a quick rain shower may be beautiful, as well as moody- but first and foremost requires the right outfit. Rains focus on the whole experience of going outside on rainy days, issuing an invitation to explore even in the most mercurial weather.</p>','published','[\"products\\/29.jpg\",\"products\\/29-1.jpg\",\"products\\/29-2.jpg\"]','RF-101',0,11,0,1,0,3,0,0,603,423,NULL,NULL,18.00,19.00,11.00,597.00,NULL,113798,'2024-05-24 04:02:23','2024-05-24 04:02:30','in_stock',0,'Botble\\ACL\\Models\\User',NULL,'physical',NULL,NULL,0,0,0,4,0),(30,'Bar S – Classic Bun Length Franks','<ul><li> Unrestrained and portable active stereo speaker</li>\n            <li> Free from the confines of wires and chords</li>\n            <li> 20 hours of portable capabilities</li>\n            <li> Double-ended Coil Cord with 3.5mm Stereo Plugs Included</li>\n            <li> 3/4″ Dome Tweeters: 2X and 4″ Woofer: 1X</li></ul>','<p>Short Hooded Coat features a straight body, large pockets with button flaps, ventilation air holes, and a string detail along the hemline. The style is completed with a drawstring hood, featuring Rains’ signature built-in cap. Made from waterproof, matte PU, this lightweight unisex rain jacket is an ode to nostalgia through its classic silhouette and utilitarian design details.</p>\n                                <p>- Casual unisex fit</p>\n\n                                <p>- 64% polyester, 36% polyurethane</p>\n\n                                <p>- Water column pressure: 4000 mm</p>\n\n                                <p>- Model is 187cm tall and wearing a size S / M</p>\n\n                                <p>- Unisex fit</p>\n\n                                <p>- Drawstring hood with built-in cap</p>\n\n                                <p>- Front placket with snap buttons</p>\n\n                                <p>- Ventilation under armpit</p>\n\n                                <p>- Adjustable cuffs</p>\n\n                                <p>- Double welted front pockets</p>\n\n                                <p>- Adjustable elastic string at hempen</p>\n\n                                <p>- Ultrasonically welded seams</p>\n\n                                <p>This is a unisex item, please check our clothing &amp; footwear sizing guide for specific Rains jacket sizing information. RAINS comes from the rainy nation of Denmark at the edge of the European continent, close to the ocean and with prevailing westerly winds; all factors that contribute to an average of 121 rain days each year. Arising from these rainy weather conditions comes the attitude that a quick rain shower may be beautiful, as well as moody- but first and foremost requires the right outfit. Rains focus on the whole experience of going outside on rainy days, issuing an invitation to explore even in the most mercurial weather.</p>','published','[\"products\\/30.jpg\",\"products\\/30-1.jpg\",\"products\\/30-2.jpg\"]','XN-189',0,13,0,1,1,3,0,0,1196,176,NULL,NULL,17.00,15.00,16.00,878.00,NULL,163703,'2024-05-24 04:02:23','2024-05-24 04:02:30','in_stock',0,'Botble\\ACL\\Models\\User',NULL,'physical',NULL,NULL,0,0,0,1,0),(31,'Broccoli Crowns','<ul><li> Unrestrained and portable active stereo speaker</li>\n            <li> Free from the confines of wires and chords</li>\n            <li> 20 hours of portable capabilities</li>\n            <li> Double-ended Coil Cord with 3.5mm Stereo Plugs Included</li>\n            <li> 3/4″ Dome Tweeters: 2X and 4″ Woofer: 1X</li></ul>','<p>Short Hooded Coat features a straight body, large pockets with button flaps, ventilation air holes, and a string detail along the hemline. The style is completed with a drawstring hood, featuring Rains’ signature built-in cap. Made from waterproof, matte PU, this lightweight unisex rain jacket is an ode to nostalgia through its classic silhouette and utilitarian design details.</p>\n                                <p>- Casual unisex fit</p>\n\n                                <p>- 64% polyester, 36% polyurethane</p>\n\n                                <p>- Water column pressure: 4000 mm</p>\n\n                                <p>- Model is 187cm tall and wearing a size S / M</p>\n\n                                <p>- Unisex fit</p>\n\n                                <p>- Drawstring hood with built-in cap</p>\n\n                                <p>- Front placket with snap buttons</p>\n\n                                <p>- Ventilation under armpit</p>\n\n                                <p>- Adjustable cuffs</p>\n\n                                <p>- Double welted front pockets</p>\n\n                                <p>- Adjustable elastic string at hempen</p>\n\n                                <p>- Ultrasonically welded seams</p>\n\n                                <p>This is a unisex item, please check our clothing &amp; footwear sizing guide for specific Rains jacket sizing information. RAINS comes from the rainy nation of Denmark at the edge of the European continent, close to the ocean and with prevailing westerly winds; all factors that contribute to an average of 121 rain days each year. Arising from these rainy weather conditions comes the attitude that a quick rain shower may be beautiful, as well as moody- but first and foremost requires the right outfit. Rains focus on the whole experience of going outside on rainy days, issuing an invitation to explore even in the most mercurial weather.</p>','published','[\"products\\/31.jpg\",\"products\\/31-1.jpg\"]','PW-200',0,11,0,1,0,1,0,0,503,89,NULL,NULL,10.00,13.00,15.00,714.00,NULL,98234,'2024-05-24 04:02:23','2024-05-24 04:02:30','in_stock',0,'Botble\\ACL\\Models\\User',NULL,'physical',NULL,NULL,0,0,0,1,0),(32,'Slimming World Vegan Mac Greens (Digital)','<ul><li> Unrestrained and portable active stereo speaker</li>\n            <li> Free from the confines of wires and chords</li>\n            <li> 20 hours of portable capabilities</li>\n            <li> Double-ended Coil Cord with 3.5mm Stereo Plugs Included</li>\n            <li> 3/4″ Dome Tweeters: 2X and 4″ Woofer: 1X</li></ul>','<p>Short Hooded Coat features a straight body, large pockets with button flaps, ventilation air holes, and a string detail along the hemline. The style is completed with a drawstring hood, featuring Rains’ signature built-in cap. Made from waterproof, matte PU, this lightweight unisex rain jacket is an ode to nostalgia through its classic silhouette and utilitarian design details.</p>\n                                <p>- Casual unisex fit</p>\n\n                                <p>- 64% polyester, 36% polyurethane</p>\n\n                                <p>- Water column pressure: 4000 mm</p>\n\n                                <p>- Model is 187cm tall and wearing a size S / M</p>\n\n                                <p>- Unisex fit</p>\n\n                                <p>- Drawstring hood with built-in cap</p>\n\n                                <p>- Front placket with snap buttons</p>\n\n                                <p>- Ventilation under armpit</p>\n\n                                <p>- Adjustable cuffs</p>\n\n                                <p>- Double welted front pockets</p>\n\n                                <p>- Adjustable elastic string at hempen</p>\n\n                                <p>- Ultrasonically welded seams</p>\n\n                                <p>This is a unisex item, please check our clothing &amp; footwear sizing guide for specific Rains jacket sizing information. RAINS comes from the rainy nation of Denmark at the edge of the European continent, close to the ocean and with prevailing westerly winds; all factors that contribute to an average of 121 rain days each year. Arising from these rainy weather conditions comes the attitude that a quick rain shower may be beautiful, as well as moody- but first and foremost requires the right outfit. Rains focus on the whole experience of going outside on rainy days, issuing an invitation to explore even in the most mercurial weather.</p>','published','[\"products\\/32.jpg\",\"products\\/32-1.jpg\",\"products\\/32-2.jpg\"]','14-105-A1',0,12,0,1,0,3,0,0,534,464.58,NULL,NULL,13.00,18.00,14.00,533.00,NULL,143440,'2024-05-24 04:02:23','2024-05-24 04:02:30','in_stock',0,'Botble\\ACL\\Models\\User',NULL,'digital',NULL,NULL,0,0,0,8,0),(33,'Häagen-Dazs Salted Caramel','<ul><li> Unrestrained and portable active stereo speaker</li>\n            <li> Free from the confines of wires and chords</li>\n            <li> 20 hours of portable capabilities</li>\n            <li> Double-ended Coil Cord with 3.5mm Stereo Plugs Included</li>\n            <li> 3/4″ Dome Tweeters: 2X and 4″ Woofer: 1X</li></ul>','<p>Short Hooded Coat features a straight body, large pockets with button flaps, ventilation air holes, and a string detail along the hemline. The style is completed with a drawstring hood, featuring Rains’ signature built-in cap. Made from waterproof, matte PU, this lightweight unisex rain jacket is an ode to nostalgia through its classic silhouette and utilitarian design details.</p>\n                                <p>- Casual unisex fit</p>\n\n                                <p>- 64% polyester, 36% polyurethane</p>\n\n                                <p>- Water column pressure: 4000 mm</p>\n\n                                <p>- Model is 187cm tall and wearing a size S / M</p>\n\n                                <p>- Unisex fit</p>\n\n                                <p>- Drawstring hood with built-in cap</p>\n\n                                <p>- Front placket with snap buttons</p>\n\n                                <p>- Ventilation under armpit</p>\n\n                                <p>- Adjustable cuffs</p>\n\n                                <p>- Double welted front pockets</p>\n\n                                <p>- Adjustable elastic string at hempen</p>\n\n                                <p>- Ultrasonically welded seams</p>\n\n                                <p>This is a unisex item, please check our clothing &amp; footwear sizing guide for specific Rains jacket sizing information. RAINS comes from the rainy nation of Denmark at the edge of the European continent, close to the ocean and with prevailing westerly winds; all factors that contribute to an average of 121 rain days each year. Arising from these rainy weather conditions comes the attitude that a quick rain shower may be beautiful, as well as moody- but first and foremost requires the right outfit. Rains focus on the whole experience of going outside on rainy days, issuing an invitation to explore even in the most mercurial weather.</p>','published','[\"products\\/33.jpg\",\"products\\/33-1.jpg\",\"products\\/33-2.jpg\"]','AF-101',0,17,0,1,0,4,0,0,1130,750,NULL,NULL,17.00,14.00,14.00,517.00,NULL,69999,'2024-05-24 04:02:23','2024-05-24 04:02:30','in_stock',0,'Botble\\ACL\\Models\\User',NULL,'physical',NULL,NULL,0,0,0,4,0),(34,'Iceland 3 Solo Exotic Burst','<ul><li> Unrestrained and portable active stereo speaker</li>\n            <li> Free from the confines of wires and chords</li>\n            <li> 20 hours of portable capabilities</li>\n            <li> Double-ended Coil Cord with 3.5mm Stereo Plugs Included</li>\n            <li> 3/4″ Dome Tweeters: 2X and 4″ Woofer: 1X</li></ul>','<p>Short Hooded Coat features a straight body, large pockets with button flaps, ventilation air holes, and a string detail along the hemline. The style is completed with a drawstring hood, featuring Rains’ signature built-in cap. Made from waterproof, matte PU, this lightweight unisex rain jacket is an ode to nostalgia through its classic silhouette and utilitarian design details.</p>\n                                <p>- Casual unisex fit</p>\n\n                                <p>- 64% polyester, 36% polyurethane</p>\n\n                                <p>- Water column pressure: 4000 mm</p>\n\n                                <p>- Model is 187cm tall and wearing a size S / M</p>\n\n                                <p>- Unisex fit</p>\n\n                                <p>- Drawstring hood with built-in cap</p>\n\n                                <p>- Front placket with snap buttons</p>\n\n                                <p>- Ventilation under armpit</p>\n\n                                <p>- Adjustable cuffs</p>\n\n                                <p>- Double welted front pockets</p>\n\n                                <p>- Adjustable elastic string at hempen</p>\n\n                                <p>- Ultrasonically welded seams</p>\n\n                                <p>This is a unisex item, please check our clothing &amp; footwear sizing guide for specific Rains jacket sizing information. RAINS comes from the rainy nation of Denmark at the edge of the European continent, close to the ocean and with prevailing westerly winds; all factors that contribute to an average of 121 rain days each year. Arising from these rainy weather conditions comes the attitude that a quick rain shower may be beautiful, as well as moody- but first and foremost requires the right outfit. Rains focus on the whole experience of going outside on rainy days, issuing an invitation to explore even in the most mercurial weather.</p>','published','[\"products\\/34.jpg\",\"products\\/34-1.jpg\"]','QQ-172',0,16,0,1,0,4,0,0,1144,803,NULL,NULL,17.00,14.00,20.00,775.00,NULL,50487,'2024-05-24 04:02:23','2024-05-24 04:02:30','in_stock',0,'Botble\\ACL\\Models\\User',NULL,'physical',NULL,NULL,0,0,0,6,0),(35,'Extreme Budweiser Light Can','<ul><li> Unrestrained and portable active stereo speaker</li>\n            <li> Free from the confines of wires and chords</li>\n            <li> 20 hours of portable capabilities</li>\n            <li> Double-ended Coil Cord with 3.5mm Stereo Plugs Included</li>\n            <li> 3/4″ Dome Tweeters: 2X and 4″ Woofer: 1X</li></ul>','<p>Short Hooded Coat features a straight body, large pockets with button flaps, ventilation air holes, and a string detail along the hemline. The style is completed with a drawstring hood, featuring Rains’ signature built-in cap. Made from waterproof, matte PU, this lightweight unisex rain jacket is an ode to nostalgia through its classic silhouette and utilitarian design details.</p>\n                                <p>- Casual unisex fit</p>\n\n                                <p>- 64% polyester, 36% polyurethane</p>\n\n                                <p>- Water column pressure: 4000 mm</p>\n\n                                <p>- Model is 187cm tall and wearing a size S / M</p>\n\n                                <p>- Unisex fit</p>\n\n                                <p>- Drawstring hood with built-in cap</p>\n\n                                <p>- Front placket with snap buttons</p>\n\n                                <p>- Ventilation under armpit</p>\n\n                                <p>- Adjustable cuffs</p>\n\n                                <p>- Double welted front pockets</p>\n\n                                <p>- Adjustable elastic string at hempen</p>\n\n                                <p>- Ultrasonically welded seams</p>\n\n                                <p>This is a unisex item, please check our clothing &amp; footwear sizing guide for specific Rains jacket sizing information. RAINS comes from the rainy nation of Denmark at the edge of the European continent, close to the ocean and with prevailing westerly winds; all factors that contribute to an average of 121 rain days each year. Arising from these rainy weather conditions comes the attitude that a quick rain shower may be beautiful, as well as moody- but first and foremost requires the right outfit. Rains focus on the whole experience of going outside on rainy days, issuing an invitation to explore even in the most mercurial weather.</p>','published','[\"products\\/35.jpg\",\"products\\/35-1.jpg\"]','VG-122-A1',0,14,0,1,0,5,0,0,708,NULL,NULL,NULL,19.00,19.00,16.00,836.00,NULL,70012,'2024-05-24 04:02:23','2024-05-24 04:02:30','in_stock',0,'Botble\\ACL\\Models\\User',NULL,'physical',NULL,NULL,0,0,0,8,0),(36,'Iceland Macaroni Cheese Traybake (Digital)','<ul><li> Unrestrained and portable active stereo speaker</li>\n            <li> Free from the confines of wires and chords</li>\n            <li> 20 hours of portable capabilities</li>\n            <li> Double-ended Coil Cord with 3.5mm Stereo Plugs Included</li>\n            <li> 3/4″ Dome Tweeters: 2X and 4″ Woofer: 1X</li></ul>','<p>Short Hooded Coat features a straight body, large pockets with button flaps, ventilation air holes, and a string detail along the hemline. The style is completed with a drawstring hood, featuring Rains’ signature built-in cap. Made from waterproof, matte PU, this lightweight unisex rain jacket is an ode to nostalgia through its classic silhouette and utilitarian design details.</p>\n                                <p>- Casual unisex fit</p>\n\n                                <p>- 64% polyester, 36% polyurethane</p>\n\n                                <p>- Water column pressure: 4000 mm</p>\n\n                                <p>- Model is 187cm tall and wearing a size S / M</p>\n\n                                <p>- Unisex fit</p>\n\n                                <p>- Drawstring hood with built-in cap</p>\n\n                                <p>- Front placket with snap buttons</p>\n\n                                <p>- Ventilation under armpit</p>\n\n                                <p>- Adjustable cuffs</p>\n\n                                <p>- Double welted front pockets</p>\n\n                                <p>- Adjustable elastic string at hempen</p>\n\n                                <p>- Ultrasonically welded seams</p>\n\n                                <p>This is a unisex item, please check our clothing &amp; footwear sizing guide for specific Rains jacket sizing information. RAINS comes from the rainy nation of Denmark at the edge of the European continent, close to the ocean and with prevailing westerly winds; all factors that contribute to an average of 121 rain days each year. Arising from these rainy weather conditions comes the attitude that a quick rain shower may be beautiful, as well as moody- but first and foremost requires the right outfit. Rains focus on the whole experience of going outside on rainy days, issuing an invitation to explore even in the most mercurial weather.</p>','published','[\"products\\/36.jpg\",\"products\\/36-1.jpg\",\"products\\/36-2.jpg\"]','PO-171-A1',0,19,0,1,1,2,0,0,605,532.4,NULL,NULL,13.00,11.00,17.00,659.00,NULL,35743,'2024-05-24 04:02:23','2024-05-24 04:02:30','in_stock',0,'Botble\\ACL\\Models\\User',NULL,'digital',NULL,NULL,0,0,0,3,0),(37,'Dolmio Bolognese Pasta Sauce','<ul><li> Unrestrained and portable active stereo speaker</li>\n            <li> Free from the confines of wires and chords</li>\n            <li> 20 hours of portable capabilities</li>\n            <li> Double-ended Coil Cord with 3.5mm Stereo Plugs Included</li>\n            <li> 3/4″ Dome Tweeters: 2X and 4″ Woofer: 1X</li></ul>','<p>Short Hooded Coat features a straight body, large pockets with button flaps, ventilation air holes, and a string detail along the hemline. The style is completed with a drawstring hood, featuring Rains’ signature built-in cap. Made from waterproof, matte PU, this lightweight unisex rain jacket is an ode to nostalgia through its classic silhouette and utilitarian design details.</p>\n                                <p>- Casual unisex fit</p>\n\n                                <p>- 64% polyester, 36% polyurethane</p>\n\n                                <p>- Water column pressure: 4000 mm</p>\n\n                                <p>- Model is 187cm tall and wearing a size S / M</p>\n\n                                <p>- Unisex fit</p>\n\n                                <p>- Drawstring hood with built-in cap</p>\n\n                                <p>- Front placket with snap buttons</p>\n\n                                <p>- Ventilation under armpit</p>\n\n                                <p>- Adjustable cuffs</p>\n\n                                <p>- Double welted front pockets</p>\n\n                                <p>- Adjustable elastic string at hempen</p>\n\n                                <p>- Ultrasonically welded seams</p>\n\n                                <p>This is a unisex item, please check our clothing &amp; footwear sizing guide for specific Rains jacket sizing information. RAINS comes from the rainy nation of Denmark at the edge of the European continent, close to the ocean and with prevailing westerly winds; all factors that contribute to an average of 121 rain days each year. Arising from these rainy weather conditions comes the attitude that a quick rain shower may be beautiful, as well as moody- but first and foremost requires the right outfit. Rains focus on the whole experience of going outside on rainy days, issuing an invitation to explore even in the most mercurial weather.</p>','published','[\"products\\/37.jpg\",\"products\\/37-1.jpg\",\"products\\/37-2.jpg\"]','9R-151',0,16,0,1,1,1,0,0,1152,465,NULL,NULL,15.00,12.00,15.00,674.00,NULL,56305,'2024-05-24 04:02:23','2024-05-24 04:02:30','in_stock',0,'Botble\\ACL\\Models\\User',NULL,'physical',NULL,NULL,0,0,0,7,0),(38,'Sitema BakeIT Plastic Box','<ul><li> Unrestrained and portable active stereo speaker</li>\n            <li> Free from the confines of wires and chords</li>\n            <li> 20 hours of portable capabilities</li>\n            <li> Double-ended Coil Cord with 3.5mm Stereo Plugs Included</li>\n            <li> 3/4″ Dome Tweeters: 2X and 4″ Woofer: 1X</li></ul>','<p>Short Hooded Coat features a straight body, large pockets with button flaps, ventilation air holes, and a string detail along the hemline. The style is completed with a drawstring hood, featuring Rains’ signature built-in cap. Made from waterproof, matte PU, this lightweight unisex rain jacket is an ode to nostalgia through its classic silhouette and utilitarian design details.</p>\n                                <p>- Casual unisex fit</p>\n\n                                <p>- 64% polyester, 36% polyurethane</p>\n\n                                <p>- Water column pressure: 4000 mm</p>\n\n                                <p>- Model is 187cm tall and wearing a size S / M</p>\n\n                                <p>- Unisex fit</p>\n\n                                <p>- Drawstring hood with built-in cap</p>\n\n                                <p>- Front placket with snap buttons</p>\n\n                                <p>- Ventilation under armpit</p>\n\n                                <p>- Adjustable cuffs</p>\n\n                                <p>- Double welted front pockets</p>\n\n                                <p>- Adjustable elastic string at hempen</p>\n\n                                <p>- Ultrasonically welded seams</p>\n\n                                <p>This is a unisex item, please check our clothing &amp; footwear sizing guide for specific Rains jacket sizing information. RAINS comes from the rainy nation of Denmark at the edge of the European continent, close to the ocean and with prevailing westerly winds; all factors that contribute to an average of 121 rain days each year. Arising from these rainy weather conditions comes the attitude that a quick rain shower may be beautiful, as well as moody- but first and foremost requires the right outfit. Rains focus on the whole experience of going outside on rainy days, issuing an invitation to explore even in the most mercurial weather.</p>','published','[\"products\\/38.jpg\",\"products\\/38-1.jpg\",\"products\\/38-2.jpg\",\"products\\/38-3.jpg\"]','DD-121',0,19,0,1,0,5,0,0,1023,756,NULL,NULL,14.00,17.00,19.00,617.00,NULL,191631,'2024-05-24 04:02:23','2024-05-24 04:02:30','in_stock',0,'Botble\\ACL\\Models\\User',NULL,'physical',NULL,NULL,0,0,0,5,0),(39,'Wayfair Basics Dinner Plate Storage','<ul><li> Unrestrained and portable active stereo speaker</li>\n            <li> Free from the confines of wires and chords</li>\n            <li> 20 hours of portable capabilities</li>\n            <li> Double-ended Coil Cord with 3.5mm Stereo Plugs Included</li>\n            <li> 3/4″ Dome Tweeters: 2X and 4″ Woofer: 1X</li></ul>','<p>Short Hooded Coat features a straight body, large pockets with button flaps, ventilation air holes, and a string detail along the hemline. The style is completed with a drawstring hood, featuring Rains’ signature built-in cap. Made from waterproof, matte PU, this lightweight unisex rain jacket is an ode to nostalgia through its classic silhouette and utilitarian design details.</p>\n                                <p>- Casual unisex fit</p>\n\n                                <p>- 64% polyester, 36% polyurethane</p>\n\n                                <p>- Water column pressure: 4000 mm</p>\n\n                                <p>- Model is 187cm tall and wearing a size S / M</p>\n\n                                <p>- Unisex fit</p>\n\n                                <p>- Drawstring hood with built-in cap</p>\n\n                                <p>- Front placket with snap buttons</p>\n\n                                <p>- Ventilation under armpit</p>\n\n                                <p>- Adjustable cuffs</p>\n\n                                <p>- Double welted front pockets</p>\n\n                                <p>- Adjustable elastic string at hempen</p>\n\n                                <p>- Ultrasonically welded seams</p>\n\n                                <p>This is a unisex item, please check our clothing &amp; footwear sizing guide for specific Rains jacket sizing information. RAINS comes from the rainy nation of Denmark at the edge of the European continent, close to the ocean and with prevailing westerly winds; all factors that contribute to an average of 121 rain days each year. Arising from these rainy weather conditions comes the attitude that a quick rain shower may be beautiful, as well as moody- but first and foremost requires the right outfit. Rains focus on the whole experience of going outside on rainy days, issuing an invitation to explore even in the most mercurial weather.</p>','published','[\"products\\/39.jpg\",\"products\\/39-1.jpg\",\"products\\/39-2.jpg\"]','BR-197',0,12,0,1,0,5,0,0,1267,135,NULL,NULL,12.00,20.00,16.00,638.00,NULL,42350,'2024-05-24 04:02:23','2024-05-24 04:02:30','in_stock',0,'Botble\\ACL\\Models\\User',NULL,'physical',NULL,NULL,0,0,0,6,0),(40,'Miko The Panda Water Bottle (Digital)','<ul><li> Unrestrained and portable active stereo speaker</li>\n            <li> Free from the confines of wires and chords</li>\n            <li> 20 hours of portable capabilities</li>\n            <li> Double-ended Coil Cord with 3.5mm Stereo Plugs Included</li>\n            <li> 3/4″ Dome Tweeters: 2X and 4″ Woofer: 1X</li></ul>','<p>Short Hooded Coat features a straight body, large pockets with button flaps, ventilation air holes, and a string detail along the hemline. The style is completed with a drawstring hood, featuring Rains’ signature built-in cap. Made from waterproof, matte PU, this lightweight unisex rain jacket is an ode to nostalgia through its classic silhouette and utilitarian design details.</p>\n                                <p>- Casual unisex fit</p>\n\n                                <p>- 64% polyester, 36% polyurethane</p>\n\n                                <p>- Water column pressure: 4000 mm</p>\n\n                                <p>- Model is 187cm tall and wearing a size S / M</p>\n\n                                <p>- Unisex fit</p>\n\n                                <p>- Drawstring hood with built-in cap</p>\n\n                                <p>- Front placket with snap buttons</p>\n\n                                <p>- Ventilation under armpit</p>\n\n                                <p>- Adjustable cuffs</p>\n\n                                <p>- Double welted front pockets</p>\n\n                                <p>- Adjustable elastic string at hempen</p>\n\n                                <p>- Ultrasonically welded seams</p>\n\n                                <p>This is a unisex item, please check our clothing &amp; footwear sizing guide for specific Rains jacket sizing information. RAINS comes from the rainy nation of Denmark at the edge of the European continent, close to the ocean and with prevailing westerly winds; all factors that contribute to an average of 121 rain days each year. Arising from these rainy weather conditions comes the attitude that a quick rain shower may be beautiful, as well as moody- but first and foremost requires the right outfit. Rains focus on the whole experience of going outside on rainy days, issuing an invitation to explore even in the most mercurial weather.</p>','published','[\"products\\/40.jpg\",\"products\\/40-1.jpg\"]','1Y-131-A1',0,15,0,1,1,3,0,0,572,457.6,NULL,NULL,18.00,10.00,14.00,690.00,NULL,24076,'2024-05-24 04:02:23','2024-05-24 04:02:30','in_stock',0,'Botble\\ACL\\Models\\User',NULL,'digital',NULL,NULL,0,0,0,6,0),(41,'Sesame Seed Bread','<ul><li> Unrestrained and portable active stereo speaker</li>\n            <li> Free from the confines of wires and chords</li>\n            <li> 20 hours of portable capabilities</li>\n            <li> Double-ended Coil Cord with 3.5mm Stereo Plugs Included</li>\n            <li> 3/4″ Dome Tweeters: 2X and 4″ Woofer: 1X</li></ul>','<p>Short Hooded Coat features a straight body, large pockets with button flaps, ventilation air holes, and a string detail along the hemline. The style is completed with a drawstring hood, featuring Rains’ signature built-in cap. Made from waterproof, matte PU, this lightweight unisex rain jacket is an ode to nostalgia through its classic silhouette and utilitarian design details.</p>\n                                <p>- Casual unisex fit</p>\n\n                                <p>- 64% polyester, 36% polyurethane</p>\n\n                                <p>- Water column pressure: 4000 mm</p>\n\n                                <p>- Model is 187cm tall and wearing a size S / M</p>\n\n                                <p>- Unisex fit</p>\n\n                                <p>- Drawstring hood with built-in cap</p>\n\n                                <p>- Front placket with snap buttons</p>\n\n                                <p>- Ventilation under armpit</p>\n\n                                <p>- Adjustable cuffs</p>\n\n                                <p>- Double welted front pockets</p>\n\n                                <p>- Adjustable elastic string at hempen</p>\n\n                                <p>- Ultrasonically welded seams</p>\n\n                                <p>This is a unisex item, please check our clothing &amp; footwear sizing guide for specific Rains jacket sizing information. RAINS comes from the rainy nation of Denmark at the edge of the European continent, close to the ocean and with prevailing westerly winds; all factors that contribute to an average of 121 rain days each year. Arising from these rainy weather conditions comes the attitude that a quick rain shower may be beautiful, as well as moody- but first and foremost requires the right outfit. Rains focus on the whole experience of going outside on rainy days, issuing an invitation to explore even in the most mercurial weather.</p>','published','[\"products\\/41.jpg\",\"products\\/41-1.jpg\",\"products\\/41-2.jpg\"]','TF-177',0,17,0,1,0,3,0,0,907,305,NULL,NULL,14.00,14.00,18.00,834.00,NULL,99521,'2024-05-24 04:02:23','2024-05-24 04:02:30','in_stock',0,'Botble\\ACL\\Models\\User',NULL,'physical',NULL,NULL,0,0,0,1,0),(42,'Morrisons The Best Beef','<ul><li> Unrestrained and portable active stereo speaker</li>\n            <li> Free from the confines of wires and chords</li>\n            <li> 20 hours of portable capabilities</li>\n            <li> Double-ended Coil Cord with 3.5mm Stereo Plugs Included</li>\n            <li> 3/4″ Dome Tweeters: 2X and 4″ Woofer: 1X</li></ul>','<p>Short Hooded Coat features a straight body, large pockets with button flaps, ventilation air holes, and a string detail along the hemline. The style is completed with a drawstring hood, featuring Rains’ signature built-in cap. Made from waterproof, matte PU, this lightweight unisex rain jacket is an ode to nostalgia through its classic silhouette and utilitarian design details.</p>\n                                <p>- Casual unisex fit</p>\n\n                                <p>- 64% polyester, 36% polyurethane</p>\n\n                                <p>- Water column pressure: 4000 mm</p>\n\n                                <p>- Model is 187cm tall and wearing a size S / M</p>\n\n                                <p>- Unisex fit</p>\n\n                                <p>- Drawstring hood with built-in cap</p>\n\n                                <p>- Front placket with snap buttons</p>\n\n                                <p>- Ventilation under armpit</p>\n\n                                <p>- Adjustable cuffs</p>\n\n                                <p>- Double welted front pockets</p>\n\n                                <p>- Adjustable elastic string at hempen</p>\n\n                                <p>- Ultrasonically welded seams</p>\n\n                                <p>This is a unisex item, please check our clothing &amp; footwear sizing guide for specific Rains jacket sizing information. RAINS comes from the rainy nation of Denmark at the edge of the European continent, close to the ocean and with prevailing westerly winds; all factors that contribute to an average of 121 rain days each year. Arising from these rainy weather conditions comes the attitude that a quick rain shower may be beautiful, as well as moody- but first and foremost requires the right outfit. Rains focus on the whole experience of going outside on rainy days, issuing an invitation to explore even in the most mercurial weather.</p>','published','[\"products\\/42.jpg\",\"products\\/42-1.jpg\",\"products\\/42-2.jpg\"]','JI-131',0,20,0,1,1,1,0,0,1202,770,NULL,NULL,17.00,13.00,14.00,711.00,NULL,148139,'2024-05-24 04:02:23','2024-05-24 04:02:30','in_stock',0,'Botble\\ACL\\Models\\User',NULL,'physical',NULL,NULL,0,0,0,2,0),(43,'Avocado, Hass Large','<ul><li> Unrestrained and portable active stereo speaker</li>\n            <li> Free from the confines of wires and chords</li>\n            <li> 20 hours of portable capabilities</li>\n            <li> Double-ended Coil Cord with 3.5mm Stereo Plugs Included</li>\n            <li> 3/4″ Dome Tweeters: 2X and 4″ Woofer: 1X</li></ul>','<p>Short Hooded Coat features a straight body, large pockets with button flaps, ventilation air holes, and a string detail along the hemline. The style is completed with a drawstring hood, featuring Rains’ signature built-in cap. Made from waterproof, matte PU, this lightweight unisex rain jacket is an ode to nostalgia through its classic silhouette and utilitarian design details.</p>\n                                <p>- Casual unisex fit</p>\n\n                                <p>- 64% polyester, 36% polyurethane</p>\n\n                                <p>- Water column pressure: 4000 mm</p>\n\n                                <p>- Model is 187cm tall and wearing a size S / M</p>\n\n                                <p>- Unisex fit</p>\n\n                                <p>- Drawstring hood with built-in cap</p>\n\n                                <p>- Front placket with snap buttons</p>\n\n                                <p>- Ventilation under armpit</p>\n\n                                <p>- Adjustable cuffs</p>\n\n                                <p>- Double welted front pockets</p>\n\n                                <p>- Adjustable elastic string at hempen</p>\n\n                                <p>- Ultrasonically welded seams</p>\n\n                                <p>This is a unisex item, please check our clothing &amp; footwear sizing guide for specific Rains jacket sizing information. RAINS comes from the rainy nation of Denmark at the edge of the European continent, close to the ocean and with prevailing westerly winds; all factors that contribute to an average of 121 rain days each year. Arising from these rainy weather conditions comes the attitude that a quick rain shower may be beautiful, as well as moody- but first and foremost requires the right outfit. Rains focus on the whole experience of going outside on rainy days, issuing an invitation to explore even in the most mercurial weather.</p>','published','[\"products\\/43.jpg\",\"products\\/43-1.jpg\",\"products\\/43-2.jpg\"]','KN-116',0,11,0,1,1,4,0,0,534,125,NULL,NULL,19.00,19.00,13.00,709.00,NULL,82414,'2024-05-24 04:02:23','2024-05-24 04:02:30','in_stock',0,'Botble\\ACL\\Models\\User',NULL,'physical',NULL,NULL,0,0,0,1,0),(44,'Italia Beef Lasagne (Digital)','<ul><li> Unrestrained and portable active stereo speaker</li>\n            <li> Free from the confines of wires and chords</li>\n            <li> 20 hours of portable capabilities</li>\n            <li> Double-ended Coil Cord with 3.5mm Stereo Plugs Included</li>\n            <li> 3/4″ Dome Tweeters: 2X and 4″ Woofer: 1X</li></ul>','<p>Short Hooded Coat features a straight body, large pockets with button flaps, ventilation air holes, and a string detail along the hemline. The style is completed with a drawstring hood, featuring Rains’ signature built-in cap. Made from waterproof, matte PU, this lightweight unisex rain jacket is an ode to nostalgia through its classic silhouette and utilitarian design details.</p>\n                                <p>- Casual unisex fit</p>\n\n                                <p>- 64% polyester, 36% polyurethane</p>\n\n                                <p>- Water column pressure: 4000 mm</p>\n\n                                <p>- Model is 187cm tall and wearing a size S / M</p>\n\n                                <p>- Unisex fit</p>\n\n                                <p>- Drawstring hood with built-in cap</p>\n\n                                <p>- Front placket with snap buttons</p>\n\n                                <p>- Ventilation under armpit</p>\n\n                                <p>- Adjustable cuffs</p>\n\n                                <p>- Double welted front pockets</p>\n\n                                <p>- Adjustable elastic string at hempen</p>\n\n                                <p>- Ultrasonically welded seams</p>\n\n                                <p>This is a unisex item, please check our clothing &amp; footwear sizing guide for specific Rains jacket sizing information. RAINS comes from the rainy nation of Denmark at the edge of the European continent, close to the ocean and with prevailing westerly winds; all factors that contribute to an average of 121 rain days each year. Arising from these rainy weather conditions comes the attitude that a quick rain shower may be beautiful, as well as moody- but first and foremost requires the right outfit. Rains focus on the whole experience of going outside on rainy days, issuing an invitation to explore even in the most mercurial weather.</p>','published','[\"products\\/44.jpg\",\"products\\/44-1.jpg\",\"products\\/44-2.jpg\"]','A0-164-A1',0,14,0,1,1,3,0,0,959,748.02,NULL,NULL,19.00,14.00,12.00,502.00,NULL,86628,'2024-05-24 04:02:23','2024-05-24 04:02:30','in_stock',0,'Botble\\ACL\\Models\\User',NULL,'digital',NULL,NULL,0,0,0,4,0),(45,'Maxwell House Classic Roast Mocha','<ul><li> Unrestrained and portable active stereo speaker</li>\n            <li> Free from the confines of wires and chords</li>\n            <li> 20 hours of portable capabilities</li>\n            <li> Double-ended Coil Cord with 3.5mm Stereo Plugs Included</li>\n            <li> 3/4″ Dome Tweeters: 2X and 4″ Woofer: 1X</li></ul>','<p>Short Hooded Coat features a straight body, large pockets with button flaps, ventilation air holes, and a string detail along the hemline. The style is completed with a drawstring hood, featuring Rains’ signature built-in cap. Made from waterproof, matte PU, this lightweight unisex rain jacket is an ode to nostalgia through its classic silhouette and utilitarian design details.</p>\n                                <p>- Casual unisex fit</p>\n\n                                <p>- 64% polyester, 36% polyurethane</p>\n\n                                <p>- Water column pressure: 4000 mm</p>\n\n                                <p>- Model is 187cm tall and wearing a size S / M</p>\n\n                                <p>- Unisex fit</p>\n\n                                <p>- Drawstring hood with built-in cap</p>\n\n                                <p>- Front placket with snap buttons</p>\n\n                                <p>- Ventilation under armpit</p>\n\n                                <p>- Adjustable cuffs</p>\n\n                                <p>- Double welted front pockets</p>\n\n                                <p>- Adjustable elastic string at hempen</p>\n\n                                <p>- Ultrasonically welded seams</p>\n\n                                <p>This is a unisex item, please check our clothing &amp; footwear sizing guide for specific Rains jacket sizing information. RAINS comes from the rainy nation of Denmark at the edge of the European continent, close to the ocean and with prevailing westerly winds; all factors that contribute to an average of 121 rain days each year. Arising from these rainy weather conditions comes the attitude that a quick rain shower may be beautiful, as well as moody- but first and foremost requires the right outfit. Rains focus on the whole experience of going outside on rainy days, issuing an invitation to explore even in the most mercurial weather.</p>','published','[\"products\\/45.jpg\",\"products\\/45-1.jpg\"]','PX-119',0,13,0,1,0,5,0,0,848,71,NULL,NULL,19.00,19.00,10.00,587.00,NULL,17935,'2024-05-24 04:02:23','2024-05-24 04:02:30','in_stock',0,'Botble\\ACL\\Models\\User',NULL,'physical',NULL,NULL,0,0,0,8,0),(46,'Bottled Pure Water 500ml','<ul><li> Unrestrained and portable active stereo speaker</li>\n            <li> Free from the confines of wires and chords</li>\n            <li> 20 hours of portable capabilities</li>\n            <li> Double-ended Coil Cord with 3.5mm Stereo Plugs Included</li>\n            <li> 3/4″ Dome Tweeters: 2X and 4″ Woofer: 1X</li></ul>','<p>Short Hooded Coat features a straight body, large pockets with button flaps, ventilation air holes, and a string detail along the hemline. The style is completed with a drawstring hood, featuring Rains’ signature built-in cap. Made from waterproof, matte PU, this lightweight unisex rain jacket is an ode to nostalgia through its classic silhouette and utilitarian design details.</p>\n                                <p>- Casual unisex fit</p>\n\n                                <p>- 64% polyester, 36% polyurethane</p>\n\n                                <p>- Water column pressure: 4000 mm</p>\n\n                                <p>- Model is 187cm tall and wearing a size S / M</p>\n\n                                <p>- Unisex fit</p>\n\n                                <p>- Drawstring hood with built-in cap</p>\n\n                                <p>- Front placket with snap buttons</p>\n\n                                <p>- Ventilation under armpit</p>\n\n                                <p>- Adjustable cuffs</p>\n\n                                <p>- Double welted front pockets</p>\n\n                                <p>- Adjustable elastic string at hempen</p>\n\n                                <p>- Ultrasonically welded seams</p>\n\n                                <p>This is a unisex item, please check our clothing &amp; footwear sizing guide for specific Rains jacket sizing information. RAINS comes from the rainy nation of Denmark at the edge of the European continent, close to the ocean and with prevailing westerly winds; all factors that contribute to an average of 121 rain days each year. Arising from these rainy weather conditions comes the attitude that a quick rain shower may be beautiful, as well as moody- but first and foremost requires the right outfit. Rains focus on the whole experience of going outside on rainy days, issuing an invitation to explore even in the most mercurial weather.</p>','published','[\"products\\/46.jpg\",\"products\\/46-1.jpg\"]','ER-121-A1',0,16,0,1,0,3,0,0,1088,NULL,NULL,NULL,14.00,14.00,17.00,881.00,NULL,33978,'2024-05-24 04:02:23','2024-05-24 04:02:30','in_stock',0,'Botble\\ACL\\Models\\User',NULL,'physical',NULL,NULL,0,0,0,8,0),(47,'Famart Farmhouse Soft White','<ul><li> Unrestrained and portable active stereo speaker</li>\n            <li> Free from the confines of wires and chords</li>\n            <li> 20 hours of portable capabilities</li>\n            <li> Double-ended Coil Cord with 3.5mm Stereo Plugs Included</li>\n            <li> 3/4″ Dome Tweeters: 2X and 4″ Woofer: 1X</li></ul>','<p>Short Hooded Coat features a straight body, large pockets with button flaps, ventilation air holes, and a string detail along the hemline. The style is completed with a drawstring hood, featuring Rains’ signature built-in cap. Made from waterproof, matte PU, this lightweight unisex rain jacket is an ode to nostalgia through its classic silhouette and utilitarian design details.</p>\n                                <p>- Casual unisex fit</p>\n\n                                <p>- 64% polyester, 36% polyurethane</p>\n\n                                <p>- Water column pressure: 4000 mm</p>\n\n                                <p>- Model is 187cm tall and wearing a size S / M</p>\n\n                                <p>- Unisex fit</p>\n\n                                <p>- Drawstring hood with built-in cap</p>\n\n                                <p>- Front placket with snap buttons</p>\n\n                                <p>- Ventilation under armpit</p>\n\n                                <p>- Adjustable cuffs</p>\n\n                                <p>- Double welted front pockets</p>\n\n                                <p>- Adjustable elastic string at hempen</p>\n\n                                <p>- Ultrasonically welded seams</p>\n\n                                <p>This is a unisex item, please check our clothing &amp; footwear sizing guide for specific Rains jacket sizing information. RAINS comes from the rainy nation of Denmark at the edge of the European continent, close to the ocean and with prevailing westerly winds; all factors that contribute to an average of 121 rain days each year. Arising from these rainy weather conditions comes the attitude that a quick rain shower may be beautiful, as well as moody- but first and foremost requires the right outfit. Rains focus on the whole experience of going outside on rainy days, issuing an invitation to explore even in the most mercurial weather.</p>','published','[\"products\\/47.jpg\",\"products\\/47-1.jpg\"]','Z4-164-A1',0,16,0,1,0,2,0,0,1233,NULL,NULL,NULL,12.00,15.00,15.00,813.00,NULL,108063,'2024-05-24 04:02:23','2024-05-24 04:02:30','in_stock',0,'Botble\\ACL\\Models\\User',NULL,'physical',NULL,NULL,0,0,0,2,0),(48,'Coca-Cola Original Taste (Digital)','<ul><li> Unrestrained and portable active stereo speaker</li>\n            <li> Free from the confines of wires and chords</li>\n            <li> 20 hours of portable capabilities</li>\n            <li> Double-ended Coil Cord with 3.5mm Stereo Plugs Included</li>\n            <li> 3/4″ Dome Tweeters: 2X and 4″ Woofer: 1X</li></ul>','<p>Short Hooded Coat features a straight body, large pockets with button flaps, ventilation air holes, and a string detail along the hemline. The style is completed with a drawstring hood, featuring Rains’ signature built-in cap. Made from waterproof, matte PU, this lightweight unisex rain jacket is an ode to nostalgia through its classic silhouette and utilitarian design details.</p>\n                                <p>- Casual unisex fit</p>\n\n                                <p>- 64% polyester, 36% polyurethane</p>\n\n                                <p>- Water column pressure: 4000 mm</p>\n\n                                <p>- Model is 187cm tall and wearing a size S / M</p>\n\n                                <p>- Unisex fit</p>\n\n                                <p>- Drawstring hood with built-in cap</p>\n\n                                <p>- Front placket with snap buttons</p>\n\n                                <p>- Ventilation under armpit</p>\n\n                                <p>- Adjustable cuffs</p>\n\n                                <p>- Double welted front pockets</p>\n\n                                <p>- Adjustable elastic string at hempen</p>\n\n                                <p>- Ultrasonically welded seams</p>\n\n                                <p>This is a unisex item, please check our clothing &amp; footwear sizing guide for specific Rains jacket sizing information. RAINS comes from the rainy nation of Denmark at the edge of the European continent, close to the ocean and with prevailing westerly winds; all factors that contribute to an average of 121 rain days each year. Arising from these rainy weather conditions comes the attitude that a quick rain shower may be beautiful, as well as moody- but first and foremost requires the right outfit. Rains focus on the whole experience of going outside on rainy days, issuing an invitation to explore even in the most mercurial weather.</p>','published','[\"products\\/48.jpg\",\"products\\/48-1.jpg\",\"products\\/48-2.jpg\"]','IO-198',0,12,0,1,0,3,0,0,622,578,NULL,NULL,16.00,10.00,20.00,619.00,NULL,164490,'2024-05-24 04:02:24','2024-05-24 04:02:30','in_stock',0,'Botble\\ACL\\Models\\User',NULL,'digital',NULL,NULL,0,0,0,2,0),(49,'Casillero Diablo Cabernet Sauvignon','<ul><li> Unrestrained and portable active stereo speaker</li>\n            <li> Free from the confines of wires and chords</li>\n            <li> 20 hours of portable capabilities</li>\n            <li> Double-ended Coil Cord with 3.5mm Stereo Plugs Included</li>\n            <li> 3/4″ Dome Tweeters: 2X and 4″ Woofer: 1X</li></ul>','<p>Short Hooded Coat features a straight body, large pockets with button flaps, ventilation air holes, and a string detail along the hemline. The style is completed with a drawstring hood, featuring Rains’ signature built-in cap. Made from waterproof, matte PU, this lightweight unisex rain jacket is an ode to nostalgia through its classic silhouette and utilitarian design details.</p>\n                                <p>- Casual unisex fit</p>\n\n                                <p>- 64% polyester, 36% polyurethane</p>\n\n                                <p>- Water column pressure: 4000 mm</p>\n\n                                <p>- Model is 187cm tall and wearing a size S / M</p>\n\n                                <p>- Unisex fit</p>\n\n                                <p>- Drawstring hood with built-in cap</p>\n\n                                <p>- Front placket with snap buttons</p>\n\n                                <p>- Ventilation under armpit</p>\n\n                                <p>- Adjustable cuffs</p>\n\n                                <p>- Double welted front pockets</p>\n\n                                <p>- Adjustable elastic string at hempen</p>\n\n                                <p>- Ultrasonically welded seams</p>\n\n                                <p>This is a unisex item, please check our clothing &amp; footwear sizing guide for specific Rains jacket sizing information. RAINS comes from the rainy nation of Denmark at the edge of the European continent, close to the ocean and with prevailing westerly winds; all factors that contribute to an average of 121 rain days each year. Arising from these rainy weather conditions comes the attitude that a quick rain shower may be beautiful, as well as moody- but first and foremost requires the right outfit. Rains focus on the whole experience of going outside on rainy days, issuing an invitation to explore even in the most mercurial weather.</p>','published','[\"products\\/49.jpg\",\"products\\/49-1.jpg\",\"products\\/49-2.jpg\"]','HZ-183-A1',0,11,0,1,1,5,0,0,1228,NULL,NULL,NULL,10.00,12.00,14.00,767.00,NULL,36295,'2024-05-24 04:02:24','2024-05-24 04:02:30','in_stock',0,'Botble\\ACL\\Models\\User',NULL,'physical',NULL,NULL,0,0,0,8,0),(50,'Arla Organic Free Range Milk','<ul><li> Unrestrained and portable active stereo speaker</li>\n            <li> Free from the confines of wires and chords</li>\n            <li> 20 hours of portable capabilities</li>\n            <li> Double-ended Coil Cord with 3.5mm Stereo Plugs Included</li>\n            <li> 3/4″ Dome Tweeters: 2X and 4″ Woofer: 1X</li></ul>','<p>Short Hooded Coat features a straight body, large pockets with button flaps, ventilation air holes, and a string detail along the hemline. The style is completed with a drawstring hood, featuring Rains’ signature built-in cap. Made from waterproof, matte PU, this lightweight unisex rain jacket is an ode to nostalgia through its classic silhouette and utilitarian design details.</p>\n                                <p>- Casual unisex fit</p>\n\n                                <p>- 64% polyester, 36% polyurethane</p>\n\n                                <p>- Water column pressure: 4000 mm</p>\n\n                                <p>- Model is 187cm tall and wearing a size S / M</p>\n\n                                <p>- Unisex fit</p>\n\n                                <p>- Drawstring hood with built-in cap</p>\n\n                                <p>- Front placket with snap buttons</p>\n\n                                <p>- Ventilation under armpit</p>\n\n                                <p>- Adjustable cuffs</p>\n\n                                <p>- Double welted front pockets</p>\n\n                                <p>- Adjustable elastic string at hempen</p>\n\n                                <p>- Ultrasonically welded seams</p>\n\n                                <p>This is a unisex item, please check our clothing &amp; footwear sizing guide for specific Rains jacket sizing information. RAINS comes from the rainy nation of Denmark at the edge of the European continent, close to the ocean and with prevailing westerly winds; all factors that contribute to an average of 121 rain days each year. Arising from these rainy weather conditions comes the attitude that a quick rain shower may be beautiful, as well as moody- but first and foremost requires the right outfit. Rains focus on the whole experience of going outside on rainy days, issuing an invitation to explore even in the most mercurial weather.</p>','published','[\"products\\/50.jpg\",\"products\\/50-1.jpg\"]','AF-163-A1',0,17,0,1,0,5,0,0,600,NULL,NULL,NULL,20.00,16.00,11.00,667.00,NULL,179282,'2024-05-24 04:02:24','2024-05-24 04:02:30','in_stock',0,'Botble\\ACL\\Models\\User',NULL,'physical',NULL,NULL,0,0,0,8,0),(51,'Aptamil Follow On Baby Milk','<ul><li> Unrestrained and portable active stereo speaker</li>\n            <li> Free from the confines of wires and chords</li>\n            <li> 20 hours of portable capabilities</li>\n            <li> Double-ended Coil Cord with 3.5mm Stereo Plugs Included</li>\n            <li> 3/4″ Dome Tweeters: 2X and 4″ Woofer: 1X</li></ul>','<p>Short Hooded Coat features a straight body, large pockets with button flaps, ventilation air holes, and a string detail along the hemline. The style is completed with a drawstring hood, featuring Rains’ signature built-in cap. Made from waterproof, matte PU, this lightweight unisex rain jacket is an ode to nostalgia through its classic silhouette and utilitarian design details.</p>\n                                <p>- Casual unisex fit</p>\n\n                                <p>- 64% polyester, 36% polyurethane</p>\n\n                                <p>- Water column pressure: 4000 mm</p>\n\n                                <p>- Model is 187cm tall and wearing a size S / M</p>\n\n                                <p>- Unisex fit</p>\n\n                                <p>- Drawstring hood with built-in cap</p>\n\n                                <p>- Front placket with snap buttons</p>\n\n                                <p>- Ventilation under armpit</p>\n\n                                <p>- Adjustable cuffs</p>\n\n                                <p>- Double welted front pockets</p>\n\n                                <p>- Adjustable elastic string at hempen</p>\n\n                                <p>- Ultrasonically welded seams</p>\n\n                                <p>This is a unisex item, please check our clothing &amp; footwear sizing guide for specific Rains jacket sizing information. RAINS comes from the rainy nation of Denmark at the edge of the European continent, close to the ocean and with prevailing westerly winds; all factors that contribute to an average of 121 rain days each year. Arising from these rainy weather conditions comes the attitude that a quick rain shower may be beautiful, as well as moody- but first and foremost requires the right outfit. Rains focus on the whole experience of going outside on rainy days, issuing an invitation to explore even in the most mercurial weather.</p>','published','[\"products\\/51.jpg\"]','HB-149',0,18,0,1,0,3,0,0,939,13,NULL,NULL,11.00,12.00,13.00,647.00,NULL,127981,'2024-05-24 04:02:24','2024-05-24 04:02:30','in_stock',0,'Botble\\ACL\\Models\\User',NULL,'physical',NULL,NULL,0,0,0,5,0),(52,'Cuisinart Chef’S Classic Hard-Anodized (Digital)','<ul><li> Unrestrained and portable active stereo speaker</li>\n            <li> Free from the confines of wires and chords</li>\n            <li> 20 hours of portable capabilities</li>\n            <li> Double-ended Coil Cord with 3.5mm Stereo Plugs Included</li>\n            <li> 3/4″ Dome Tweeters: 2X and 4″ Woofer: 1X</li></ul>','<p>Short Hooded Coat features a straight body, large pockets with button flaps, ventilation air holes, and a string detail along the hemline. The style is completed with a drawstring hood, featuring Rains’ signature built-in cap. Made from waterproof, matte PU, this lightweight unisex rain jacket is an ode to nostalgia through its classic silhouette and utilitarian design details.</p>\n                                <p>- Casual unisex fit</p>\n\n                                <p>- 64% polyester, 36% polyurethane</p>\n\n                                <p>- Water column pressure: 4000 mm</p>\n\n                                <p>- Model is 187cm tall and wearing a size S / M</p>\n\n                                <p>- Unisex fit</p>\n\n                                <p>- Drawstring hood with built-in cap</p>\n\n                                <p>- Front placket with snap buttons</p>\n\n                                <p>- Ventilation under armpit</p>\n\n                                <p>- Adjustable cuffs</p>\n\n                                <p>- Double welted front pockets</p>\n\n                                <p>- Adjustable elastic string at hempen</p>\n\n                                <p>- Ultrasonically welded seams</p>\n\n                                <p>This is a unisex item, please check our clothing &amp; footwear sizing guide for specific Rains jacket sizing information. RAINS comes from the rainy nation of Denmark at the edge of the European continent, close to the ocean and with prevailing westerly winds; all factors that contribute to an average of 121 rain days each year. Arising from these rainy weather conditions comes the attitude that a quick rain shower may be beautiful, as well as moody- but first and foremost requires the right outfit. Rains focus on the whole experience of going outside on rainy days, issuing an invitation to explore even in the most mercurial weather.</p>','published','[\"products\\/52.jpg\",\"products\\/52-1.jpg\",\"products\\/52-2.jpg\"]','TR-108',0,14,0,1,0,3,0,0,1056,1038,NULL,NULL,20.00,15.00,10.00,803.00,NULL,155449,'2024-05-24 04:02:24','2024-05-24 04:02:30','in_stock',0,'Botble\\ACL\\Models\\User',NULL,'digital',NULL,NULL,0,0,0,6,0),(53,'Corn, Yellow Sweet','<ul><li> Unrestrained and portable active stereo speaker</li>\n            <li> Free from the confines of wires and chords</li>\n            <li> 20 hours of portable capabilities</li>\n            <li> Double-ended Coil Cord with 3.5mm Stereo Plugs Included</li>\n            <li> 3/4″ Dome Tweeters: 2X and 4″ Woofer: 1X</li></ul>','<p>Short Hooded Coat features a straight body, large pockets with button flaps, ventilation air holes, and a string detail along the hemline. The style is completed with a drawstring hood, featuring Rains’ signature built-in cap. Made from waterproof, matte PU, this lightweight unisex rain jacket is an ode to nostalgia through its classic silhouette and utilitarian design details.</p>\n                                <p>- Casual unisex fit</p>\n\n                                <p>- 64% polyester, 36% polyurethane</p>\n\n                                <p>- Water column pressure: 4000 mm</p>\n\n                                <p>- Model is 187cm tall and wearing a size S / M</p>\n\n                                <p>- Unisex fit</p>\n\n                                <p>- Drawstring hood with built-in cap</p>\n\n                                <p>- Front placket with snap buttons</p>\n\n                                <p>- Ventilation under armpit</p>\n\n                                <p>- Adjustable cuffs</p>\n\n                                <p>- Double welted front pockets</p>\n\n                                <p>- Adjustable elastic string at hempen</p>\n\n                                <p>- Ultrasonically welded seams</p>\n\n                                <p>This is a unisex item, please check our clothing &amp; footwear sizing guide for specific Rains jacket sizing information. RAINS comes from the rainy nation of Denmark at the edge of the European continent, close to the ocean and with prevailing westerly winds; all factors that contribute to an average of 121 rain days each year. Arising from these rainy weather conditions comes the attitude that a quick rain shower may be beautiful, as well as moody- but first and foremost requires the right outfit. Rains focus on the whole experience of going outside on rainy days, issuing an invitation to explore even in the most mercurial weather.</p>','published','[\"products\\/53.jpg\",\"products\\/53-1.jpg\"]','1F-143-A1',0,19,0,1,1,3,0,0,542,NULL,NULL,NULL,18.00,15.00,15.00,549.00,NULL,107569,'2024-05-24 04:02:24','2024-05-24 04:02:30','in_stock',0,'Botble\\ACL\\Models\\User',NULL,'physical',NULL,NULL,0,0,0,7,0),(54,'Hobnobs The Nobbly Biscuit','<ul><li> Unrestrained and portable active stereo speaker</li>\n            <li> Free from the confines of wires and chords</li>\n            <li> 20 hours of portable capabilities</li>\n            <li> Double-ended Coil Cord with 3.5mm Stereo Plugs Included</li>\n            <li> 3/4″ Dome Tweeters: 2X and 4″ Woofer: 1X</li></ul>','<p>Short Hooded Coat features a straight body, large pockets with button flaps, ventilation air holes, and a string detail along the hemline. The style is completed with a drawstring hood, featuring Rains’ signature built-in cap. Made from waterproof, matte PU, this lightweight unisex rain jacket is an ode to nostalgia through its classic silhouette and utilitarian design details.</p>\n                                <p>- Casual unisex fit</p>\n\n                                <p>- 64% polyester, 36% polyurethane</p>\n\n                                <p>- Water column pressure: 4000 mm</p>\n\n                                <p>- Model is 187cm tall and wearing a size S / M</p>\n\n                                <p>- Unisex fit</p>\n\n                                <p>- Drawstring hood with built-in cap</p>\n\n                                <p>- Front placket with snap buttons</p>\n\n                                <p>- Ventilation under armpit</p>\n\n                                <p>- Adjustable cuffs</p>\n\n                                <p>- Double welted front pockets</p>\n\n                                <p>- Adjustable elastic string at hempen</p>\n\n                                <p>- Ultrasonically welded seams</p>\n\n                                <p>This is a unisex item, please check our clothing &amp; footwear sizing guide for specific Rains jacket sizing information. RAINS comes from the rainy nation of Denmark at the edge of the European continent, close to the ocean and with prevailing westerly winds; all factors that contribute to an average of 121 rain days each year. Arising from these rainy weather conditions comes the attitude that a quick rain shower may be beautiful, as well as moody- but first and foremost requires the right outfit. Rains focus on the whole experience of going outside on rainy days, issuing an invitation to explore even in the most mercurial weather.</p>','published','[\"products\\/54.jpg\",\"products\\/54-1.jpg\"]','IU-166',0,12,0,1,1,2,0,0,1143,484,NULL,NULL,17.00,17.00,13.00,832.00,NULL,147126,'2024-05-24 04:02:24','2024-05-24 04:02:30','in_stock',0,'Botble\\ACL\\Models\\User',NULL,'physical',NULL,NULL,0,0,0,2,0),(55,'Honest Organic Still Lemonade','<ul><li> Unrestrained and portable active stereo speaker</li>\n            <li> Free from the confines of wires and chords</li>\n            <li> 20 hours of portable capabilities</li>\n            <li> Double-ended Coil Cord with 3.5mm Stereo Plugs Included</li>\n            <li> 3/4″ Dome Tweeters: 2X and 4″ Woofer: 1X</li></ul>','<p>Short Hooded Coat features a straight body, large pockets with button flaps, ventilation air holes, and a string detail along the hemline. The style is completed with a drawstring hood, featuring Rains’ signature built-in cap. Made from waterproof, matte PU, this lightweight unisex rain jacket is an ode to nostalgia through its classic silhouette and utilitarian design details.</p>\n                                <p>- Casual unisex fit</p>\n\n                                <p>- 64% polyester, 36% polyurethane</p>\n\n                                <p>- Water column pressure: 4000 mm</p>\n\n                                <p>- Model is 187cm tall and wearing a size S / M</p>\n\n                                <p>- Unisex fit</p>\n\n                                <p>- Drawstring hood with built-in cap</p>\n\n                                <p>- Front placket with snap buttons</p>\n\n                                <p>- Ventilation under armpit</p>\n\n                                <p>- Adjustable cuffs</p>\n\n                                <p>- Double welted front pockets</p>\n\n                                <p>- Adjustable elastic string at hempen</p>\n\n                                <p>- Ultrasonically welded seams</p>\n\n                                <p>This is a unisex item, please check our clothing &amp; footwear sizing guide for specific Rains jacket sizing information. RAINS comes from the rainy nation of Denmark at the edge of the European continent, close to the ocean and with prevailing westerly winds; all factors that contribute to an average of 121 rain days each year. Arising from these rainy weather conditions comes the attitude that a quick rain shower may be beautiful, as well as moody- but first and foremost requires the right outfit. Rains focus on the whole experience of going outside on rainy days, issuing an invitation to explore even in the most mercurial weather.</p>','published','[\"products\\/55.jpg\",\"products\\/55-1.jpg\",\"products\\/55-2.jpg\"]','NJ-125-A1',0,11,0,1,1,5,0,0,1023,NULL,NULL,NULL,17.00,16.00,16.00,807.00,NULL,45615,'2024-05-24 04:02:24','2024-05-24 04:02:30','in_stock',0,'Botble\\ACL\\Models\\User',NULL,'physical',NULL,NULL,0,0,0,3,0),(56,'Ice Beck’s Beer 350ml x 24 Pieces (Digital)','<ul><li> Unrestrained and portable active stereo speaker</li>\n            <li> Free from the confines of wires and chords</li>\n            <li> 20 hours of portable capabilities</li>\n            <li> Double-ended Coil Cord with 3.5mm Stereo Plugs Included</li>\n            <li> 3/4″ Dome Tweeters: 2X and 4″ Woofer: 1X</li></ul>','<p>Short Hooded Coat features a straight body, large pockets with button flaps, ventilation air holes, and a string detail along the hemline. The style is completed with a drawstring hood, featuring Rains’ signature built-in cap. Made from waterproof, matte PU, this lightweight unisex rain jacket is an ode to nostalgia through its classic silhouette and utilitarian design details.</p>\n                                <p>- Casual unisex fit</p>\n\n                                <p>- 64% polyester, 36% polyurethane</p>\n\n                                <p>- Water column pressure: 4000 mm</p>\n\n                                <p>- Model is 187cm tall and wearing a size S / M</p>\n\n                                <p>- Unisex fit</p>\n\n                                <p>- Drawstring hood with built-in cap</p>\n\n                                <p>- Front placket with snap buttons</p>\n\n                                <p>- Ventilation under armpit</p>\n\n                                <p>- Adjustable cuffs</p>\n\n                                <p>- Double welted front pockets</p>\n\n                                <p>- Adjustable elastic string at hempen</p>\n\n                                <p>- Ultrasonically welded seams</p>\n\n                                <p>This is a unisex item, please check our clothing &amp; footwear sizing guide for specific Rains jacket sizing information. RAINS comes from the rainy nation of Denmark at the edge of the European continent, close to the ocean and with prevailing westerly winds; all factors that contribute to an average of 121 rain days each year. Arising from these rainy weather conditions comes the attitude that a quick rain shower may be beautiful, as well as moody- but first and foremost requires the right outfit. Rains focus on the whole experience of going outside on rainy days, issuing an invitation to explore even in the most mercurial weather.</p>','published','[\"products\\/56.jpg\",\"products\\/56-1.jpg\",\"products\\/56-2.jpg\"]','S9-174',0,16,0,1,0,1,0,0,1279,5,NULL,NULL,10.00,20.00,19.00,594.00,NULL,162972,'2024-05-24 04:02:24','2024-05-24 04:02:30','in_stock',0,'Botble\\ACL\\Models\\User',NULL,'digital',NULL,NULL,0,0,0,4,0),(57,'Iceland 6 Hot Cross Buns','<ul><li> Unrestrained and portable active stereo speaker</li>\n            <li> Free from the confines of wires and chords</li>\n            <li> 20 hours of portable capabilities</li>\n            <li> Double-ended Coil Cord with 3.5mm Stereo Plugs Included</li>\n            <li> 3/4″ Dome Tweeters: 2X and 4″ Woofer: 1X</li></ul>','<p>Short Hooded Coat features a straight body, large pockets with button flaps, ventilation air holes, and a string detail along the hemline. The style is completed with a drawstring hood, featuring Rains’ signature built-in cap. Made from waterproof, matte PU, this lightweight unisex rain jacket is an ode to nostalgia through its classic silhouette and utilitarian design details.</p>\n                                <p>- Casual unisex fit</p>\n\n                                <p>- 64% polyester, 36% polyurethane</p>\n\n                                <p>- Water column pressure: 4000 mm</p>\n\n                                <p>- Model is 187cm tall and wearing a size S / M</p>\n\n                                <p>- Unisex fit</p>\n\n                                <p>- Drawstring hood with built-in cap</p>\n\n                                <p>- Front placket with snap buttons</p>\n\n                                <p>- Ventilation under armpit</p>\n\n                                <p>- Adjustable cuffs</p>\n\n                                <p>- Double welted front pockets</p>\n\n                                <p>- Adjustable elastic string at hempen</p>\n\n                                <p>- Ultrasonically welded seams</p>\n\n                                <p>This is a unisex item, please check our clothing &amp; footwear sizing guide for specific Rains jacket sizing information. RAINS comes from the rainy nation of Denmark at the edge of the European continent, close to the ocean and with prevailing westerly winds; all factors that contribute to an average of 121 rain days each year. Arising from these rainy weather conditions comes the attitude that a quick rain shower may be beautiful, as well as moody- but first and foremost requires the right outfit. Rains focus on the whole experience of going outside on rainy days, issuing an invitation to explore even in the most mercurial weather.</p>','published','[\"products\\/57.jpg\",\"products\\/57-1.jpg\"]','KA-180',0,13,0,1,1,5,0,0,946,904,NULL,NULL,11.00,10.00,17.00,554.00,NULL,60931,'2024-05-24 04:02:24','2024-05-24 04:02:30','in_stock',0,'Botble\\ACL\\Models\\User',NULL,'physical',NULL,NULL,0,0,0,5,0),(58,'Iceland Luxury 4 Panini Rolls','<ul><li> Unrestrained and portable active stereo speaker</li>\n            <li> Free from the confines of wires and chords</li>\n            <li> 20 hours of portable capabilities</li>\n            <li> Double-ended Coil Cord with 3.5mm Stereo Plugs Included</li>\n            <li> 3/4″ Dome Tweeters: 2X and 4″ Woofer: 1X</li></ul>','<p>Short Hooded Coat features a straight body, large pockets with button flaps, ventilation air holes, and a string detail along the hemline. The style is completed with a drawstring hood, featuring Rains’ signature built-in cap. Made from waterproof, matte PU, this lightweight unisex rain jacket is an ode to nostalgia through its classic silhouette and utilitarian design details.</p>\n                                <p>- Casual unisex fit</p>\n\n                                <p>- 64% polyester, 36% polyurethane</p>\n\n                                <p>- Water column pressure: 4000 mm</p>\n\n                                <p>- Model is 187cm tall and wearing a size S / M</p>\n\n                                <p>- Unisex fit</p>\n\n                                <p>- Drawstring hood with built-in cap</p>\n\n                                <p>- Front placket with snap buttons</p>\n\n                                <p>- Ventilation under armpit</p>\n\n                                <p>- Adjustable cuffs</p>\n\n                                <p>- Double welted front pockets</p>\n\n                                <p>- Adjustable elastic string at hempen</p>\n\n                                <p>- Ultrasonically welded seams</p>\n\n                                <p>This is a unisex item, please check our clothing &amp; footwear sizing guide for specific Rains jacket sizing information. RAINS comes from the rainy nation of Denmark at the edge of the European continent, close to the ocean and with prevailing westerly winds; all factors that contribute to an average of 121 rain days each year. Arising from these rainy weather conditions comes the attitude that a quick rain shower may be beautiful, as well as moody- but first and foremost requires the right outfit. Rains focus on the whole experience of going outside on rainy days, issuing an invitation to explore even in the most mercurial weather.</p>','published','[\"products\\/58.jpg\",\"products\\/58-1.jpg\",\"products\\/58-2.jpg\"]','97-125-A1',0,11,0,1,1,1,0,0,621,NULL,NULL,NULL,15.00,20.00,10.00,757.00,NULL,77055,'2024-05-24 04:02:24','2024-05-24 04:02:30','in_stock',0,'Botble\\ACL\\Models\\User',NULL,'physical',NULL,NULL,0,0,0,5,0),(59,'Iceland Soft Scoop Vanilla','<ul><li> Unrestrained and portable active stereo speaker</li>\n            <li> Free from the confines of wires and chords</li>\n            <li> 20 hours of portable capabilities</li>\n            <li> Double-ended Coil Cord with 3.5mm Stereo Plugs Included</li>\n            <li> 3/4″ Dome Tweeters: 2X and 4″ Woofer: 1X</li></ul>','<p>Short Hooded Coat features a straight body, large pockets with button flaps, ventilation air holes, and a string detail along the hemline. The style is completed with a drawstring hood, featuring Rains’ signature built-in cap. Made from waterproof, matte PU, this lightweight unisex rain jacket is an ode to nostalgia through its classic silhouette and utilitarian design details.</p>\n                                <p>- Casual unisex fit</p>\n\n                                <p>- 64% polyester, 36% polyurethane</p>\n\n                                <p>- Water column pressure: 4000 mm</p>\n\n                                <p>- Model is 187cm tall and wearing a size S / M</p>\n\n                                <p>- Unisex fit</p>\n\n                                <p>- Drawstring hood with built-in cap</p>\n\n                                <p>- Front placket with snap buttons</p>\n\n                                <p>- Ventilation under armpit</p>\n\n                                <p>- Adjustable cuffs</p>\n\n                                <p>- Double welted front pockets</p>\n\n                                <p>- Adjustable elastic string at hempen</p>\n\n                                <p>- Ultrasonically welded seams</p>\n\n                                <p>This is a unisex item, please check our clothing &amp; footwear sizing guide for specific Rains jacket sizing information. RAINS comes from the rainy nation of Denmark at the edge of the European continent, close to the ocean and with prevailing westerly winds; all factors that contribute to an average of 121 rain days each year. Arising from these rainy weather conditions comes the attitude that a quick rain shower may be beautiful, as well as moody- but first and foremost requires the right outfit. Rains focus on the whole experience of going outside on rainy days, issuing an invitation to explore even in the most mercurial weather.</p>','published','[\"products\\/59.jpg\",\"products\\/59-1.jpg\",\"products\\/59-2.jpg\",\"products\\/59-3.jpg\"]','WJ-197-A1',0,18,0,1,0,1,0,0,911,NULL,NULL,NULL,10.00,11.00,16.00,773.00,NULL,33089,'2024-05-24 04:02:24','2024-05-24 04:02:30','in_stock',0,'Botble\\ACL\\Models\\User',NULL,'physical',NULL,NULL,0,0,0,7,0),(60,'Iceland Spaghetti Bolognese (Digital)','<ul><li> Unrestrained and portable active stereo speaker</li>\n            <li> Free from the confines of wires and chords</li>\n            <li> 20 hours of portable capabilities</li>\n            <li> Double-ended Coil Cord with 3.5mm Stereo Plugs Included</li>\n            <li> 3/4″ Dome Tweeters: 2X and 4″ Woofer: 1X</li></ul>','<p>Short Hooded Coat features a straight body, large pockets with button flaps, ventilation air holes, and a string detail along the hemline. The style is completed with a drawstring hood, featuring Rains’ signature built-in cap. Made from waterproof, matte PU, this lightweight unisex rain jacket is an ode to nostalgia through its classic silhouette and utilitarian design details.</p>\n                                <p>- Casual unisex fit</p>\n\n                                <p>- 64% polyester, 36% polyurethane</p>\n\n                                <p>- Water column pressure: 4000 mm</p>\n\n                                <p>- Model is 187cm tall and wearing a size S / M</p>\n\n                                <p>- Unisex fit</p>\n\n                                <p>- Drawstring hood with built-in cap</p>\n\n                                <p>- Front placket with snap buttons</p>\n\n                                <p>- Ventilation under armpit</p>\n\n                                <p>- Adjustable cuffs</p>\n\n                                <p>- Double welted front pockets</p>\n\n                                <p>- Adjustable elastic string at hempen</p>\n\n                                <p>- Ultrasonically welded seams</p>\n\n                                <p>This is a unisex item, please check our clothing &amp; footwear sizing guide for specific Rains jacket sizing information. RAINS comes from the rainy nation of Denmark at the edge of the European continent, close to the ocean and with prevailing westerly winds; all factors that contribute to an average of 121 rain days each year. Arising from these rainy weather conditions comes the attitude that a quick rain shower may be beautiful, as well as moody- but first and foremost requires the right outfit. Rains focus on the whole experience of going outside on rainy days, issuing an invitation to explore even in the most mercurial weather.</p>','published','[\"products\\/60.jpg\",\"products\\/60-1.jpg\",\"products\\/60-2.jpg\"]','0P-193-A1',0,20,0,1,0,3,0,0,1008,715.68,NULL,NULL,14.00,14.00,14.00,535.00,NULL,60737,'2024-05-24 04:02:24','2024-05-24 04:02:30','in_stock',0,'Botble\\ACL\\Models\\User',NULL,'digital',NULL,NULL,0,0,0,5,0),(61,'Kellogg’s Coco Pops Cereal','<ul><li> Unrestrained and portable active stereo speaker</li>\n            <li> Free from the confines of wires and chords</li>\n            <li> 20 hours of portable capabilities</li>\n            <li> Double-ended Coil Cord with 3.5mm Stereo Plugs Included</li>\n            <li> 3/4″ Dome Tweeters: 2X and 4″ Woofer: 1X</li></ul>','<p>Short Hooded Coat features a straight body, large pockets with button flaps, ventilation air holes, and a string detail along the hemline. The style is completed with a drawstring hood, featuring Rains’ signature built-in cap. Made from waterproof, matte PU, this lightweight unisex rain jacket is an ode to nostalgia through its classic silhouette and utilitarian design details.</p>\n                                <p>- Casual unisex fit</p>\n\n                                <p>- 64% polyester, 36% polyurethane</p>\n\n                                <p>- Water column pressure: 4000 mm</p>\n\n                                <p>- Model is 187cm tall and wearing a size S / M</p>\n\n                                <p>- Unisex fit</p>\n\n                                <p>- Drawstring hood with built-in cap</p>\n\n                                <p>- Front placket with snap buttons</p>\n\n                                <p>- Ventilation under armpit</p>\n\n                                <p>- Adjustable cuffs</p>\n\n                                <p>- Double welted front pockets</p>\n\n                                <p>- Adjustable elastic string at hempen</p>\n\n                                <p>- Ultrasonically welded seams</p>\n\n                                <p>This is a unisex item, please check our clothing &amp; footwear sizing guide for specific Rains jacket sizing information. RAINS comes from the rainy nation of Denmark at the edge of the European continent, close to the ocean and with prevailing westerly winds; all factors that contribute to an average of 121 rain days each year. Arising from these rainy weather conditions comes the attitude that a quick rain shower may be beautiful, as well as moody- but first and foremost requires the right outfit. Rains focus on the whole experience of going outside on rainy days, issuing an invitation to explore even in the most mercurial weather.</p>','published','[\"products\\/61.jpg\",\"products\\/61-1.jpg\"]','1K-167',0,18,0,1,1,4,0,0,1055,193,NULL,NULL,15.00,16.00,17.00,799.00,NULL,97914,'2024-05-24 04:02:24','2024-05-24 04:02:30','in_stock',0,'Botble\\ACL\\Models\\User',NULL,'physical',NULL,NULL,0,0,0,7,0),(62,'Kit Kat Chunky Milk Chocolate','<ul><li> Unrestrained and portable active stereo speaker</li>\n            <li> Free from the confines of wires and chords</li>\n            <li> 20 hours of portable capabilities</li>\n            <li> Double-ended Coil Cord with 3.5mm Stereo Plugs Included</li>\n            <li> 3/4″ Dome Tweeters: 2X and 4″ Woofer: 1X</li></ul>','<p>Short Hooded Coat features a straight body, large pockets with button flaps, ventilation air holes, and a string detail along the hemline. The style is completed with a drawstring hood, featuring Rains’ signature built-in cap. Made from waterproof, matte PU, this lightweight unisex rain jacket is an ode to nostalgia through its classic silhouette and utilitarian design details.</p>\n                                <p>- Casual unisex fit</p>\n\n                                <p>- 64% polyester, 36% polyurethane</p>\n\n                                <p>- Water column pressure: 4000 mm</p>\n\n                                <p>- Model is 187cm tall and wearing a size S / M</p>\n\n                                <p>- Unisex fit</p>\n\n                                <p>- Drawstring hood with built-in cap</p>\n\n                                <p>- Front placket with snap buttons</p>\n\n                                <p>- Ventilation under armpit</p>\n\n                                <p>- Adjustable cuffs</p>\n\n                                <p>- Double welted front pockets</p>\n\n                                <p>- Adjustable elastic string at hempen</p>\n\n                                <p>- Ultrasonically welded seams</p>\n\n                                <p>This is a unisex item, please check our clothing &amp; footwear sizing guide for specific Rains jacket sizing information. RAINS comes from the rainy nation of Denmark at the edge of the European continent, close to the ocean and with prevailing westerly winds; all factors that contribute to an average of 121 rain days each year. Arising from these rainy weather conditions comes the attitude that a quick rain shower may be beautiful, as well as moody- but first and foremost requires the right outfit. Rains focus on the whole experience of going outside on rainy days, issuing an invitation to explore even in the most mercurial weather.</p>','published','[\"products\\/62.jpg\",\"products\\/62-1.jpg\"]','WJ-128',0,18,0,1,0,3,0,0,948,290,NULL,NULL,16.00,20.00,15.00,785.00,NULL,177309,'2024-05-24 04:02:24','2024-05-24 04:02:30','in_stock',0,'Botble\\ACL\\Models\\User',NULL,'physical',NULL,NULL,0,0,0,3,0),(63,'Large Green Bell Pepper','<ul><li> Unrestrained and portable active stereo speaker</li>\n            <li> Free from the confines of wires and chords</li>\n            <li> 20 hours of portable capabilities</li>\n            <li> Double-ended Coil Cord with 3.5mm Stereo Plugs Included</li>\n            <li> 3/4″ Dome Tweeters: 2X and 4″ Woofer: 1X</li></ul>','<p>Short Hooded Coat features a straight body, large pockets with button flaps, ventilation air holes, and a string detail along the hemline. The style is completed with a drawstring hood, featuring Rains’ signature built-in cap. Made from waterproof, matte PU, this lightweight unisex rain jacket is an ode to nostalgia through its classic silhouette and utilitarian design details.</p>\n                                <p>- Casual unisex fit</p>\n\n                                <p>- 64% polyester, 36% polyurethane</p>\n\n                                <p>- Water column pressure: 4000 mm</p>\n\n                                <p>- Model is 187cm tall and wearing a size S / M</p>\n\n                                <p>- Unisex fit</p>\n\n                                <p>- Drawstring hood with built-in cap</p>\n\n                                <p>- Front placket with snap buttons</p>\n\n                                <p>- Ventilation under armpit</p>\n\n                                <p>- Adjustable cuffs</p>\n\n                                <p>- Double welted front pockets</p>\n\n                                <p>- Adjustable elastic string at hempen</p>\n\n                                <p>- Ultrasonically welded seams</p>\n\n                                <p>This is a unisex item, please check our clothing &amp; footwear sizing guide for specific Rains jacket sizing information. RAINS comes from the rainy nation of Denmark at the edge of the European continent, close to the ocean and with prevailing westerly winds; all factors that contribute to an average of 121 rain days each year. Arising from these rainy weather conditions comes the attitude that a quick rain shower may be beautiful, as well as moody- but first and foremost requires the right outfit. Rains focus on the whole experience of going outside on rainy days, issuing an invitation to explore even in the most mercurial weather.</p>','published','[\"products\\/63.jpg\",\"products\\/63-1.jpg\"]','ZZ-102',0,14,0,1,1,3,0,0,626,33,NULL,NULL,19.00,19.00,15.00,841.00,NULL,175804,'2024-05-24 04:02:24','2024-05-24 04:02:30','in_stock',0,'Botble\\ACL\\Models\\User',NULL,'physical',NULL,NULL,0,0,0,7,0),(64,'Pice 94w Beasley Journal (Digital)','<ul><li> Unrestrained and portable active stereo speaker</li>\n            <li> Free from the confines of wires and chords</li>\n            <li> 20 hours of portable capabilities</li>\n            <li> Double-ended Coil Cord with 3.5mm Stereo Plugs Included</li>\n            <li> 3/4″ Dome Tweeters: 2X and 4″ Woofer: 1X</li></ul>','<p>Short Hooded Coat features a straight body, large pockets with button flaps, ventilation air holes, and a string detail along the hemline. The style is completed with a drawstring hood, featuring Rains’ signature built-in cap. Made from waterproof, matte PU, this lightweight unisex rain jacket is an ode to nostalgia through its classic silhouette and utilitarian design details.</p>\n                                <p>- Casual unisex fit</p>\n\n                                <p>- 64% polyester, 36% polyurethane</p>\n\n                                <p>- Water column pressure: 4000 mm</p>\n\n                                <p>- Model is 187cm tall and wearing a size S / M</p>\n\n                                <p>- Unisex fit</p>\n\n                                <p>- Drawstring hood with built-in cap</p>\n\n                                <p>- Front placket with snap buttons</p>\n\n                                <p>- Ventilation under armpit</p>\n\n                                <p>- Adjustable cuffs</p>\n\n                                <p>- Double welted front pockets</p>\n\n                                <p>- Adjustable elastic string at hempen</p>\n\n                                <p>- Ultrasonically welded seams</p>\n\n                                <p>This is a unisex item, please check our clothing &amp; footwear sizing guide for specific Rains jacket sizing information. RAINS comes from the rainy nation of Denmark at the edge of the European continent, close to the ocean and with prevailing westerly winds; all factors that contribute to an average of 121 rain days each year. Arising from these rainy weather conditions comes the attitude that a quick rain shower may be beautiful, as well as moody- but first and foremost requires the right outfit. Rains focus on the whole experience of going outside on rainy days, issuing an invitation to explore even in the most mercurial weather.</p>','published','[\"products\\/64.jpg\",\"products\\/64-1.jpg\"]','LK-181-A1',0,14,0,1,1,5,0,0,934,709.84,NULL,NULL,11.00,15.00,10.00,619.00,NULL,21161,'2024-05-24 04:02:24','2024-05-24 04:02:30','in_stock',0,'Botble\\ACL\\Models\\User',NULL,'digital',NULL,NULL,0,0,0,7,0),(65,'Province Piece Glass Drinking Glass','<ul><li> Unrestrained and portable active stereo speaker</li>\n            <li> Free from the confines of wires and chords</li>\n            <li> 20 hours of portable capabilities</li>\n            <li> Double-ended Coil Cord with 3.5mm Stereo Plugs Included</li>\n            <li> 3/4″ Dome Tweeters: 2X and 4″ Woofer: 1X</li></ul>','<p>Short Hooded Coat features a straight body, large pockets with button flaps, ventilation air holes, and a string detail along the hemline. The style is completed with a drawstring hood, featuring Rains’ signature built-in cap. Made from waterproof, matte PU, this lightweight unisex rain jacket is an ode to nostalgia through its classic silhouette and utilitarian design details.</p>\n                                <p>- Casual unisex fit</p>\n\n                                <p>- 64% polyester, 36% polyurethane</p>\n\n                                <p>- Water column pressure: 4000 mm</p>\n\n                                <p>- Model is 187cm tall and wearing a size S / M</p>\n\n                                <p>- Unisex fit</p>\n\n                                <p>- Drawstring hood with built-in cap</p>\n\n                                <p>- Front placket with snap buttons</p>\n\n                                <p>- Ventilation under armpit</p>\n\n                                <p>- Adjustable cuffs</p>\n\n                                <p>- Double welted front pockets</p>\n\n                                <p>- Adjustable elastic string at hempen</p>\n\n                                <p>- Ultrasonically welded seams</p>\n\n                                <p>This is a unisex item, please check our clothing &amp; footwear sizing guide for specific Rains jacket sizing information. RAINS comes from the rainy nation of Denmark at the edge of the European continent, close to the ocean and with prevailing westerly winds; all factors that contribute to an average of 121 rain days each year. Arising from these rainy weather conditions comes the attitude that a quick rain shower may be beautiful, as well as moody- but first and foremost requires the right outfit. Rains focus on the whole experience of going outside on rainy days, issuing an invitation to explore even in the most mercurial weather.</p>','published','[\"products\\/65.jpg\",\"products\\/65-1.jpg\",\"products\\/65-2.jpg\"]','US-131',0,12,0,1,1,4,0,0,615,226,NULL,NULL,10.00,15.00,10.00,677.00,NULL,107539,'2024-05-24 04:02:24','2024-05-24 04:02:30','in_stock',0,'Botble\\ACL\\Models\\User',NULL,'physical',NULL,NULL,0,0,0,1,0),(66,'Smart Watches',NULL,NULL,'published','[\"products\\/2-1.jpg\"]','LL-196-A1',0,18,0,1,0,3,1,0,40.5,NULL,NULL,NULL,10.00,15.00,13.00,539.00,NULL,0,'2024-05-24 04:02:24','2024-05-24 04:02:30','in_stock',0,'Botble\\ACL\\Models\\User',NULL,'physical',NULL,NULL,0,0,0,NULL,0),(67,'Smart Watches',NULL,NULL,'published','[\"products\\/2-2.jpg\"]','LL-196-A1-A2',0,18,0,1,0,3,1,0,40.5,NULL,NULL,NULL,10.00,15.00,13.00,539.00,NULL,0,'2024-05-24 04:02:24','2024-05-24 04:02:30','in_stock',0,'Botble\\ACL\\Models\\User',NULL,'physical',NULL,NULL,0,0,0,NULL,0),(68,'Red & Black Headphone (Digital)',NULL,NULL,'published','[\"products\\/4-1.jpg\"]','GM-163-A1',0,10,0,1,0,1,1,0,523,449.78,NULL,NULL,17.00,16.00,17.00,892.00,NULL,0,'2024-05-24 04:02:24','2024-05-24 04:02:30','in_stock',0,'Botble\\ACL\\Models\\User',NULL,'digital',NULL,NULL,0,0,0,NULL,0),(69,'Audio Equipment',NULL,NULL,'published','[\"products\\/7.jpg\"]','XQ-117-A1',0,12,0,1,0,2,1,0,519,NULL,NULL,NULL,20.00,13.00,14.00,558.00,NULL,0,'2024-05-24 04:02:25','2024-05-24 04:02:30','in_stock',0,'Botble\\ACL\\Models\\User',NULL,'physical',NULL,NULL,0,0,0,NULL,0),(70,'Smart Televisions (Digital)',NULL,NULL,'published','[\"products\\/8-1.jpg\"]','5K-187-A1',0,13,0,1,0,4,1,0,1131,995.28,NULL,NULL,15.00,16.00,14.00,712.00,NULL,0,'2024-05-24 04:02:25','2024-05-24 04:02:30','in_stock',0,'Botble\\ACL\\Models\\User',NULL,'digital',NULL,NULL,0,0,0,NULL,0),(71,'Samsung Smart Phone',NULL,NULL,'published','[\"products\\/9-1.jpg\"]','3T-163-A1',0,18,0,1,0,5,1,0,540,NULL,NULL,NULL,11.00,10.00,19.00,878.00,NULL,0,'2024-05-24 04:02:25','2024-05-24 04:02:30','in_stock',0,'Botble\\ACL\\Models\\User',NULL,'physical',NULL,NULL,0,0,0,NULL,0),(72,'Samsung Smart Phone',NULL,NULL,'published','[\"products\\/9-2.jpg\"]','3T-163-A1-A2',0,18,0,1,0,5,1,0,540,NULL,NULL,NULL,11.00,10.00,19.00,878.00,NULL,0,'2024-05-24 04:02:25','2024-05-24 04:02:30','in_stock',0,'Botble\\ACL\\Models\\User',NULL,'physical',NULL,NULL,0,0,0,NULL,0),(73,'Samsung Smart Phone',NULL,NULL,'published','[\"products\\/9.jpg\"]','3T-163-A1-A3',0,18,0,1,0,5,1,0,540,NULL,NULL,NULL,11.00,10.00,19.00,878.00,NULL,0,'2024-05-24 04:02:25','2024-05-24 04:02:30','in_stock',0,'Botble\\ACL\\Models\\User',NULL,'physical',NULL,NULL,0,0,0,NULL,0),(74,'Xbox One Wireless Controller Black Color',NULL,NULL,'published','[\"products\\/11-1.jpg\"]','BT-123-A1',0,13,0,1,0,1,1,0,1279,NULL,NULL,NULL,20.00,20.00,19.00,724.00,NULL,0,'2024-05-24 04:02:25','2024-05-24 04:02:30','in_stock',0,'Botble\\ACL\\Models\\User',NULL,'physical',NULL,NULL,0,0,0,NULL,0),(75,'Xbox One Wireless Controller Black Color',NULL,NULL,'published','[\"products\\/11-2.jpg\"]','BT-123-A1-A2',0,13,0,1,0,1,1,0,1279,NULL,NULL,NULL,20.00,20.00,19.00,724.00,NULL,0,'2024-05-24 04:02:25','2024-05-24 04:02:30','in_stock',0,'Botble\\ACL\\Models\\User',NULL,'physical',NULL,NULL,0,0,0,NULL,0),(76,'Xbox One Wireless Controller Black Color',NULL,NULL,'published','[\"products\\/11-3.jpg\"]','BT-123-A1-A3',0,13,0,1,0,1,1,0,1279,NULL,NULL,NULL,20.00,20.00,19.00,724.00,NULL,0,'2024-05-24 04:02:25','2024-05-24 04:02:30','in_stock',0,'Botble\\ACL\\Models\\User',NULL,'physical',NULL,NULL,0,0,0,NULL,0),(77,'Xbox One Wireless Controller Black Color',NULL,NULL,'published','[\"products\\/11.jpg\"]','BT-123-A1-A4',0,13,0,1,0,1,1,0,1279,NULL,NULL,NULL,20.00,20.00,19.00,724.00,NULL,0,'2024-05-24 04:02:25','2024-05-24 04:02:30','in_stock',0,'Botble\\ACL\\Models\\User',NULL,'physical',NULL,NULL,0,0,0,NULL,0),(78,'Xbox One Wireless Controller Black Color',NULL,NULL,'published','[\"products\\/11.jpg\"]','BT-123-A1-A5',0,13,0,1,0,1,1,0,1279,NULL,NULL,NULL,20.00,20.00,19.00,724.00,NULL,0,'2024-05-24 04:02:25','2024-05-24 04:02:30','in_stock',0,'Botble\\ACL\\Models\\User',NULL,'physical',NULL,NULL,0,0,0,NULL,0),(79,'EPSION Plaster Printer (Digital)',NULL,NULL,'published','[\"products\\/12-1.jpg\"]','VX-142-A1',0,16,0,1,0,5,1,0,525,430.5,NULL,NULL,11.00,19.00,12.00,661.00,NULL,0,'2024-05-24 04:02:25','2024-05-24 04:02:30','in_stock',0,'Botble\\ACL\\Models\\User',NULL,'digital',NULL,NULL,0,0,0,NULL,0),(80,'EPSION Plaster Printer (Digital)',NULL,NULL,'published','[\"products\\/12-2.jpg\"]','VX-142-A1-A2',0,16,0,1,0,5,1,0,525,409.5,NULL,NULL,11.00,19.00,12.00,661.00,NULL,0,'2024-05-24 04:02:25','2024-05-24 04:02:30','in_stock',0,'Botble\\ACL\\Models\\User',NULL,'digital',NULL,NULL,0,0,0,NULL,0),(81,'B&O Play Mini Bluetooth Speaker',NULL,NULL,'published','[\"products\\/14.jpg\"]','V1-114-A1',0,16,0,1,0,3,1,0,518,NULL,NULL,NULL,15.00,15.00,18.00,832.00,NULL,0,'2024-05-24 04:02:25','2024-05-24 04:02:30','in_stock',0,'Botble\\ACL\\Models\\User',NULL,'physical',NULL,NULL,0,0,0,NULL,0),(82,'B&O Play Mini Bluetooth Speaker',NULL,NULL,'published','[\"products\\/14.jpg\"]','V1-114-A1-A2',0,16,0,1,0,3,1,0,518,NULL,NULL,NULL,15.00,15.00,18.00,832.00,NULL,0,'2024-05-24 04:02:25','2024-05-24 04:02:30','in_stock',0,'Botble\\ACL\\Models\\User',NULL,'physical',NULL,NULL,0,0,0,NULL,0),(83,'B&O Play Mini Bluetooth Speaker',NULL,NULL,'published','[\"products\\/14.jpg\"]','V1-114-A1-A3',0,16,0,1,0,3,1,0,518,NULL,NULL,NULL,15.00,15.00,18.00,832.00,NULL,0,'2024-05-24 04:02:25','2024-05-24 04:02:30','in_stock',0,'Botble\\ACL\\Models\\User',NULL,'physical',NULL,NULL,0,0,0,NULL,0),(84,'Apple MacBook Air Retina 13.3-Inch Laptop',NULL,NULL,'published','[\"products\\/15-1.jpg\"]','NA-192-A1',0,16,0,1,0,4,1,0,546,NULL,NULL,NULL,14.00,17.00,16.00,587.00,NULL,0,'2024-05-24 04:02:25','2024-05-24 04:02:30','in_stock',0,'Botble\\ACL\\Models\\User',NULL,'physical',NULL,NULL,0,0,0,NULL,0),(85,'Apple MacBook Air Retina 13.3-Inch Laptop',NULL,NULL,'published','[\"products\\/15.jpg\"]','NA-192-A1-A2',0,16,0,1,0,4,1,0,546,NULL,NULL,NULL,14.00,17.00,16.00,587.00,NULL,0,'2024-05-24 04:02:25','2024-05-24 04:02:30','in_stock',0,'Botble\\ACL\\Models\\User',NULL,'physical',NULL,NULL,0,0,0,NULL,0),(86,'Apple MacBook Air Retina 13.3-Inch Laptop',NULL,NULL,'published','[\"products\\/15.jpg\"]','NA-192-A1-A3',0,16,0,1,0,4,1,0,546,NULL,NULL,NULL,14.00,17.00,16.00,587.00,NULL,0,'2024-05-24 04:02:25','2024-05-24 04:02:30','in_stock',0,'Botble\\ACL\\Models\\User',NULL,'physical',NULL,NULL,0,0,0,NULL,0),(87,'Samsung Gear VR Virtual Reality Headset',NULL,NULL,'published','[\"products\\/17-1.jpg\"]','76-112-A1',0,11,0,1,0,1,1,0,522,NULL,NULL,NULL,10.00,17.00,17.00,585.00,NULL,0,'2024-05-24 04:02:25','2024-05-24 04:02:30','in_stock',0,'Botble\\ACL\\Models\\User',NULL,'physical',NULL,NULL,0,0,0,NULL,0),(88,'NYX Beauty Couton Pallete Makeup 12',NULL,NULL,'published','[\"products\\/19-1.jpg\"]','Z9-143-A1',0,18,0,1,0,4,1,0,1121,NULL,NULL,NULL,13.00,10.00,20.00,683.00,NULL,0,'2024-05-24 04:02:25','2024-05-24 04:02:30','in_stock',0,'Botble\\ACL\\Models\\User',NULL,'physical',NULL,NULL,0,0,0,NULL,0),(89,'NYX Beauty Couton Pallete Makeup 12',NULL,NULL,'published','[\"products\\/19-2.jpg\"]','Z9-143-A1-A2',0,18,0,1,0,4,1,0,1121,NULL,NULL,NULL,13.00,10.00,20.00,683.00,NULL,0,'2024-05-24 04:02:25','2024-05-24 04:02:30','in_stock',0,'Botble\\ACL\\Models\\User',NULL,'physical',NULL,NULL,0,0,0,NULL,0),(90,'NYX Beauty Couton Pallete Makeup 12 (Digital)',NULL,NULL,'published','[\"products\\/20-1.jpg\"]','WR-155-A1',0,15,0,1,0,4,1,0,781,570.13,NULL,NULL,13.00,15.00,15.00,882.00,NULL,0,'2024-05-24 04:02:25','2024-05-24 04:02:30','in_stock',0,'Botble\\ACL\\Models\\User',NULL,'digital',NULL,NULL,0,0,0,NULL,0),(91,'NYX Beauty Couton Pallete Makeup 12 (Digital)',NULL,NULL,'published','[\"products\\/20-2.jpg\"]','WR-155-A1-A2',0,15,0,1,0,4,1,0,781,593.56,NULL,NULL,13.00,15.00,15.00,882.00,NULL,0,'2024-05-24 04:02:25','2024-05-24 04:02:30','in_stock',0,'Botble\\ACL\\Models\\User',NULL,'digital',NULL,NULL,0,0,0,NULL,0),(92,'Vimto Squash Remix Apple 1.5 Litres (Digital)',NULL,NULL,'published','[\"products\\/24-1.jpg\"]','KP-192-A1',0,20,0,1,0,2,1,0,663,543.66,NULL,NULL,12.00,14.00,19.00,854.00,NULL,0,'2024-05-24 04:02:25','2024-05-24 04:02:30','in_stock',0,'Botble\\ACL\\Models\\User',NULL,'digital',NULL,NULL,0,0,0,NULL,0),(93,'Crock Pot Slow Cooker',NULL,NULL,'published','[\"products\\/25-1.jpg\"]','EU-128-A1',0,17,0,1,0,4,1,0,548,NULL,NULL,NULL,11.00,15.00,10.00,563.00,NULL,0,'2024-05-24 04:02:25','2024-05-24 04:02:30','in_stock',0,'Botble\\ACL\\Models\\User',NULL,'physical',NULL,NULL,0,0,0,NULL,0),(94,'Crock Pot Slow Cooker',NULL,NULL,'published','[\"products\\/25-2.jpg\"]','EU-128-A1-A2',0,17,0,1,0,4,1,0,548,NULL,NULL,NULL,11.00,15.00,10.00,563.00,NULL,0,'2024-05-24 04:02:25','2024-05-24 04:02:30','in_stock',0,'Botble\\ACL\\Models\\User',NULL,'physical',NULL,NULL,0,0,0,NULL,0),(95,'Crock Pot Slow Cooker',NULL,NULL,'published','[\"products\\/25.jpg\"]','EU-128-A1-A3',0,17,0,1,0,4,1,0,548,NULL,NULL,NULL,11.00,15.00,10.00,563.00,NULL,0,'2024-05-24 04:02:25','2024-05-24 04:02:30','in_stock',0,'Botble\\ACL\\Models\\User',NULL,'physical',NULL,NULL,0,0,0,NULL,0),(96,'Taylors of Harrogate Yorkshire Coffee',NULL,NULL,'published','[\"products\\/26-1.jpg\"]','C2-156-A1',0,10,0,1,0,4,1,0,1294,NULL,NULL,NULL,17.00,19.00,19.00,856.00,NULL,0,'2024-05-24 04:02:25','2024-05-24 04:02:30','in_stock',0,'Botble\\ACL\\Models\\User',NULL,'physical',NULL,NULL,0,0,0,NULL,0),(97,'Taylors of Harrogate Yorkshire Coffee',NULL,NULL,'published','[\"products\\/26.jpg\"]','C2-156-A1-A2',0,10,0,1,0,4,1,0,1294,NULL,NULL,NULL,17.00,19.00,19.00,856.00,NULL,0,'2024-05-24 04:02:25','2024-05-24 04:02:30','in_stock',0,'Botble\\ACL\\Models\\User',NULL,'physical',NULL,NULL,0,0,0,NULL,0),(98,'Taylors of Harrogate Yorkshire Coffee',NULL,NULL,'published','[\"products\\/26.jpg\"]','C2-156-A1-A3',0,10,0,1,0,4,1,0,1294,NULL,NULL,NULL,17.00,19.00,19.00,856.00,NULL,0,'2024-05-24 04:02:25','2024-05-24 04:02:30','in_stock',0,'Botble\\ACL\\Models\\User',NULL,'physical',NULL,NULL,0,0,0,NULL,0),(99,'Soft Mochi & Galeto Ice Cream',NULL,NULL,'published','[\"products\\/27-1.jpg\"]','LM-111-A1',0,17,0,1,0,3,1,0,1246,NULL,NULL,NULL,14.00,10.00,20.00,768.00,NULL,0,'2024-05-24 04:02:25','2024-05-24 04:02:30','in_stock',0,'Botble\\ACL\\Models\\User',NULL,'physical',NULL,NULL,0,0,0,NULL,0),(100,'Soft Mochi & Galeto Ice Cream',NULL,NULL,'published','[\"products\\/27.jpg\"]','LM-111-A1-A2',0,17,0,1,0,3,1,0,1246,NULL,NULL,NULL,14.00,10.00,20.00,768.00,NULL,0,'2024-05-24 04:02:25','2024-05-24 04:02:30','in_stock',0,'Botble\\ACL\\Models\\User',NULL,'physical',NULL,NULL,0,0,0,NULL,0),(101,'Slimming World Vegan Mac Greens (Digital)',NULL,NULL,'published','[\"products\\/32-1.jpg\"]','14-105-A1',0,12,0,1,0,3,1,0,534,464.58,NULL,NULL,13.00,18.00,14.00,533.00,NULL,0,'2024-05-24 04:02:25','2024-05-24 04:02:30','in_stock',0,'Botble\\ACL\\Models\\User',NULL,'digital',NULL,NULL,0,0,0,NULL,0),(102,'Slimming World Vegan Mac Greens (Digital)',NULL,NULL,'published','[\"products\\/32-2.jpg\"]','14-105-A1-A2',0,12,0,1,0,3,1,0,534,475.26,NULL,NULL,13.00,18.00,14.00,533.00,NULL,0,'2024-05-24 04:02:25','2024-05-24 04:02:30','in_stock',0,'Botble\\ACL\\Models\\User',NULL,'digital',NULL,NULL,0,0,0,NULL,0),(103,'Extreme Budweiser Light Can',NULL,NULL,'published','[\"products\\/35-1.jpg\"]','VG-122-A1',0,14,0,1,0,5,1,0,708,NULL,NULL,NULL,19.00,19.00,16.00,836.00,NULL,0,'2024-05-24 04:02:26','2024-05-24 04:02:30','in_stock',0,'Botble\\ACL\\Models\\User',NULL,'physical',NULL,NULL,0,0,0,NULL,0),(104,'Iceland Macaroni Cheese Traybake (Digital)',NULL,NULL,'published','[\"products\\/36-1.jpg\"]','PO-171-A1',0,19,0,1,0,2,1,0,605,532.4,NULL,NULL,13.00,11.00,17.00,659.00,NULL,0,'2024-05-24 04:02:26','2024-05-24 04:02:30','in_stock',0,'Botble\\ACL\\Models\\User',NULL,'digital',NULL,NULL,0,0,0,NULL,0),(105,'Iceland Macaroni Cheese Traybake (Digital)',NULL,NULL,'published','[\"products\\/36-2.jpg\"]','PO-171-A1-A2',0,19,0,1,0,2,1,0,605,508.2,NULL,NULL,13.00,11.00,17.00,659.00,NULL,0,'2024-05-24 04:02:26','2024-05-24 04:02:30','in_stock',0,'Botble\\ACL\\Models\\User',NULL,'digital',NULL,NULL,0,0,0,NULL,0),(106,'Iceland Macaroni Cheese Traybake (Digital)',NULL,NULL,'published','[\"products\\/36.jpg\"]','PO-171-A1-A3',0,19,0,1,0,2,1,0,605,423.5,NULL,NULL,13.00,11.00,17.00,659.00,NULL,0,'2024-05-24 04:02:26','2024-05-24 04:02:30','in_stock',0,'Botble\\ACL\\Models\\User',NULL,'digital',NULL,NULL,0,0,0,NULL,0),(107,'Iceland Macaroni Cheese Traybake (Digital)',NULL,NULL,'published','[\"products\\/36.jpg\"]','PO-171-A1-A4',0,19,0,1,0,2,1,0,605,532.4,NULL,NULL,13.00,11.00,17.00,659.00,NULL,0,'2024-05-24 04:02:26','2024-05-24 04:02:30','in_stock',0,'Botble\\ACL\\Models\\User',NULL,'digital',NULL,NULL,0,0,0,NULL,0),(108,'Miko The Panda Water Bottle (Digital)',NULL,NULL,'published','[\"products\\/40-1.jpg\"]','1Y-131-A1',0,15,0,1,0,3,1,0,572,457.6,NULL,NULL,18.00,10.00,14.00,690.00,NULL,0,'2024-05-24 04:02:26','2024-05-24 04:02:30','in_stock',0,'Botble\\ACL\\Models\\User',NULL,'digital',NULL,NULL,0,0,0,NULL,0),(109,'Miko The Panda Water Bottle (Digital)',NULL,NULL,'published','[\"products\\/40.jpg\"]','1Y-131-A1-A2',0,15,0,1,0,3,1,0,572,503.36,NULL,NULL,18.00,10.00,14.00,690.00,NULL,0,'2024-05-24 04:02:26','2024-05-24 04:02:30','in_stock',0,'Botble\\ACL\\Models\\User',NULL,'digital',NULL,NULL,0,0,0,NULL,0),(110,'Miko The Panda Water Bottle (Digital)',NULL,NULL,'published','[\"products\\/40.jpg\"]','1Y-131-A1-A3',0,15,0,1,0,3,1,0,572,457.6,NULL,NULL,18.00,10.00,14.00,690.00,NULL,0,'2024-05-24 04:02:26','2024-05-24 04:02:30','in_stock',0,'Botble\\ACL\\Models\\User',NULL,'digital',NULL,NULL,0,0,0,NULL,0),(111,'Italia Beef Lasagne (Digital)',NULL,NULL,'published','[\"products\\/44-1.jpg\"]','A0-164-A1',0,14,0,1,0,3,1,0,959,748.02,NULL,NULL,19.00,14.00,12.00,502.00,NULL,0,'2024-05-24 04:02:26','2024-05-24 04:02:30','in_stock',0,'Botble\\ACL\\Models\\User',NULL,'digital',NULL,NULL,0,0,0,NULL,0),(112,'Italia Beef Lasagne (Digital)',NULL,NULL,'published','[\"products\\/44-2.jpg\"]','A0-164-A1-A2',0,14,0,1,0,3,1,0,959,853.51,NULL,NULL,19.00,14.00,12.00,502.00,NULL,0,'2024-05-24 04:02:26','2024-05-24 04:02:30','in_stock',0,'Botble\\ACL\\Models\\User',NULL,'digital',NULL,NULL,0,0,0,NULL,0),(113,'Italia Beef Lasagne (Digital)',NULL,NULL,'published','[\"products\\/44.jpg\"]','A0-164-A1-A3',0,14,0,1,0,3,1,0,959,863.1,NULL,NULL,19.00,14.00,12.00,502.00,NULL,0,'2024-05-24 04:02:26','2024-05-24 04:02:30','in_stock',0,'Botble\\ACL\\Models\\User',NULL,'digital',NULL,NULL,0,0,0,NULL,0),(114,'Italia Beef Lasagne (Digital)',NULL,NULL,'published','[\"products\\/44.jpg\"]','A0-164-A1-A4',0,14,0,1,0,3,1,0,959,786.38,NULL,NULL,19.00,14.00,12.00,502.00,NULL,0,'2024-05-24 04:02:26','2024-05-24 04:02:30','in_stock',0,'Botble\\ACL\\Models\\User',NULL,'digital',NULL,NULL,0,0,0,NULL,0),(115,'Bottled Pure Water 500ml',NULL,NULL,'published','[\"products\\/46-1.jpg\"]','ER-121-A1',0,16,0,1,0,3,1,0,1088,NULL,NULL,NULL,14.00,14.00,17.00,881.00,NULL,0,'2024-05-24 04:02:26','2024-05-24 04:02:30','in_stock',0,'Botble\\ACL\\Models\\User',NULL,'physical',NULL,NULL,0,0,0,NULL,0),(116,'Bottled Pure Water 500ml',NULL,NULL,'published','[\"products\\/46.jpg\"]','ER-121-A1-A2',0,16,0,1,0,3,1,0,1088,NULL,NULL,NULL,14.00,14.00,17.00,881.00,NULL,0,'2024-05-24 04:02:26','2024-05-24 04:02:30','in_stock',0,'Botble\\ACL\\Models\\User',NULL,'physical',NULL,NULL,0,0,0,NULL,0),(117,'Bottled Pure Water 500ml',NULL,NULL,'published','[\"products\\/46.jpg\"]','ER-121-A1-A3',0,16,0,1,0,3,1,0,1088,NULL,NULL,NULL,14.00,14.00,17.00,881.00,NULL,0,'2024-05-24 04:02:26','2024-05-24 04:02:30','in_stock',0,'Botble\\ACL\\Models\\User',NULL,'physical',NULL,NULL,0,0,0,NULL,0),(118,'Famart Farmhouse Soft White',NULL,NULL,'published','[\"products\\/47-1.jpg\"]','Z4-164-A1',0,16,0,1,0,2,1,0,1233,NULL,NULL,NULL,12.00,15.00,15.00,813.00,NULL,0,'2024-05-24 04:02:26','2024-05-24 04:02:30','in_stock',0,'Botble\\ACL\\Models\\User',NULL,'physical',NULL,NULL,0,0,0,NULL,0),(119,'Casillero Diablo Cabernet Sauvignon',NULL,NULL,'published','[\"products\\/49-1.jpg\"]','HZ-183-A1',0,11,0,1,0,5,1,0,1228,NULL,NULL,NULL,10.00,12.00,14.00,767.00,NULL,0,'2024-05-24 04:02:26','2024-05-24 04:02:30','in_stock',0,'Botble\\ACL\\Models\\User',NULL,'physical',NULL,NULL,0,0,0,NULL,0),(120,'Casillero Diablo Cabernet Sauvignon',NULL,NULL,'published','[\"products\\/49-2.jpg\"]','HZ-183-A1-A2',0,11,0,1,0,5,1,0,1228,NULL,NULL,NULL,10.00,12.00,14.00,767.00,NULL,0,'2024-05-24 04:02:26','2024-05-24 04:02:30','in_stock',0,'Botble\\ACL\\Models\\User',NULL,'physical',NULL,NULL,0,0,0,NULL,0),(121,'Casillero Diablo Cabernet Sauvignon',NULL,NULL,'published','[\"products\\/49.jpg\"]','HZ-183-A1-A3',0,11,0,1,0,5,1,0,1228,NULL,NULL,NULL,10.00,12.00,14.00,767.00,NULL,0,'2024-05-24 04:02:26','2024-05-24 04:02:30','in_stock',0,'Botble\\ACL\\Models\\User',NULL,'physical',NULL,NULL,0,0,0,NULL,0),(122,'Arla Organic Free Range Milk',NULL,NULL,'published','[\"products\\/50-1.jpg\"]','AF-163-A1',0,17,0,1,0,5,1,0,600,NULL,NULL,NULL,20.00,16.00,11.00,667.00,NULL,0,'2024-05-24 04:02:26','2024-05-24 04:02:30','in_stock',0,'Botble\\ACL\\Models\\User',NULL,'physical',NULL,NULL,0,0,0,NULL,0),(123,'Corn, Yellow Sweet',NULL,NULL,'published','[\"products\\/53-1.jpg\"]','1F-143-A1',0,19,0,1,0,3,1,0,542,NULL,NULL,NULL,18.00,15.00,15.00,549.00,NULL,0,'2024-05-24 04:02:26','2024-05-24 04:02:30','in_stock',0,'Botble\\ACL\\Models\\User',NULL,'physical',NULL,NULL,0,0,0,NULL,0),(124,'Corn, Yellow Sweet',NULL,NULL,'published','[\"products\\/53.jpg\"]','1F-143-A1-A2',0,19,0,1,0,3,1,0,542,NULL,NULL,NULL,18.00,15.00,15.00,549.00,NULL,0,'2024-05-24 04:02:26','2024-05-24 04:02:30','in_stock',0,'Botble\\ACL\\Models\\User',NULL,'physical',NULL,NULL,0,0,0,NULL,0),(125,'Honest Organic Still Lemonade',NULL,NULL,'published','[\"products\\/55-1.jpg\"]','NJ-125-A1',0,11,0,1,0,5,1,0,1023,NULL,NULL,NULL,17.00,16.00,16.00,807.00,NULL,0,'2024-05-24 04:02:26','2024-05-24 04:02:30','in_stock',0,'Botble\\ACL\\Models\\User',NULL,'physical',NULL,NULL,0,0,0,NULL,0),(126,'Honest Organic Still Lemonade',NULL,NULL,'published','[\"products\\/55-2.jpg\"]','NJ-125-A1-A2',0,11,0,1,0,5,1,0,1023,NULL,NULL,NULL,17.00,16.00,16.00,807.00,NULL,0,'2024-05-24 04:02:26','2024-05-24 04:02:30','in_stock',0,'Botble\\ACL\\Models\\User',NULL,'physical',NULL,NULL,0,0,0,NULL,0),(127,'Honest Organic Still Lemonade',NULL,NULL,'published','[\"products\\/55.jpg\"]','NJ-125-A1-A3',0,11,0,1,0,5,1,0,1023,NULL,NULL,NULL,17.00,16.00,16.00,807.00,NULL,0,'2024-05-24 04:02:26','2024-05-24 04:02:30','in_stock',0,'Botble\\ACL\\Models\\User',NULL,'physical',NULL,NULL,0,0,0,NULL,0),(128,'Honest Organic Still Lemonade',NULL,NULL,'published','[\"products\\/55.jpg\"]','NJ-125-A1-A4',0,11,0,1,0,5,1,0,1023,NULL,NULL,NULL,17.00,16.00,16.00,807.00,NULL,0,'2024-05-24 04:02:26','2024-05-24 04:02:30','in_stock',0,'Botble\\ACL\\Models\\User',NULL,'physical',NULL,NULL,0,0,0,NULL,0),(129,'Honest Organic Still Lemonade',NULL,NULL,'published','[\"products\\/55.jpg\"]','NJ-125-A1-A5',0,11,0,1,0,5,1,0,1023,NULL,NULL,NULL,17.00,16.00,16.00,807.00,NULL,0,'2024-05-24 04:02:26','2024-05-24 04:02:30','in_stock',0,'Botble\\ACL\\Models\\User',NULL,'physical',NULL,NULL,0,0,0,NULL,0),(130,'Iceland Luxury 4 Panini Rolls',NULL,NULL,'published','[\"products\\/58-1.jpg\"]','97-125-A1',0,11,0,1,0,1,1,0,621,NULL,NULL,NULL,15.00,20.00,10.00,757.00,NULL,0,'2024-05-24 04:02:26','2024-05-24 04:02:30','in_stock',0,'Botble\\ACL\\Models\\User',NULL,'physical',NULL,NULL,0,0,0,NULL,0),(131,'Iceland Luxury 4 Panini Rolls',NULL,NULL,'published','[\"products\\/58-2.jpg\"]','97-125-A1-A2',0,11,0,1,0,1,1,0,621,NULL,NULL,NULL,15.00,20.00,10.00,757.00,NULL,0,'2024-05-24 04:02:26','2024-05-24 04:02:30','in_stock',0,'Botble\\ACL\\Models\\User',NULL,'physical',NULL,NULL,0,0,0,NULL,0),(132,'Iceland Soft Scoop Vanilla',NULL,NULL,'published','[\"products\\/59-1.jpg\"]','WJ-197-A1',0,18,0,1,0,1,1,0,911,NULL,NULL,NULL,10.00,11.00,16.00,773.00,NULL,0,'2024-05-24 04:02:26','2024-05-24 04:02:30','in_stock',0,'Botble\\ACL\\Models\\User',NULL,'physical',NULL,NULL,0,0,0,NULL,0),(133,'Iceland Soft Scoop Vanilla',NULL,NULL,'published','[\"products\\/59-2.jpg\"]','WJ-197-A1-A2',0,18,0,1,0,1,1,0,911,NULL,NULL,NULL,10.00,11.00,16.00,773.00,NULL,0,'2024-05-24 04:02:26','2024-05-24 04:02:30','in_stock',0,'Botble\\ACL\\Models\\User',NULL,'physical',NULL,NULL,0,0,0,NULL,0),(134,'Iceland Soft Scoop Vanilla',NULL,NULL,'published','[\"products\\/59-3.jpg\"]','WJ-197-A1-A3',0,18,0,1,0,1,1,0,911,NULL,NULL,NULL,10.00,11.00,16.00,773.00,NULL,0,'2024-05-24 04:02:26','2024-05-24 04:02:30','in_stock',0,'Botble\\ACL\\Models\\User',NULL,'physical',NULL,NULL,0,0,0,NULL,0),(135,'Iceland Spaghetti Bolognese (Digital)',NULL,NULL,'published','[\"products\\/60-1.jpg\"]','0P-193-A1',0,20,0,1,0,3,1,0,1008,715.68,NULL,NULL,14.00,14.00,14.00,535.00,NULL,0,'2024-05-24 04:02:26','2024-05-24 04:02:30','in_stock',0,'Botble\\ACL\\Models\\User',NULL,'digital',NULL,NULL,0,0,0,NULL,0),(136,'Iceland Spaghetti Bolognese (Digital)',NULL,NULL,'published','[\"products\\/60-2.jpg\"]','0P-193-A1-A2',0,20,0,1,0,3,1,0,1008,876.96,NULL,NULL,14.00,14.00,14.00,535.00,NULL,0,'2024-05-24 04:02:27','2024-05-24 04:02:30','in_stock',0,'Botble\\ACL\\Models\\User',NULL,'digital',NULL,NULL,0,0,0,NULL,0),(137,'Pice 94w Beasley Journal (Digital)',NULL,NULL,'published','[\"products\\/64-1.jpg\"]','LK-181-A1',0,14,0,1,0,5,1,0,934,709.84,NULL,NULL,11.00,15.00,10.00,619.00,NULL,0,'2024-05-24 04:02:27','2024-05-24 04:02:30','in_stock',0,'Botble\\ACL\\Models\\User',NULL,'digital',NULL,NULL,0,0,0,NULL,0),(138,'Pice 94w Beasley Journal (Digital)',NULL,NULL,'published','[\"products\\/64.jpg\"]','LK-181-A1-A2',0,14,0,1,0,5,1,0,934,812.58,NULL,NULL,11.00,15.00,10.00,619.00,NULL,0,'2024-05-24 04:02:27','2024-05-24 04:02:30','in_stock',0,'Botble\\ACL\\Models\\User',NULL,'digital',NULL,NULL,0,0,0,NULL,0),(139,'Pice 94w Beasley Journal (Digital)',NULL,NULL,'published','[\"products\\/64.jpg\"]','LK-181-A1-A3',0,14,0,1,0,5,1,0,934,681.82,NULL,NULL,11.00,15.00,10.00,619.00,NULL,0,'2024-05-24 04:02:27','2024-05-24 04:02:30','in_stock',0,'Botble\\ACL\\Models\\User',NULL,'digital',NULL,NULL,0,0,0,NULL,0);

--
