-- Table structure for table `ec_products_translations`
--

CREATE TABLE `ec_products_translations` (
  `lang_code` varchar(191) COLLATE utf8mb4_unicode_ci NOT NULL,
  `ec_products_id` bigint unsigned NOT NULL,
  `name` varchar(191) COLLATE utf8mb4_unicode_ci DEFAULT NULL,
  `description` text COLLATE utf8mb4_unicode_ci,
  `content` text COLLATE utf8mb4_unicode_ci,
  PRIMARY KEY (`lang_code`,`ec_products_id`)
) ENGINE=InnoDB DEFAULT CHARSET=utf8mb4 COLLATE=utf8mb4_unicode_ci;

--
-- Dumping data for table `ec_products_translations`
--


--
-- Table structure for table `ec_review_replies`
--

CREATE TABLE `ec_review_replies` (
  `id` bigint unsigned NOT NULL AUTO_INCREMENT,
  `user_id` bigint unsigned NOT NULL,
  `review_id` bigint unsigned NOT NULL,
  `message` text COLLATE utf8mb4_unicode_ci NOT NULL,
  `created_at` timestamp NULL DEFAULT NULL,
  `updated_at` timestamp NULL DEFAULT NULL,
  PRIMARY KEY (`id`),
  UNIQUE KEY `ec_review_replies_review_id_user_id_unique` (`review_id`,`user_id`)
) ENGINE=InnoDB DEFAULT CHARSET=utf8mb4 COLLATE=utf8mb4_unicode_ci;

--
-- Dumping data for table `ec_review_replies`
--


--
-- Table structure for table `ec_reviews`
--

CREATE TABLE `ec_reviews` (
  `id` bigint unsigned NOT NULL AUTO_INCREMENT,
  `customer_id` bigint unsigned DEFAULT NULL,
  `customer_name` varchar(191) COLLATE utf8mb4_unicode_ci DEFAULT NULL,
  `customer_email` varchar(191) COLLATE utf8mb4_unicode_ci DEFAULT NULL,
  `product_id` bigint unsigned NOT NULL,
  `star` double(8,2) NOT NULL,
  `comment` text COLLATE utf8mb4_unicode_ci NOT NULL,
  `status` varchar(60) COLLATE utf8mb4_unicode_ci NOT NULL DEFAULT 'published',
  `created_at` timestamp NULL DEFAULT NULL,
  `updated_at` timestamp NULL DEFAULT NULL,
  `images` text COLLATE utf8mb4_unicode_ci,
  PRIMARY KEY (`id`),
  UNIQUE KEY `ec_reviews_product_id_customer_id_unique` (`product_id`,`customer_id`),
  KEY `ec_reviews_product_id_customer_id_status_created_at_index` (`product_id`,`customer_id`,`status`,`created_at`),
  KEY `review_relation_index` (`product_id`,`customer_id`,`status`)
) ENGINE=InnoDB AUTO_INCREMENT=1001 DEFAULT CHARSET=utf8mb4 COLLATE=utf8mb4_unicode_ci;

--
-- Dumping data for table `ec_reviews`
--

INSERT INTO `ec_reviews` VALUES (1,8,NULL,NULL,32,2.00,'Second or third time that I buy a Botble product, happy with the products and support. You guys do a good job :)','published','2024-05-24 04:02:27','2024-05-24 04:02:27','[\"products\\/25-2.jpg\",\"products\\/52-1.jpg\"]'),(2,4,NULL,NULL,15,2.00,'We have received brilliant service support and will be expanding the features with the developer. Nice product!','published','2024-05-24 04:02:27','2024-05-24 04:02:27','[\"products\\/4-3.jpg\",\"products\\/41-2.jpg\",\"products\\/42-1.jpg\",\"products\\/56-2.jpg\"]'),(3,7,NULL,NULL,38,5.00,'Customer Support are grade (A*), however the code is a way too over engineered for it\'s purpose.','published','2024-05-24 04:02:27','2024-05-24 04:02:27','[\"products\\/2-2.jpg\",\"products\\/8.jpg\",\"products\\/15-1.jpg\"]'),(4,3,NULL,NULL,49,3.00,'Very enthusiastic support! Excellent code is written. It\'s a true pleasure working with.','published','2024-05-24 04:02:27','2024-05-24 04:02:27','[\"products\\/3.jpg\",\"products\\/12.jpg\",\"products\\/24.jpg\",\"products\\/50.jpg\"]'),(5,7,NULL,NULL,12,2.00,'The script is the best of its class, fast, easy to implement and work with , and the most important thing is the great support team , Recommend with no doubt.','published','2024-05-24 04:02:27','2024-05-24 04:02:27','[\"products\\/9.jpg\"]'),(6,4,NULL,NULL,5,1.00,'Perfect +++++++++ i love it really also i get to fast ticket answers... Thanks Lot BOTBLE Teams','published','2024-05-24 04:02:27','2024-05-24 04:02:27','[\"products\\/62-1.jpg\"]'),(7,9,NULL,NULL,43,5.00,'The best store template! Excellent coding! Very good support! Thank you so much for all the help, I really appreciated.','published','2024-05-24 04:02:27','2024-05-24 04:02:27','[\"products\\/1.jpg\",\"products\\/17.jpg\"]'),(8,4,NULL,NULL,16,5.00,'I Love this Script. I also found how to add other fees. Now I just wait the BIG update for the Marketplace with the Bulk Import. Just do not forget to make it to be Multi-language for us the Botble Fans.','published','2024-05-24 04:02:27','2024-05-24 04:02:27','[\"products\\/50-1.jpg\"]'),(9,4,NULL,NULL,50,4.00,'Second or third time that I buy a Botble product, happy with the products and support. You guys do a good job :)','published','2024-05-24 04:02:27','2024-05-24 04:02:27','[\"products\\/22-3.jpg\",\"products\\/43-1.jpg\",\"products\\/59-3.jpg\"]'),(10,1,NULL,NULL,39,4.00,'This web app is really good in design, code quality & features. Besides, the customer support provided by the Botble team was really fast & helpful. You guys are awesome!','published','2024-05-24 04:02:27','2024-05-24 04:02:27','[\"products\\/18-3.jpg\",\"products\\/22-2.jpg\",\"products\\/23-2.jpg\",\"products\\/58.jpg\"]'),(11,9,NULL,NULL,44,5.00,'Very enthusiastic support! Excellent code is written. It\'s a true pleasure working with.','published','2024-05-24 04:02:27','2024-05-24 04:02:27','[\"products\\/9-1.jpg\",\"products\\/35.jpg\",\"products\\/45-1.jpg\",\"products\\/63-1.jpg\"]'),(12,8,NULL,NULL,61,2.00,'I Love this Script. I also found how to add other fees. Now I just wait the BIG update for the Marketplace with the Bulk Import. Just do not forget to make it to be Multi-language for us the Botble Fans.','published','2024-05-24 04:02:27','2024-05-24 04:02:27','[\"products\\/37.jpg\",\"products\\/49.jpg\",\"products\\/60.jpg\",\"products\\/63.jpg\"]'),(13,2,NULL,NULL,10,2.00,'Great system, great support, good job Botble. I\'m looking forward to more great functional plugins.','published','2024-05-24 04:02:27','2024-05-24 04:02:27','[\"products\\/59.jpg\"]'),(14,4,NULL,NULL,11,1.00,'I Love this Script. I also found how to add other fees. Now I just wait the BIG update for the Marketplace with the Bulk Import. Just do not forget to make it to be Multi-language for us the Botble Fans.','published','2024-05-24 04:02:27','2024-05-24 04:02:27','[\"products\\/12-2.jpg\",\"products\\/44-1.jpg\",\"products\\/46.jpg\"]'),(15,4,NULL,NULL,42,5.00,'This web app is really good in design, code quality & features. Besides, the customer support provided by the Botble team was really fast & helpful. You guys are awesome!','published','2024-05-24 04:02:27','2024-05-24 04:02:27','[\"products\\/29-1.jpg\",\"products\\/44-1.jpg\"]'),(16,5,NULL,NULL,15,1.00,'It\'s not my first experience here on Codecanyon and I can honestly tell you all that Botble puts a LOT of effort into the support. They answer so fast, they helped me tons of times. REALLY by far THE BEST EXPERIENCE on Codecanyon. Those guys at Botble are so good that they deserve 5 stars. I recommend them, I trust them and I can\'t wait to see what they will sell in a near future. Thank you Botble :)','published','2024-05-24 04:02:27','2024-05-24 04:02:27','[\"products\\/5-1.jpg\",\"products\\/45.jpg\"]'),(17,1,NULL,NULL,42,2.00,'Customer Support are grade (A*), however the code is a way too over engineered for it\'s purpose.','published','2024-05-24 04:02:27','2024-05-24 04:02:27','[\"products\\/44-2.jpg\"]'),(18,5,NULL,NULL,27,1.00,'Great system, great support, good job Botble. I\'m looking forward to more great functional plugins.','published','2024-05-24 04:02:27','2024-05-24 04:02:27','[\"products\\/5-3.jpg\",\"products\\/22-2.jpg\",\"products\\/23.jpg\",\"products\\/59-3.jpg\"]'),(19,7,NULL,NULL,50,2.00,'Best ecommerce CMS online store!','published','2024-05-24 04:02:27','2024-05-24 04:02:27','[\"products\\/26.jpg\",\"products\\/39-2.jpg\",\"products\\/58.jpg\"]'),(20,9,NULL,NULL,17,3.00,'Cool template. Excellent code quality. The support responds very quickly, which is very rare on themeforest and codecanyon.net, I buy a lot of templates, and everyone will have a response from technical support for two or three days. Thanks to tech support. I recommend to buy.','published','2024-05-24 04:02:27','2024-05-24 04:02:27','[\"products\\/11-2.jpg\",\"products\\/41.jpg\"]'),(21,8,NULL,NULL,42,1.00,'I Love this Script. I also found how to add other fees. Now I just wait the BIG update for the Marketplace with the Bulk Import. Just do not forget to make it to be Multi-language for us the Botble Fans.','published','2024-05-24 04:02:27','2024-05-24 04:02:27','[\"products\\/63.jpg\"]'),(22,1,NULL,NULL,62,2.00,'It\'s not my first experience here on Codecanyon and I can honestly tell you all that Botble puts a LOT of effort into the support. They answer so fast, they helped me tons of times. REALLY by far THE BEST EXPERIENCE on Codecanyon. Those guys at Botble are so good that they deserve 5 stars. I recommend them, I trust them and I can\'t wait to see what they will sell in a near future. Thank you Botble :)','published','2024-05-24 04:02:27','2024-05-24 04:02:27','[\"products\\/21-1.jpg\",\"products\\/39-1.jpg\",\"products\\/54.jpg\",\"products\\/59-2.jpg\"]'),(23,9,NULL,NULL,31,5.00,'Second or third time that I buy a Botble product, happy with the products and support. You guys do a good job :)','published','2024-05-24 04:02:27','2024-05-24 04:02:27','[\"products\\/42-1.jpg\",\"products\\/56-1.jpg\",\"products\\/59-3.jpg\"]'),(24,7,NULL,NULL,51,4.00,'Clean & perfect source code','published','2024-05-24 04:02:27','2024-05-24 04:02:27','[\"products\\/21-2.jpg\",\"products\\/65.jpg\"]'),(25,9,NULL,NULL,7,1.00,'Best ecommerce CMS online store!','published','2024-05-24 04:02:27','2024-05-24 04:02:27','[\"products\\/19-3.jpg\",\"products\\/21-2.jpg\",\"products\\/43.jpg\"]'),(26,7,NULL,NULL,56,1.00,'The best ecommerce CMS! Excellent coding! best support service! Thank you so much..... I really like your hard work.','published','2024-05-24 04:02:27','2024-05-24 04:02:27','[\"products\\/41-2.jpg\",\"products\\/45-1.jpg\",\"products\\/61.jpg\"]'),(27,9,NULL,NULL,16,3.00,'This web app is really good in design, code quality & features. Besides, the customer support provided by the Botble team was really fast & helpful. You guys are awesome!','published','2024-05-24 04:02:27','2024-05-24 04:02:27','[\"products\\/14.jpg\",\"products\\/32-2.jpg\",\"products\\/32.jpg\",\"products\\/59.jpg\"]'),(28,10,NULL,NULL,21,4.00,'Good app, good backup service and support. Good documentation.','published','2024-05-24 04:02:27','2024-05-24 04:02:27','[\"products\\/8-2.jpg\",\"products\\/26-1.jpg\"]'),(29,7,NULL,NULL,60,5.00,'Cool template. Excellent code quality. The support responds very quickly, which is very rare on themeforest and codecanyon.net, I buy a lot of templates, and everyone will have a response from technical support for two or three days. Thanks to tech support. I recommend to buy.','published','2024-05-24 04:02:27','2024-05-24 04:02:27','[\"products\\/22-2.jpg\",\"products\\/32-2.jpg\"]'),(30,5,NULL,NULL,44,3.00,'This script is well coded and is super fast. The support is pretty quick. Very patient and helpful team. I strongly recommend it and they deserve more than 5 stars.','published','2024-05-24 04:02:27','2024-05-24 04:02:27','[\"products\\/32-1.jpg\",\"products\\/37.jpg\"]'),(31,9,NULL,NULL,42,4.00,'The code is good, in general, if you like it, can you give it 5 stars?','published','2024-05-24 04:02:27','2024-05-24 04:02:27','[\"products\\/19.jpg\"]'),(32,10,NULL,NULL,56,5.00,'Those guys now what they are doing, the release such a good product that it\'s a pleasure to work with ! Even when I was stuck on the project, I created a ticket and the next day it was replied by the team. GOOD JOB guys. I love working with them :)','published','2024-05-24 04:02:27','2024-05-24 04:02:27','[\"products\\/30.jpg\",\"products\\/65-1.jpg\"]'),(33,10,NULL,NULL,44,3.00,'Very enthusiastic support! Excellent code is written. It\'s a true pleasure working with.','published','2024-05-24 04:02:27','2024-05-24 04:02:27','[\"products\\/7.jpg\",\"products\\/25.jpg\"]'),(34,10,NULL,NULL,6,4.00,'The code is good, in general, if you like it, can you give it 5 stars?','published','2024-05-24 04:02:27','2024-05-24 04:02:27','[\"products\\/14.jpg\",\"products\\/30-1.jpg\",\"products\\/31-1.jpg\",\"products\\/33-1.jpg\"]'),(35,7,NULL,NULL,44,3.00,'For me the best eCommerce script on Envato at this moment: modern, clean code, a lot of great features. The customer support is great too: I always get an answer within hours!','published','2024-05-24 04:02:27','2024-05-24 04:02:27','[\"products\\/20-2.jpg\"]'),(36,6,NULL,NULL,44,3.00,'As a developer I reviewed this script. This is really awesome ecommerce script. I have convinced when I noticed that it\'s built on fully WordPress concept.','published','2024-05-24 04:02:27','2024-05-24 04:02:27','[\"products\\/9.jpg\",\"products\\/32-1.jpg\",\"products\\/63.jpg\"]'),(37,6,NULL,NULL,1,4.00,'For me the best eCommerce script on Envato at this moment: modern, clean code, a lot of great features. The customer support is great too: I always get an answer within hours!','published','2024-05-24 04:02:27','2024-05-24 04:02:27','[\"products\\/28-1.jpg\"]'),(38,9,NULL,NULL,37,5.00,'Second or third time that I buy a Botble product, happy with the products and support. You guys do a good job :)','published','2024-05-24 04:02:27','2024-05-24 04:02:27','[\"products\\/4.jpg\",\"products\\/5-3.jpg\",\"products\\/15.jpg\",\"products\\/49.jpg\"]'),(39,3,NULL,NULL,57,1.00,'We have received brilliant service support and will be expanding the features with the developer. Nice product!','published','2024-05-24 04:02:27','2024-05-24 04:02:27','[\"products\\/42-1.jpg\",\"products\\/57-1.jpg\"]'),(40,10,NULL,NULL,7,4.00,'The code is good, in general, if you like it, can you give it 5 stars?','published','2024-05-24 04:02:27','2024-05-24 04:02:27','[\"products\\/31-1.jpg\"]'),(41,4,NULL,NULL,17,3.00,'Perfect +++++++++ i love it really also i get to fast ticket answers... Thanks Lot BOTBLE Teams','published','2024-05-24 04:02:27','2024-05-24 04:02:27','[\"products\\/15.jpg\",\"products\\/19-2.jpg\"]'),(43,8,NULL,NULL,44,5.00,'I Love this Script. I also found how to add other fees. Now I just wait the BIG update for the Marketplace with the Bulk Import. Just do not forget to make it to be Multi-language for us the Botble Fans.','published','2024-05-24 04:02:27','2024-05-24 04:02:27','[\"products\\/24.jpg\",\"products\\/28.jpg\",\"products\\/33-1.jpg\"]'),(44,7,NULL,NULL,28,1.00,'The best ecommerce CMS! Excellent coding! best support service! Thank you so much..... I really like your hard work.','published','2024-05-24 04:02:27','2024-05-24 04:02:27','[\"products\\/8-2.jpg\",\"products\\/11-2.jpg\"]'),(45,5,NULL,NULL,49,2.00,'Amazing code, amazing support. Overall, im really confident in Botble and im happy I made the right choice! Thank you so much guys for coding this masterpiece','published','2024-05-24 04:02:27','2024-05-24 04:02:27','[\"products\\/4-1.jpg\",\"products\\/9-1.jpg\",\"products\\/35-1.jpg\"]'),(46,9,NULL,NULL,50,1.00,'The best store template! Excellent coding! Very good support! Thank you so much for all the help, I really appreciated.','published','2024-05-24 04:02:27','2024-05-24 04:02:27','[\"products\\/18-1.jpg\",\"products\\/29-2.jpg\",\"products\\/60-1.jpg\",\"products\\/65-1.jpg\"]'),(47,7,NULL,NULL,43,4.00,'Great E-commerce system. And much more : Wonderful Customer Support.','published','2024-05-24 04:02:27','2024-05-24 04:02:27','[\"products\\/21-2.jpg\",\"products\\/23-3.jpg\",\"products\\/59-2.jpg\",\"products\\/60.jpg\"]'),(48,6,NULL,NULL,26,1.00,'For me the best eCommerce script on Envato at this moment: modern, clean code, a lot of great features. The customer support is great too: I always get an answer within hours!','published','2024-05-24 04:02:27','2024-05-24 04:02:27','[\"products\\/33.jpg\",\"products\\/38-1.jpg\"]'),(49,7,NULL,NULL,48,4.00,'For me the best eCommerce script on Envato at this moment: modern, clean code, a lot of great features. The customer support is great too: I always get an answer within hours!','published','2024-05-24 04:02:27','2024-05-24 04:02:27','[\"products\\/5-2.jpg\"]'),(50,4,NULL,NULL,62,3.00,'The script is the best of its class, fast, easy to implement and work with , and the most important thing is the great support team , Recommend with no doubt.','published','2024-05-24 04:02:27','2024-05-24 04:02:27','[\"products\\/9-2.jpg\",\"products\\/12.jpg\",\"products\\/17-3.jpg\",\"products\\/19.jpg\"]'),(51,3,NULL,NULL,11,3.00,'These guys are amazing! Responses immediately, amazing support and help... I immediately feel at ease after Purchasing..','published','2024-05-24 04:02:27','2024-05-24 04:02:27','[\"products\\/1.jpg\",\"products\\/22-2.jpg\",\"products\\/43-2.jpg\"]'),(52,4,NULL,NULL,49,4.00,'This web app is really good in design, code quality & features. Besides, the customer support provided by the Botble team was really fast & helpful. You guys are awesome!','published','2024-05-24 04:02:27','2024-05-24 04:02:27','[\"products\\/38-2.jpg\"]'),(53,10,NULL,NULL,22,5.00,'Cool template. Excellent code quality. The support responds very quickly, which is very rare on themeforest and codecanyon.net, I buy a lot of templates, and everyone will have a response from technical support for two or three days. Thanks to tech support. I recommend to buy.','published','2024-05-24 04:02:27','2024-05-24 04:02:27','[\"products\\/27.jpg\"]'),(54,5,NULL,NULL,19,2.00,'Customer Support are grade (A*), however the code is a way too over engineered for it\'s purpose.','published','2024-05-24 04:02:27','2024-05-24 04:02:27','[\"products\\/2-2.jpg\",\"products\\/48-1.jpg\"]'),(56,6,NULL,NULL,28,2.00,'Solution is too robust for our purpose so we didn\'t use it at the end. But I appreciate customer support during initial configuration.','published','2024-05-24 04:02:27','2024-05-24 04:02:27','[\"products\\/20-1.jpg\",\"products\\/20.jpg\",\"products\\/32-2.jpg\",\"products\\/64-1.jpg\"]'),(57,1,NULL,NULL,27,1.00,'Ok good product. I have some issues in customizations. But its not correct to blame the developer. The product is good. Good luck for your business.','published','2024-05-24 04:02:27','2024-05-24 04:02:27','[\"products\\/15-1.jpg\",\"products\\/25-1.jpg\"]'),(58,6,NULL,NULL,23,2.00,'Cool template. Excellent code quality. The support responds very quickly, which is very rare on themeforest and codecanyon.net, I buy a lot of templates, and everyone will have a response from technical support for two or three days. Thanks to tech support. I recommend to buy.','published','2024-05-24 04:02:27','2024-05-24 04:02:27','[\"products\\/10-1.jpg\",\"products\\/12.jpg\",\"products\\/19-3.jpg\",\"products\\/43-1.jpg\"]'),(59,10,NULL,NULL,37,5.00,'Those guys now what they are doing, the release such a good product that it\'s a pleasure to work with ! Even when I was stuck on the project, I created a ticket and the next day it was replied by the team. GOOD JOB guys. I love working with them :)','published','2024-05-24 04:02:27','2024-05-24 04:02:27','[\"products\\/47-1.jpg\"]'),(60,1,NULL,NULL,58,1.00,'Great E-commerce system. And much more : Wonderful Customer Support.','published','2024-05-24 04:02:27','2024-05-24 04:02:27','[\"products\\/8.jpg\",\"products\\/50-1.jpg\",\"products\\/55-1.jpg\",\"products\\/59-1.jpg\"]'),(61,6,NULL,NULL,17,4.00,'The code is good, in general, if you like it, can you give it 5 stars?','published','2024-05-24 04:02:27','2024-05-24 04:02:27','[\"products\\/15-1.jpg\",\"products\\/22-3.jpg\",\"products\\/31.jpg\",\"products\\/48-2.jpg\"]'),(62,7,NULL,NULL,20,2.00,'I Love this Script. I also found how to add other fees. Now I just wait the BIG update for the Marketplace with the Bulk Import. Just do not forget to make it to be Multi-language for us the Botble Fans.','published','2024-05-24 04:02:27','2024-05-24 04:02:27','[\"products\\/22.jpg\",\"products\\/31-1.jpg\",\"products\\/63-1.jpg\"]'),(63,8,NULL,NULL,10,2.00,'As a developer I reviewed this script. This is really awesome ecommerce script. I have convinced when I noticed that it\'s built on fully WordPress concept.','published','2024-05-24 04:02:27','2024-05-24 04:02:27','[\"products\\/2.jpg\",\"products\\/4-1.jpg\",\"products\\/13-1.jpg\",\"products\\/58.jpg\"]'),(64,6,NULL,NULL,61,3.00,'Perfect +++++++++ i love it really also i get to fast ticket answers... Thanks Lot BOTBLE Teams','published','2024-05-24 04:02:27','2024-05-24 04:02:27','[\"products\\/8.jpg\",\"products\\/17.jpg\",\"products\\/59-3.jpg\"]'),(65,1,NULL,NULL,52,5.00,'Cool template. Excellent code quality. The support responds very quickly, which is very rare on themeforest and codecanyon.net, I buy a lot of templates, and everyone will have a response from technical support for two or three days. Thanks to tech support. I recommend to buy.','published','2024-05-24 04:02:27','2024-05-24 04:02:27','[\"products\\/5-2.jpg\",\"products\\/22-3.jpg\",\"products\\/61-1.jpg\"]'),(66,7,NULL,NULL,34,5.00,'Clean & perfect source code','published','2024-05-24 04:02:27','2024-05-24 04:02:27','[\"products\\/4-2.jpg\"]'),(67,1,NULL,NULL,63,3.00,'Very enthusiastic support! Excellent code is written. It\'s a true pleasure working with.','published','2024-05-24 04:02:27','2024-05-24 04:02:27','[\"products\\/32.jpg\"]'),(68,4,NULL,NULL,57,3.00,'Very enthusiastic support! Excellent code is written. It\'s a true pleasure working with.','published','2024-05-24 04:02:27','2024-05-24 04:02:27','[\"products\\/36.jpg\",\"products\\/55.jpg\"]'),(70,2,NULL,NULL,40,4.00,'Perfect +++++++++ i love it really also i get to fast ticket answers... Thanks Lot BOTBLE Teams','published','2024-05-24 04:02:27','2024-05-24 04:02:27','[\"products\\/18-1.jpg\",\"products\\/44-2.jpg\",\"products\\/59-1.jpg\"]'),(71,3,NULL,NULL,20,3.00,'For me the best eCommerce script on Envato at this moment: modern, clean code, a lot of great features. The customer support is great too: I always get an answer within hours!','published','2024-05-24 04:02:27','2024-05-24 04:02:27','[\"products\\/4.jpg\",\"products\\/15-1.jpg\"]'),(72,8,NULL,NULL,11,1.00,'Very enthusiastic support! Excellent code is written. It\'s a true pleasure working with.','published','2024-05-24 04:02:27','2024-05-24 04:02:27','[\"products\\/17-2.jpg\",\"products\\/18-2.jpg\",\"products\\/35-1.jpg\"]'),(73,2,NULL,NULL,65,2.00,'Great E-commerce system. And much more : Wonderful Customer Support.','published','2024-05-24 04:02:27','2024-05-24 04:02:27','[\"products\\/45-1.jpg\",\"products\\/50.jpg\",\"products\\/60.jpg\"]'),(74,7,NULL,NULL,6,2.00,'Great E-commerce system. And much more : Wonderful Customer Support.','published','2024-05-24 04:02:27','2024-05-24 04:02:27','[\"products\\/27.jpg\",\"products\\/42-1.jpg\",\"products\\/49-2.jpg\"]'),(75,4,NULL,NULL,8,5.00,'Customer Support are grade (A*), however the code is a way too over engineered for it\'s purpose.','published','2024-05-24 04:02:27','2024-05-24 04:02:27','[\"products\\/10-1.jpg\",\"products\\/42-2.jpg\",\"products\\/45-1.jpg\",\"products\\/49-1.jpg\"]'),(76,6,NULL,NULL,20,4.00,'For me the best eCommerce script on Envato at this moment: modern, clean code, a lot of great features. The customer support is great too: I always get an answer within hours!','published','2024-05-24 04:02:27','2024-05-24 04:02:27','[\"products\\/4-3.jpg\",\"products\\/48.jpg\",\"products\\/55.jpg\"]'),(77,5,NULL,NULL,62,2.00,'For me the best eCommerce script on Envato at this moment: modern, clean code, a lot of great features. The customer support is great too: I always get an answer within hours!','published','2024-05-24 04:02:27','2024-05-24 04:02:27','[\"products\\/20.jpg\",\"products\\/21-1.jpg\",\"products\\/22-1.jpg\",\"products\\/30-1.jpg\"]'),(78,8,NULL,NULL,43,1.00,'Perfect +++++++++ i love it really also i get to fast ticket answers... Thanks Lot BOTBLE Teams','published','2024-05-24 04:02:27','2024-05-24 04:02:27','[\"products\\/11-3.jpg\",\"products\\/59.jpg\"]'),(79,7,NULL,NULL,14,1.00,'As a developer I reviewed this script. This is really awesome ecommerce script. I have convinced when I noticed that it\'s built on fully WordPress concept.','published','2024-05-24 04:02:27','2024-05-24 04:02:27','[\"products\\/4-2.jpg\",\"products\\/16.jpg\"]'),(80,3,NULL,NULL,63,4.00,'Good app, good backup service and support. Good documentation.','published','2024-05-24 04:02:27','2024-05-24 04:02:27','[\"products\\/26.jpg\",\"products\\/34-1.jpg\",\"products\\/62-1.jpg\"]'),(81,8,NULL,NULL,31,4.00,'Clean & perfect source code','published','2024-05-24 04:02:27','2024-05-24 04:02:27','[\"products\\/17-2.jpg\",\"products\\/23-3.jpg\",\"products\\/25.jpg\",\"products\\/62.jpg\"]'),(82,5,NULL,NULL,52,2.00,'Great E-commerce system. And much more : Wonderful Customer Support.','published','2024-05-24 04:02:27','2024-05-24 04:02:27','[\"products\\/43-2.jpg\"]'),(83,7,NULL,NULL,19,2.00,'The script is the best of its class, fast, easy to implement and work with , and the most important thing is the great support team , Recommend with no doubt.','published','2024-05-24 04:02:27','2024-05-24 04:02:27','[\"products\\/2.jpg\",\"products\\/10.jpg\"]'),(84,5,NULL,NULL,9,3.00,'We have received brilliant service support and will be expanding the features with the developer. Nice product!','published','2024-05-24 04:02:27','2024-05-24 04:02:27','[\"products\\/17-1.jpg\",\"products\\/21-1.jpg\",\"products\\/52-2.jpg\"]'),(85,8,NULL,NULL,39,1.00,'Those guys now what they are doing, the release such a good product that it\'s a pleasure to work with ! Even when I was stuck on the project, I created a ticket and the next day it was replied by the team. GOOD JOB guys. I love working with them :)','published','2024-05-24 04:02:27','2024-05-24 04:02:27','[\"products\\/3.jpg\",\"products\\/23-3.jpg\",\"products\\/30-1.jpg\",\"products\\/48-1.jpg\"]'),(86,10,NULL,NULL,35,2.00,'Second or third time that I buy a Botble product, happy with the products and support. You guys do a good job :)','published','2024-05-24 04:02:27','2024-05-24 04:02:27','[\"products\\/9-2.jpg\"]'),(88,4,NULL,NULL,43,2.00,'Perfect +++++++++ i love it really also i get to fast ticket answers... Thanks Lot BOTBLE Teams','published','2024-05-24 04:02:27','2024-05-24 04:02:27','[\"products\\/4-3.jpg\",\"products\\/18-3.jpg\",\"products\\/26-1.jpg\"]'),(89,9,NULL,NULL,13,1.00,'The script is the best of its class, fast, easy to implement and work with , and the most important thing is the great support team , Recommend with no doubt.','published','2024-05-24 04:02:27','2024-05-24 04:02:27','[\"products\\/5-2.jpg\",\"products\\/12-2.jpg\",\"products\\/19-1.jpg\"]'),(90,9,NULL,NULL,65,5.00,'We have received brilliant service support and will be expanding the features with the developer. Nice product!','published','2024-05-24 04:02:27','2024-05-24 04:02:27','[\"products\\/12-3.jpg\",\"products\\/31-1.jpg\",\"products\\/47-1.jpg\",\"products\\/49-1.jpg\"]'),(91,5,NULL,NULL,7,5.00,'Clean & perfect source code','published','2024-05-24 04:02:27','2024-05-24 04:02:27','[\"products\\/2.jpg\",\"products\\/50.jpg\",\"products\\/58-1.jpg\"]'),(92,5,NULL,NULL,28,5.00,'Perfect +++++++++ i love it really also i get to fast ticket answers... Thanks Lot BOTBLE Teams','published','2024-05-24 04:02:27','2024-05-24 04:02:27','[\"products\\/2-1.jpg\",\"products\\/59-1.jpg\"]'),(93,1,NULL,NULL,11,2.00,'The best store template! Excellent coding! Very good support! Thank you so much for all the help, I really appreciated.','published','2024-05-24 04:02:27','2024-05-24 04:02:27','[\"products\\/19.jpg\",\"products\\/61.jpg\"]'),(94,5,NULL,NULL,14,1.00,'Great system, great support, good job Botble. I\'m looking forward to more great functional plugins.','published','2024-05-24 04:02:27','2024-05-24 04:02:27','[\"products\\/36-1.jpg\",\"products\\/57.jpg\"]'),(97,8,NULL,NULL,30,5.00,'It\'s not my first experience here on Codecanyon and I can honestly tell you all that Botble puts a LOT of effort into the support. They answer so fast, they helped me tons of times. REALLY by far THE BEST EXPERIENCE on Codecanyon. Those guys at Botble are so good that they deserve 5 stars. I recommend them, I trust them and I can\'t wait to see what they will sell in a near future. Thank you Botble :)','published','2024-05-24 04:02:27','2024-05-24 04:02:27','[\"products\\/34.jpg\",\"products\\/38-3.jpg\",\"products\\/41-1.jpg\",\"products\\/42-2.jpg\"]'),(99,6,NULL,NULL,3,5.00,'Customer Support are grade (A*), however the code is a way too over engineered for it\'s purpose.','published','2024-05-24 04:02:27','2024-05-24 04:02:27','[\"products\\/24-2.jpg\"]'),(100,10,NULL,NULL,18,2.00,'The code is good, in general, if you like it, can you give it 5 stars?','published','2024-05-24 04:02:27','2024-05-24 04:02:27','[\"products\\/5.jpg\",\"products\\/40.jpg\"]'),(101,9,NULL,NULL,32,3.00,'The best ecommerce CMS! Excellent coding! best support service! Thank you so much..... I really like your hard work.','published','2024-05-24 04:02:27','2024-05-24 04:02:27','[\"products\\/29.jpg\"]'),(102,5,NULL,NULL,1,5.00,'These guys are amazing! Responses immediately, amazing support and help... I immediately feel at ease after Purchasing..','published','2024-05-24 04:02:27','2024-05-24 04:02:27','[\"products\\/11.jpg\",\"products\\/37-1.jpg\",\"products\\/42-2.jpg\"]'),(103,10,NULL,NULL,27,2.00,'Second or third time that I buy a Botble product, happy with the products and support. You guys do a good job :)','published','2024-05-24 04:02:27','2024-05-24 04:02:27','[\"products\\/5-1.jpg\",\"products\\/5-2.jpg\",\"products\\/17-2.jpg\"]'),(104,5,NULL,NULL,50,2.00,'I Love this Script. I also found how to add other fees. Now I just wait the BIG update for the Marketplace with the Bulk Import. Just do not forget to make it to be Multi-language for us the Botble Fans.','published','2024-05-24 04:02:27','2024-05-24 04:02:27','[\"products\\/3.jpg\",\"products\\/25-2.jpg\",\"products\\/36-1.jpg\"]'),(105,8,NULL,NULL,35,4.00,'The best store template! Excellent coding! Very good support! Thank you so much for all the help, I really appreciated.','published','2024-05-24 04:02:27','2024-05-24 04:02:27','[\"products\\/12-1.jpg\"]'),(106,4,NULL,NULL,33,2.00,'Very enthusiastic support! Excellent code is written. It\'s a true pleasure working with.','published','2024-05-24 04:02:27','2024-05-24 04:02:27','[\"products\\/12-1.jpg\",\"products\\/29-1.jpg\",\"products\\/52-1.jpg\",\"products\\/61.jpg\"]'),(107,1,NULL,NULL,1,3.00,'The best ecommerce CMS! Excellent coding! best support service! Thank you so much..... I really like your hard work.','published','2024-05-24 04:02:27','2024-05-24 04:02:27','[\"products\\/36-1.jpg\"]'),(108,4,NULL,NULL,35,1.00,'For me the best eCommerce script on Envato at this moment: modern, clean code, a lot of great features. The customer support is great too: I always get an answer within hours!','published','2024-05-24 04:02:27','2024-05-24 04:02:27','[\"products\\/5-2.jpg\",\"products\\/17-3.jpg\",\"products\\/20-1.jpg\"]'),(109,2,NULL,NULL,24,4.00,'Second or third time that I buy a Botble product, happy with the products and support. You guys do a good job :)','published','2024-05-24 04:02:27','2024-05-24 04:02:27','[\"products\\/32-2.jpg\",\"products\\/38-3.jpg\",\"products\\/50.jpg\"]'),(110,1,NULL,NULL,4,2.00,'The code is good, in general, if you like it, can you give it 5 stars?','published','2024-05-24 04:02:27','2024-05-24 04:02:27','[\"products\\/20.jpg\",\"products\\/23-3.jpg\",\"products\\/27.jpg\",\"products\\/54-1.jpg\"]'),(111,1,NULL,NULL,60,3.00,'Very enthusiastic support! Excellent code is written. It\'s a true pleasure working with.','published','2024-05-24 04:02:27','2024-05-24 04:02:27','[\"products\\/20-1.jpg\",\"products\\/54.jpg\",\"products\\/62-1.jpg\"]'),(112,4,NULL,NULL,54,1.00,'For me the best eCommerce script on Envato at this moment: modern, clean code, a lot of great features. The customer support is great too: I always get an answer within hours!','published','2024-05-24 04:02:27','2024-05-24 04:02:27','[\"products\\/17-1.jpg\",\"products\\/19-1.jpg\",\"products\\/24-2.jpg\",\"products\\/58.jpg\"]'),(113,2,NULL,NULL,57,3.00,'Perfect +++++++++ i love it really also i get to fast ticket answers... Thanks Lot BOTBLE Teams','published','2024-05-24 04:02:27','2024-05-24 04:02:27','[\"products\\/2.jpg\",\"products\\/11-1.jpg\",\"products\\/64.jpg\"]'),(114,10,NULL,NULL,53,2.00,'The best store template! Excellent coding! Very good support! Thank you so much for all the help, I really appreciated.','published','2024-05-24 04:02:27','2024-05-24 04:02:27','[\"products\\/6.jpg\"]'),(115,3,NULL,NULL,8,4.00,'Cool template. Excellent code quality. The support responds very quickly, which is very rare on themeforest and codecanyon.net, I buy a lot of templates, and everyone will have a response from technical support for two or three days. Thanks to tech support. I recommend to buy.','published','2024-05-24 04:02:27','2024-05-24 04:02:27','[\"products\\/5.jpg\",\"products\\/19-3.jpg\",\"products\\/30-2.jpg\"]'),(116,3,NULL,NULL,37,4.00,'I Love this Script. I also found how to add other fees. Now I just wait the BIG update for the Marketplace with the Bulk Import. Just do not forget to make it to be Multi-language for us the Botble Fans.','published','2024-05-24 04:02:27','2024-05-24 04:02:27','[\"products\\/39-1.jpg\"]'),(117,8,NULL,NULL,19,1.00,'Cool template. Excellent code quality. The support responds very quickly, which is very rare on themeforest and codecanyon.net, I buy a lot of templates, and everyone will have a response from technical support for two or three days. Thanks to tech support. I recommend to buy.','published','2024-05-24 04:02:27','2024-05-24 04:02:27','[\"products\\/5-2.jpg\",\"products\\/9.jpg\",\"products\\/30-1.jpg\"]'),(118,3,NULL,NULL,32,1.00,'The best ecommerce CMS! Excellent coding! best support service! Thank you so much..... I really like your hard work.','published','2024-05-24 04:02:27','2024-05-24 04:02:27','[\"products\\/5-1.jpg\",\"products\\/8-2.jpg\",\"products\\/11-3.jpg\",\"products\\/33-1.jpg\"]'),(119,9,NULL,NULL,48,5.00,'For me the best eCommerce script on Envato at this moment: modern, clean code, a lot of great features. The customer support is great too: I always get an answer within hours!','published','2024-05-24 04:02:27','2024-05-24 04:02:27','[\"products\\/5-3.jpg\",\"products\\/30-1.jpg\",\"products\\/36-2.jpg\",\"products\\/48-2.jpg\"]'),(120,2,NULL,NULL,37,2.00,'We have received brilliant service support and will be expanding the features with the developer. Nice product!','published','2024-05-24 04:02:27','2024-05-24 04:02:27','[\"products\\/4-2.jpg\",\"products\\/12-1.jpg\",\"products\\/25.jpg\",\"products\\/36-1.jpg\"]'),(122,5,NULL,NULL,18,5.00,'The code is good, in general, if you like it, can you give it 5 stars?','published','2024-05-24 04:02:27','2024-05-24 04:02:27','[\"products\\/5.jpg\",\"products\\/22-3.jpg\"]'),(123,2,NULL,NULL,22,2.00,'Great system, great support, good job Botble. I\'m looking forward to more great functional plugins.','published','2024-05-24 04:02:27','2024-05-24 04:02:27','[\"products\\/2-3.jpg\",\"products\\/19-2.jpg\",\"products\\/59.jpg\",\"products\\/63-1.jpg\"]'),(124,6,NULL,NULL,40,1.00,'This web app is really good in design, code quality & features. Besides, the customer support provided by the Botble team was really fast & helpful. You guys are awesome!','published','2024-05-24 04:02:27','2024-05-24 04:02:27','[\"products\\/15-1.jpg\",\"products\\/28-2.jpg\",\"products\\/29.jpg\"]'),(125,7,NULL,NULL,29,4.00,'Second or third time that I buy a Botble product, happy with the products and support. You guys do a good job :)','published','2024-05-24 04:02:27','2024-05-24 04:02:27','[\"products\\/20-1.jpg\",\"products\\/25.jpg\",\"products\\/33.jpg\",\"products\\/48-1.jpg\"]'),(126,2,NULL,NULL,38,4.00,'Perfect +++++++++ i love it really also i get to fast ticket answers... Thanks Lot BOTBLE Teams','published','2024-05-24 04:02:27','2024-05-24 04:02:27','[\"products\\/34.jpg\",\"products\\/55.jpg\",\"products\\/56.jpg\"]'),(127,4,NULL,NULL,59,4.00,'We have received brilliant service support and will be expanding the features with the developer. Nice product!','published','2024-05-24 04:02:27','2024-05-24 04:02:27','[\"products\\/7.jpg\",\"products\\/13-1.jpg\",\"products\\/49.jpg\",\"products\\/51.jpg\"]'),(128,2,NULL,NULL,31,4.00,'Great system, great support, good job Botble. I\'m looking forward to more great functional plugins.','published','2024-05-24 04:02:27','2024-05-24 04:02:27','[\"products\\/11.jpg\",\"products\\/12-3.jpg\",\"products\\/22-1.jpg\",\"products\\/52-2.jpg\"]'),(129,1,NULL,NULL,64,1.00,'Customer Support are grade (A*), however the code is a way too over engineered for it\'s purpose.','published','2024-05-24 04:02:27','2024-05-24 04:02:27','[\"products\\/32-2.jpg\",\"products\\/52-1.jpg\",\"products\\/53-1.jpg\"]'),(130,2,NULL,NULL,6,1.00,'This script is well coded and is super fast. The support is pretty quick. Very patient and helpful team. I strongly recommend it and they deserve more than 5 stars.','published','2024-05-24 04:02:27','2024-05-24 04:02:27','[\"products\\/2.jpg\",\"products\\/58-2.jpg\"]'),(131,5,NULL,NULL,63,5.00,'Good app, good backup service and support. Good documentation.','published','2024-05-24 04:02:27','2024-05-24 04:02:27','[\"products\\/56-1.jpg\"]'),(132,3,NULL,NULL,52,4.00,'The best store template! Excellent coding! Very good support! Thank you so much for all the help, I really appreciated.','published','2024-05-24 04:02:27','2024-05-24 04:02:27','[\"products\\/15-1.jpg\",\"products\\/24.jpg\",\"products\\/37.jpg\"]'),(133,2,NULL,NULL,47,5.00,'Amazing code, amazing support. Overall, im really confident in Botble and im happy I made the right choice! Thank you so much guys for coding this masterpiece','published','2024-05-24 04:02:27','2024-05-24 04:02:27','[\"products\\/1.jpg\",\"products\\/9-2.jpg\",\"products\\/17.jpg\",\"products\\/59.jpg\"]'),(134,8,NULL,NULL,33,5.00,'Second or third time that I buy a Botble product, happy with the products and support. You guys do a good job :)','published','2024-05-24 04:02:27','2024-05-24 04:02:27','[\"products\\/30.jpg\"]'),(136,2,NULL,NULL,61,1.00,'For me the best eCommerce script on Envato at this moment: modern, clean code, a lot of great features. The customer support is great too: I always get an answer within hours!','published','2024-05-24 04:02:27','2024-05-24 04:02:27','[\"products\\/11.jpg\",\"products\\/39.jpg\",\"products\\/60-1.jpg\",\"products\\/65-2.jpg\"]'),(138,9,NULL,NULL,11,4.00,'For me the best eCommerce script on Envato at this moment: modern, clean code, a lot of great features. The customer support is great too: I always get an answer within hours!','published','2024-05-24 04:02:27','2024-05-24 04:02:27','[\"products\\/38-2.jpg\",\"products\\/41-2.jpg\"]'),(139,4,NULL,NULL,63,4.00,'Very enthusiastic support! Excellent code is written. It\'s a true pleasure working with.','published','2024-05-24 04:02:27','2024-05-24 04:02:27','[\"products\\/8.jpg\",\"products\\/34-1.jpg\",\"products\\/43-1.jpg\"]'),(140,4,NULL,NULL,23,5.00,'Good app, good backup service and support. Good documentation.','published','2024-05-24 04:02:27','2024-05-24 04:02:27','[\"products\\/50-1.jpg\"]'),(141,9,NULL,NULL,1,1.00,'It\'s not my first experience here on Codecanyon and I can honestly tell you all that Botble puts a LOT of effort into the support. They answer so fast, they helped me tons of times. REALLY by far THE BEST EXPERIENCE on Codecanyon. Those guys at Botble are so good that they deserve 5 stars. I recommend them, I trust them and I can\'t wait to see what they will sell in a near future. Thank you Botble :)','published','2024-05-24 04:02:27','2024-05-24 04:02:27','[\"products\\/13.jpg\"]'),(142,6,NULL,NULL,54,5.00,'Good app, good backup service and support. Good documentation.','published','2024-05-24 04:02:27','2024-05-24 04:02:27','[\"products\\/5-3.jpg\",\"products\\/24-1.jpg\",\"products\\/29-1.jpg\"]'),(145,1,NULL,NULL,15,3.00,'This web app is really good in design, code quality & features. Besides, the customer support provided by the Botble team was really fast & helpful. You guys are awesome!','published','2024-05-24 04:02:27','2024-05-24 04:02:27','[\"products\\/49-2.jpg\"]'),(147,3,NULL,NULL,35,2.00,'I Love this Script. I also found how to add other fees. Now I just wait the BIG update for the Marketplace with the Bulk Import. Just do not forget to make it to be Multi-language for us the Botble Fans.','published','2024-05-24 04:02:27','2024-05-24 04:02:27','[\"products\\/20-3.jpg\",\"products\\/47.jpg\",\"products\\/54-1.jpg\"]'),(149,7,NULL,NULL,53,5.00,'Great system, great support, good job Botble. I\'m looking forward to more great functional plugins.','published','2024-05-24 04:02:27','2024-05-24 04:02:27','[\"products\\/19.jpg\",\"products\\/23-1.jpg\",\"products\\/28-1.jpg\"]'),(150,5,NULL,NULL,31,3.00,'We have received brilliant service support and will be expanding the features with the developer. Nice product!','published','2024-05-24 04:02:27','2024-05-24 04:02:27','[\"products\\/19.jpg\",\"products\\/35-1.jpg\",\"products\\/56-2.jpg\",\"products\\/60-2.jpg\"]'),(151,9,NULL,NULL,35,1.00,'Perfect +++++++++ i love it really also i get to fast ticket answers... Thanks Lot BOTBLE Teams','published','2024-05-24 04:02:27','2024-05-24 04:02:27','[\"products\\/2-3.jpg\",\"products\\/6.jpg\",\"products\\/48.jpg\",\"products\\/61.jpg\"]'),(152,8,NULL,NULL,60,5.00,'This script is well coded and is super fast. The support is pretty quick. Very patient and helpful team. I strongly recommend it and they deserve more than 5 stars.','published','2024-05-24 04:02:27','2024-05-24 04:02:27','[\"products\\/3.jpg\"]'),(154,5,NULL,NULL,45,5.00,'It\'s not my first experience here on Codecanyon and I can honestly tell you all that Botble puts a LOT of effort into the support. They answer so fast, they helped me tons of times. REALLY by far THE BEST EXPERIENCE on Codecanyon. Those guys at Botble are so good that they deserve 5 stars. I recommend them, I trust them and I can\'t wait to see what they will sell in a near future. Thank you Botble :)','published','2024-05-24 04:02:27','2024-05-24 04:02:27','[\"products\\/20-2.jpg\",\"products\\/22-1.jpg\",\"products\\/62.jpg\"]'),(155,10,NULL,NULL,19,1.00,'Amazing code, amazing support. Overall, im really confident in Botble and im happy I made the right choice! Thank you so much guys for coding this masterpiece','published','2024-05-24 04:02:27','2024-05-24 04:02:27','[\"products\\/21.jpg\"]'),(157,1,NULL,NULL,50,1.00,'The best store template! Excellent coding! Very good support! Thank you so much for all the help, I really appreciated.','published','2024-05-24 04:02:27','2024-05-24 04:02:27','[\"products\\/10.jpg\",\"products\\/37-2.jpg\"]'),(158,10,NULL,NULL,61,2.00,'Cool template. Excellent code quality. The support responds very quickly, which is very rare on themeforest and codecanyon.net, I buy a lot of templates, and everyone will have a response from technical support for two or three days. Thanks to tech support. I recommend to buy.','published','2024-05-24 04:02:27','2024-05-24 04:02:27','[\"products\\/2-3.jpg\",\"products\\/2.jpg\",\"products\\/48-2.jpg\",\"products\\/56-1.jpg\"]'),(159,1,NULL,NULL,57,3.00,'This script is well coded and is super fast. The support is pretty quick. Very patient and helpful team. I strongly recommend it and they deserve more than 5 stars.','published','2024-05-24 04:02:27','2024-05-24 04:02:27','[\"products\\/5-3.jpg\"]'),(160,4,NULL,NULL,46,4.00,'As a developer I reviewed this script. This is really awesome ecommerce script. I have convinced when I noticed that it\'s built on fully WordPress concept.','published','2024-05-24 04:02:27','2024-05-24 04:02:27','[\"products\\/18-2.jpg\",\"products\\/22.jpg\",\"products\\/55-1.jpg\",\"products\\/58-1.jpg\"]'),(161,9,NULL,NULL,6,2.00,'As a developer I reviewed this script. This is really awesome ecommerce script. I have convinced when I noticed that it\'s built on fully WordPress concept.','published','2024-05-24 04:02:27','2024-05-24 04:02:27','[\"products\\/2-3.jpg\",\"products\\/6.jpg\",\"products\\/17-2.jpg\",\"products\\/52-1.jpg\"]'),(163,3,NULL,NULL,39,5.00,'The code is good, in general, if you like it, can you give it 5 stars?','published','2024-05-24 04:02:27','2024-05-24 04:02:27','[\"products\\/35-1.jpg\"]'),(164,9,NULL,NULL,54,3.00,'The code is good, in general, if you like it, can you give it 5 stars?','published','2024-05-24 04:02:27','2024-05-24 04:02:27','[\"products\\/20-1.jpg\",\"products\\/23-1.jpg\",\"products\\/39-1.jpg\",\"products\\/61-1.jpg\"]'),(165,3,NULL,NULL,9,1.00,'I Love this Script. I also found how to add other fees. Now I just wait the BIG update for the Marketplace with the Bulk Import. Just do not forget to make it to be Multi-language for us the Botble Fans.','published','2024-05-24 04:02:27','2024-05-24 04:02:27','[\"products\\/9-1.jpg\",\"products\\/14.jpg\",\"products\\/29.jpg\",\"products\\/45.jpg\"]'),(166,3,NULL,NULL,55,2.00,'Great system, great support, good job Botble. I\'m looking forward to more great functional plugins.','published','2024-05-24 04:02:27','2024-05-24 04:02:27','[\"products\\/12-2.jpg\",\"products\\/31-1.jpg\",\"products\\/36-1.jpg\"]'),(167,3,NULL,NULL,2,2.00,'Great E-commerce system. And much more : Wonderful Customer Support.','published','2024-05-24 04:02:27','2024-05-24 04:02:27','[\"products\\/28.jpg\",\"products\\/51.jpg\"]'),(168,9,NULL,NULL,60,2.00,'Ok good product. I have some issues in customizations. But its not correct to blame the developer. The product is good. Good luck for your business.','published','2024-05-24 04:02:27','2024-05-24 04:02:27','[\"products\\/38-2.jpg\",\"products\\/46-1.jpg\"]'),(169,6,NULL,NULL,55,1.00,'The script is the best of its class, fast, easy to implement and work with , and the most important thing is the great support team , Recommend with no doubt.','published','2024-05-24 04:02:27','2024-05-24 04:02:27','[\"products\\/12-3.jpg\",\"products\\/20-3.jpg\",\"products\\/39-1.jpg\",\"products\\/57.jpg\"]'),(170,7,NULL,NULL,25,2.00,'Perfect +++++++++ i love it really also i get to fast ticket answers... Thanks Lot BOTBLE Teams','published','2024-05-24 04:02:27','2024-05-24 04:02:27','[\"products\\/4.jpg\",\"products\\/18-3.jpg\",\"products\\/30.jpg\"]'),(174,6,NULL,NULL,63,4.00,'The best ecommerce CMS! Excellent coding! best support service! Thank you so much..... I really like your hard work.','published','2024-05-24 04:02:27','2024-05-24 04:02:27','[\"products\\/8-2.jpg\",\"products\\/34-1.jpg\",\"products\\/61.jpg\"]'),(175,7,NULL,NULL,32,1.00,'Best ecommerce CMS online store!','published','2024-05-24 04:02:27','2024-05-24 04:02:27','[\"products\\/4-1.jpg\",\"products\\/43.jpg\"]'),(176,1,NULL,NULL,9,4.00,'For me the best eCommerce script on Envato at this moment: modern, clean code, a lot of great features. The customer support is great too: I always get an answer within hours!','published','2024-05-24 04:02:27','2024-05-24 04:02:27','[\"products\\/4-2.jpg\",\"products\\/25.jpg\",\"products\\/40.jpg\"]'),(177,1,NULL,NULL,7,2.00,'Solution is too robust for our purpose so we didn\'t use it at the end. But I appreciate customer support during initial configuration.','published','2024-05-24 04:02:27','2024-05-24 04:02:27','[\"products\\/1.jpg\",\"products\\/38-1.jpg\",\"products\\/44.jpg\",\"products\\/54-1.jpg\"]'),(178,2,NULL,NULL,11,2.00,'These guys are amazing! Responses immediately, amazing support and help... I immediately feel at ease after Purchasing..','published','2024-05-24 04:02:27','2024-05-24 04:02:27','[\"products\\/20.jpg\",\"products\\/29-1.jpg\"]'),(181,7,NULL,NULL,10,1.00,'These guys are amazing! Responses immediately, amazing support and help... I immediately feel at ease after Purchasing..','published','2024-05-24 04:02:27','2024-05-24 04:02:27','[\"products\\/4-1.jpg\",\"products\\/34-1.jpg\",\"products\\/63.jpg\"]'),(184,6,NULL,NULL,52,3.00,'Good app, good backup service and support. Good documentation.','published','2024-05-24 04:02:27','2024-05-24 04:02:27','[\"products\\/57.jpg\"]'),(186,8,NULL,NULL,21,1.00,'The script is the best of its class, fast, easy to implement and work with , and the most important thing is the great support team , Recommend with no doubt.','published','2024-05-24 04:02:27','2024-05-24 04:02:27','[\"products\\/10.jpg\"]'),(187,6,NULL,NULL,11,3.00,'The best ecommerce CMS! Excellent coding! best support service! Thank you so much..... I really like your hard work.','published','2024-05-24 04:02:27','2024-05-24 04:02:27','[\"products\\/8-3.jpg\",\"products\\/9-1.jpg\",\"products\\/38.jpg\",\"products\\/61.jpg\"]'),(188,1,NULL,NULL,19,3.00,'Amazing code, amazing support. Overall, im really confident in Botble and im happy I made the right choice! Thank you so much guys for coding this masterpiece','published','2024-05-24 04:02:27','2024-05-24 04:02:27','[\"products\\/46-1.jpg\"]'),(189,9,NULL,NULL,30,3.00,'Great system, great support, good job Botble. I\'m looking forward to more great functional plugins.','published','2024-05-24 04:02:27','2024-05-24 04:02:27','[\"products\\/22.jpg\",\"products\\/47.jpg\",\"products\\/49-2.jpg\",\"products\\/59.jpg\"]'),(190,10,NULL,NULL,41,2.00,'These guys are amazing! Responses immediately, amazing support and help... I immediately feel at ease after Purchasing..','published','2024-05-24 04:02:27','2024-05-24 04:02:27','[\"products\\/4-2.jpg\",\"products\\/22.jpg\"]'),(192,9,NULL,NULL,45,2.00,'Clean & perfect source code','published','2024-05-24 04:02:27','2024-05-24 04:02:27','[\"products\\/40-1.jpg\",\"products\\/41-1.jpg\",\"products\\/55-1.jpg\",\"products\\/63.jpg\"]'),(193,6,NULL,NULL,64,2.00,'As a developer I reviewed this script. This is really awesome ecommerce script. I have convinced when I noticed that it\'s built on fully WordPress concept.','published','2024-05-24 04:02:27','2024-05-24 04:02:27','[\"products\\/6.jpg\",\"products\\/37-2.jpg\"]'),(194,6,NULL,NULL,41,1.00,'The best ecommerce CMS! Excellent coding! best support service! Thank you so much..... I really like your hard work.','published','2024-05-24 04:02:27','2024-05-24 04:02:27','[\"products\\/43-1.jpg\",\"products\\/44-2.jpg\",\"products\\/47-1.jpg\"]'),(196,4,NULL,NULL,19,5.00,'Cool template. Excellent code quality. The support responds very quickly, which is very rare on themeforest and codecanyon.net, I buy a lot of templates, and everyone will have a response from technical support for two or three days. Thanks to tech support. I recommend to buy.','published','2024-05-24 04:02:27','2024-05-24 04:02:27','[\"products\\/39-1.jpg\",\"products\\/39-2.jpg\",\"products\\/41-2.jpg\"]'),(198,9,NULL,NULL,38,1.00,'As a developer I reviewed this script. This is really awesome ecommerce script. I have convinced when I noticed that it\'s built on fully WordPress concept.','published','2024-05-24 04:02:27','2024-05-24 04:02:27','[\"products\\/11-3.jpg\",\"products\\/27-1.jpg\",\"products\\/54-1.jpg\",\"products\\/65-2.jpg\"]'),(199,4,NULL,NULL,18,2.00,'The best store template! Excellent coding! Very good support! Thank you so much for all the help, I really appreciated.','published','2024-05-24 04:02:27','2024-05-24 04:02:27','[\"products\\/19-2.jpg\",\"products\\/22.jpg\",\"products\\/30-1.jpg\"]'),(200,6,NULL,NULL,50,2.00,'This web app is really good in design, code quality & features. Besides, the customer support provided by the Botble team was really fast & helpful. You guys are awesome!','published','2024-05-24 04:02:27','2024-05-24 04:02:27','[\"products\\/31-1.jpg\",\"products\\/31.jpg\",\"products\\/50-1.jpg\"]'),(201,10,NULL,NULL,20,1.00,'The best store template! Excellent coding! Very good support! Thank you so much for all the help, I really appreciated.','published','2024-05-24 04:02:27','2024-05-24 04:02:27','[\"products\\/16.jpg\",\"products\\/19-1.jpg\",\"products\\/62.jpg\"]'),(203,6,NULL,NULL,2,2.00,'Cool template. Excellent code quality. The support responds very quickly, which is very rare on themeforest and codecanyon.net, I buy a lot of templates, and everyone will have a response from technical support for two or three days. Thanks to tech support. I recommend to buy.','published','2024-05-24 04:02:27','2024-05-24 04:02:27','[\"products\\/18-3.jpg\",\"products\\/30.jpg\",\"products\\/40-1.jpg\",\"products\\/50-1.jpg\"]'),(204,2,NULL,NULL,14,3.00,'Good app, good backup service and support. Good documentation.','published','2024-05-24 04:02:27','2024-05-24 04:02:27','[\"products\\/41.jpg\",\"products\\/42-1.jpg\",\"products\\/48-1.jpg\"]'),(206,8,NULL,NULL,14,5.00,'Great E-commerce system. And much more : Wonderful Customer Support.','published','2024-05-24 04:02:27','2024-05-24 04:02:27','[\"products\\/5-2.jpg\",\"products\\/18-3.jpg\",\"products\\/30.jpg\"]'),(207,1,NULL,NULL,32,2.00,'The best store template! Excellent coding! Very good support! Thank you so much for all the help, I really appreciated.','published','2024-05-24 04:02:27','2024-05-24 04:02:27','[\"products\\/27.jpg\",\"products\\/34.jpg\"]'),(209,3,NULL,NULL,46,3.00,'Very enthusiastic support! Excellent code is written. It\'s a true pleasure working with.','published','2024-05-24 04:02:27','2024-05-24 04:02:27','[\"products\\/39-1.jpg\"]'),(211,1,NULL,NULL,61,2.00,'Ok good product. I have some issues in customizations. But its not correct to blame the developer. The product is good. Good luck for your business.','published','2024-05-24 04:02:27','2024-05-24 04:02:27','[\"products\\/1.jpg\",\"products\\/29.jpg\",\"products\\/42-2.jpg\",\"products\\/52.jpg\"]'),(212,1,NULL,NULL,51,5.00,'As a developer I reviewed this script. This is really awesome ecommerce script. I have convinced when I noticed that it\'s built on fully WordPress concept.','published','2024-05-24 04:02:27','2024-05-24 04:02:27','[\"products\\/38.jpg\"]'),(213,8,NULL,NULL,6,1.00,'Very enthusiastic support! Excellent code is written. It\'s a true pleasure working with.','published','2024-05-24 04:02:27','2024-05-24 04:02:27','[\"products\\/5.jpg\",\"products\\/11.jpg\",\"products\\/65-1.jpg\"]'),(214,3,NULL,NULL,4,4.00,'The best store template! Excellent coding! Very good support! Thank you so much for all the help, I really appreciated.','published','2024-05-24 04:02:27','2024-05-24 04:02:27','[\"products\\/15-1.jpg\",\"products\\/29.jpg\",\"products\\/36-1.jpg\"]'),(215,10,NULL,NULL,16,4.00,'The code is good, in general, if you like it, can you give it 5 stars?','published','2024-05-24 04:02:27','2024-05-24 04:02:27','[\"products\\/19-1.jpg\"]'),(217,5,NULL,NULL,20,2.00,'Those guys now what they are doing, the release such a good product that it\'s a pleasure to work with ! Even when I was stuck on the project, I created a ticket and the next day it was replied by the team. GOOD JOB guys. I love working with them :)','published','2024-05-24 04:02:27','2024-05-24 04:02:27','[\"products\\/12-1.jpg\",\"products\\/55.jpg\"]'),(218,1,NULL,NULL,25,5.00,'Solution is too robust for our purpose so we didn\'t use it at the end. But I appreciate customer support during initial configuration.','published','2024-05-24 04:02:27','2024-05-24 04:02:27','[\"products\\/21-2.jpg\",\"products\\/28-1.jpg\",\"products\\/49-2.jpg\"]'),(219,9,NULL,NULL,59,1.00,'The code is good, in general, if you like it, can you give it 5 stars?','published','2024-05-24 04:02:27','2024-05-24 04:02:27','[\"products\\/24-2.jpg\",\"products\\/27-1.jpg\",\"products\\/36-1.jpg\",\"products\\/57-1.jpg\"]'),(220,7,NULL,NULL,57,5.00,'The best ecommerce CMS! Excellent coding! best support service! Thank you so much..... I really like your hard work.','published','2024-05-24 04:02:27','2024-05-24 04:02:27','[\"products\\/5-1.jpg\",\"products\\/41.jpg\",\"products\\/49-1.jpg\"]'),(221,4,NULL,NULL,25,4.00,'Good app, good backup service and support. Good documentation.','published','2024-05-24 04:02:27','2024-05-24 04:02:27','[\"products\\/8-2.jpg\",\"products\\/13-1.jpg\",\"products\\/33-1.jpg\",\"products\\/39-1.jpg\"]'),(223,2,NULL,NULL,25,1.00,'I Love this Script. I also found how to add other fees. Now I just wait the BIG update for the Marketplace with the Bulk Import. Just do not forget to make it to be Multi-language for us the Botble Fans.','published','2024-05-24 04:02:27','2024-05-24 04:02:27','[\"products\\/18-2.jpg\",\"products\\/22-2.jpg\",\"products\\/39-2.jpg\",\"products\\/42-2.jpg\"]'),(224,2,NULL,NULL,59,1.00,'As a developer I reviewed this script. This is really awesome ecommerce script. I have convinced when I noticed that it\'s built on fully WordPress concept.','published','2024-05-24 04:02:27','2024-05-24 04:02:27','[\"products\\/37.jpg\"]'),(225,8,NULL,NULL,18,2.00,'The script is the best of its class, fast, easy to implement and work with , and the most important thing is the great support team , Recommend with no doubt.','published','2024-05-24 04:02:27','2024-05-24 04:02:27','[\"products\\/52-1.jpg\",\"products\\/56.jpg\",\"products\\/63-1.jpg\"]'),(228,6,NULL,NULL,47,2.00,'I Love this Script. I also found how to add other fees. Now I just wait the BIG update for the Marketplace with the Bulk Import. Just do not forget to make it to be Multi-language for us the Botble Fans.','published','2024-05-24 04:02:27','2024-05-24 04:02:27','[\"products\\/48.jpg\",\"products\\/56-1.jpg\"]'),(229,6,NULL,NULL,10,2.00,'This script is well coded and is super fast. The support is pretty quick. Very patient and helpful team. I strongly recommend it and they deserve more than 5 stars.','published','2024-05-24 04:02:27','2024-05-24 04:02:27','[\"products\\/37-2.jpg\",\"products\\/54.jpg\",\"products\\/59.jpg\"]'),(230,3,NULL,NULL,53,4.00,'The code is good, in general, if you like it, can you give it 5 stars?','published','2024-05-24 04:02:27','2024-05-24 04:02:27','[\"products\\/11-1.jpg\",\"products\\/28.jpg\"]'),(232,6,NULL,NULL,31,3.00,'Ok good product. I have some issues in customizations. But its not correct to blame the developer. The product is good. Good luck for your business.','published','2024-05-24 04:02:27','2024-05-24 04:02:27','[\"products\\/37.jpg\",\"products\\/51.jpg\"]'),(233,7,NULL,NULL,27,2.00,'I Love this Script. I also found how to add other fees. Now I just wait the BIG update for the Marketplace with the Bulk Import. Just do not forget to make it to be Multi-language for us the Botble Fans.','published','2024-05-24 04:02:27','2024-05-24 04:02:27','[\"products\\/19.jpg\",\"products\\/24-1.jpg\",\"products\\/32-1.jpg\",\"products\\/62.jpg\"]'),(234,2,NULL,NULL,60,4.00,'It\'s not my first experience here on Codecanyon and I can honestly tell you all that Botble puts a LOT of effort into the support. They answer so fast, they helped me tons of times. REALLY by far THE BEST EXPERIENCE on Codecanyon. Those guys at Botble are so good that they deserve 5 stars. I recommend them, I trust them and I can\'t wait to see what they will sell in a near future. Thank you Botble :)','published','2024-05-24 04:02:27','2024-05-24 04:02:27','[\"products\\/5-3.jpg\",\"products\\/12-2.jpg\",\"products\\/19-2.jpg\",\"products\\/45-1.jpg\"]'),(235,8,NULL,NULL,23,4.00,'Great E-commerce system. And much more : Wonderful Customer Support.','published','2024-05-24 04:02:27','2024-05-24 04:02:27','[\"products\\/45.jpg\",\"products\\/48-1.jpg\",\"products\\/48.jpg\",\"products\\/56.jpg\"]'),(238,2,NULL,NULL,53,1.00,'The code is good, in general, if you like it, can you give it 5 stars?','published','2024-05-24 04:02:27','2024-05-24 04:02:27','[\"products\\/29-1.jpg\",\"products\\/38-1.jpg\",\"products\\/55.jpg\",\"products\\/61-1.jpg\"]'),(239,1,NULL,NULL,47,3.00,'I Love this Script. I also found how to add other fees. Now I just wait the BIG update for the Marketplace with the Bulk Import. Just do not forget to make it to be Multi-language for us the Botble Fans.','published','2024-05-24 04:02:27','2024-05-24 04:02:27','[\"products\\/5-1.jpg\",\"products\\/34-1.jpg\",\"products\\/41-1.jpg\",\"products\\/43.jpg\"]'),(240,4,NULL,NULL,34,5.00,'Great system, great support, good job Botble. I\'m looking forward to more great functional plugins.','published','2024-05-24 04:02:27','2024-05-24 04:02:27','[\"products\\/11-3.jpg\",\"products\\/12-2.jpg\",\"products\\/18.jpg\",\"products\\/39-1.jpg\"]'),(241,1,NULL,NULL,56,2.00,'Those guys now what they are doing, the release such a good product that it\'s a pleasure to work with ! Even when I was stuck on the project, I created a ticket and the next day it was replied by the team. GOOD JOB guys. I love working with them :)','published','2024-05-24 04:02:27','2024-05-24 04:02:27','[\"products\\/32-2.jpg\",\"products\\/32.jpg\",\"products\\/41-2.jpg\"]'),(242,4,NULL,NULL,56,2.00,'We have received brilliant service support and will be expanding the features with the developer. Nice product!','published','2024-05-24 04:02:27','2024-05-24 04:02:27','[\"products\\/5-3.jpg\",\"products\\/50-1.jpg\"]'),(243,7,NULL,NULL,64,2.00,'Solution is too robust for our purpose so we didn\'t use it at the end. But I appreciate customer support during initial configuration.','published','2024-05-24 04:02:27','2024-05-24 04:02:27','[\"products\\/36-1.jpg\"]'),(244,9,NULL,NULL,3,1.00,'We have received brilliant service support and will be expanding the features with the developer. Nice product!','published','2024-05-24 04:02:27','2024-05-24 04:02:27','[\"products\\/25-1.jpg\",\"products\\/60.jpg\",\"products\\/61-1.jpg\"]'),(247,8,NULL,NULL,2,3.00,'Great system, great support, good job Botble. I\'m looking forward to more great functional plugins.','published','2024-05-24 04:02:27','2024-05-24 04:02:27','[\"products\\/41-1.jpg\"]'),(249,7,NULL,NULL,30,3.00,'Solution is too robust for our purpose so we didn\'t use it at the end. But I appreciate customer support during initial configuration.','published','2024-05-24 04:02:27','2024-05-24 04:02:27','[\"products\\/9-1.jpg\",\"products\\/19-1.jpg\",\"products\\/43-1.jpg\"]'),(250,2,NULL,NULL,51,2.00,'Clean & perfect source code','published','2024-05-24 04:02:27','2024-05-24 04:02:27','[\"products\\/9-1.jpg\",\"products\\/46-1.jpg\",\"products\\/51.jpg\"]'),(251,10,NULL,NULL,36,4.00,'This script is well coded and is super fast. The support is pretty quick. Very patient and helpful team. I strongly recommend it and they deserve more than 5 stars.','published','2024-05-24 04:02:27','2024-05-24 04:02:27','[\"products\\/12-3.jpg\",\"products\\/31-1.jpg\",\"products\\/42-2.jpg\",\"products\\/48.jpg\"]'),(252,2,NULL,NULL,35,3.00,'Ok good product. I have some issues in customizations. But its not correct to blame the developer. The product is good. Good luck for your business.','published','2024-05-24 04:02:27','2024-05-24 04:02:27','[\"products\\/20-1.jpg\",\"products\\/49-1.jpg\"]'),(253,4,NULL,NULL,32,5.00,'The script is the best of its class, fast, easy to implement and work with , and the most important thing is the great support team , Recommend with no doubt.','published','2024-05-24 04:02:27','2024-05-24 04:02:27','[\"products\\/8-3.jpg\",\"products\\/31-1.jpg\",\"products\\/59-3.jpg\",\"products\\/63.jpg\"]'),(254,10,NULL,NULL,64,2.00,'Clean & perfect source code','published','2024-05-24 04:02:27','2024-05-24 04:02:27','[\"products\\/6.jpg\",\"products\\/32-1.jpg\",\"products\\/38-1.jpg\",\"products\\/38.jpg\"]'),(255,4,NULL,NULL,61,2.00,'Those guys now what they are doing, the release such a good product that it\'s a pleasure to work with ! Even when I was stuck on the project, I created a ticket and the next day it was replied by the team. GOOD JOB guys. I love working with them :)','published','2024-05-24 04:02:27','2024-05-24 04:02:27','[\"products\\/43.jpg\",\"products\\/49-2.jpg\",\"products\\/65-2.jpg\"]'),(257,7,NULL,NULL,61,2.00,'Second or third time that I buy a Botble product, happy with the products and support. You guys do a good job :)','published','2024-05-24 04:02:27','2024-05-24 04:02:27','[\"products\\/32.jpg\",\"products\\/36-2.jpg\",\"products\\/37.jpg\",\"products\\/47.jpg\"]'),(258,7,NULL,NULL,11,4.00,'It\'s not my first experience here on Codecanyon and I can honestly tell you all that Botble puts a LOT of effort into the support. They answer so fast, they helped me tons of times. REALLY by far THE BEST EXPERIENCE on Codecanyon. Those guys at Botble are so good that they deserve 5 stars. I recommend them, I trust them and I can\'t wait to see what they will sell in a near future. Thank you Botble :)','published','2024-05-24 04:02:27','2024-05-24 04:02:27','[\"products\\/26.jpg\"]'),(259,5,NULL,NULL,16,5.00,'Ok good product. I have some issues in customizations. But its not correct to blame the developer. The product is good. Good luck for your business.','published','2024-05-24 04:02:27','2024-05-24 04:02:27','[\"products\\/9-2.jpg\",\"products\\/42.jpg\",\"products\\/60-1.jpg\",\"products\\/62.jpg\"]'),(260,6,NULL,NULL,5,2.00,'The best store template! Excellent coding! Very good support! Thank you so much for all the help, I really appreciated.','published','2024-05-24 04:02:27','2024-05-24 04:02:27','[\"products\\/1.jpg\",\"products\\/58-2.jpg\"]'),(264,8,NULL,NULL,53,2.00,'Clean & perfect source code','published','2024-05-24 04:02:27','2024-05-24 04:02:27','[\"products\\/22-2.jpg\",\"products\\/39.jpg\",\"products\\/62.jpg\"]'),(268,7,NULL,NULL,47,2.00,'The best ecommerce CMS! Excellent coding! best support service! Thank you so much..... I really like your hard work.','published','2024-05-24 04:02:27','2024-05-24 04:02:27','[\"products\\/2-2.jpg\",\"products\\/9-2.jpg\"]'),(269,7,NULL,NULL,41,3.00,'For me the best eCommerce script on Envato at this moment: modern, clean code, a lot of great features. The customer support is great too: I always get an answer within hours!','published','2024-05-24 04:02:27','2024-05-24 04:02:27','[\"products\\/1.jpg\",\"products\\/8-3.jpg\",\"products\\/17-2.jpg\",\"products\\/43.jpg\"]'),(274,1,NULL,NULL,29,5.00,'Great E-commerce system. And much more : Wonderful Customer Support.','published','2024-05-24 04:02:27','2024-05-24 04:02:27','[\"products\\/14.jpg\"]'),(275,9,NULL,NULL,8,4.00,'Great system, great support, good job Botble. I\'m looking forward to more great functional plugins.','published','2024-05-24 04:02:27','2024-05-24 04:02:27','[\"products\\/42-1.jpg\",\"products\\/44-1.jpg\",\"products\\/49-2.jpg\"]'),(276,3,NULL,NULL,45,2.00,'Cool template. Excellent code quality. The support responds very quickly, which is very rare on themeforest and codecanyon.net, I buy a lot of templates, and everyone will have a response from technical support for two or three days. Thanks to tech support. I recommend to buy.','published','2024-05-24 04:02:27','2024-05-24 04:02:27','[\"products\\/26.jpg\"]'),(277,7,NULL,NULL,63,4.00,'I Love this Script. I also found how to add other fees. Now I just wait the BIG update for the Marketplace with the Bulk Import. Just do not forget to make it to be Multi-language for us the Botble Fans.','published','2024-05-24 04:02:27','2024-05-24 04:02:27','[\"products\\/4.jpg\",\"products\\/21-1.jpg\",\"products\\/28-1.jpg\",\"products\\/43-2.jpg\"]'),(278,1,NULL,NULL,13,2.00,'Solution is too robust for our purpose so we didn\'t use it at the end. But I appreciate customer support during initial configuration.','published','2024-05-24 04:02:27','2024-05-24 04:02:27','[\"products\\/15.jpg\",\"products\\/21.jpg\",\"products\\/46.jpg\"]'),(279,5,NULL,NULL,41,5.00,'This web app is really good in design, code quality & features. Besides, the customer support provided by the Botble team was really fast & helpful. You guys are awesome!','published','2024-05-24 04:02:27','2024-05-24 04:02:27','[\"products\\/2.jpg\",\"products\\/33-2.jpg\",\"products\\/37.jpg\"]'),(280,4,NULL,NULL,6,4.00,'Ok good product. I have some issues in customizations. But its not correct to blame the developer. The product is good. Good luck for your business.','published','2024-05-24 04:02:27','2024-05-24 04:02:27','[\"products\\/8-1.jpg\",\"products\\/12-2.jpg\",\"products\\/22-2.jpg\",\"products\\/57-1.jpg\"]'),(283,1,NULL,NULL,12,1.00,'Ok good product. I have some issues in customizations. But its not correct to blame the developer. The product is good. Good luck for your business.','published','2024-05-24 04:02:27','2024-05-24 04:02:27','[\"products\\/2-3.jpg\",\"products\\/29.jpg\",\"products\\/36-1.jpg\"]'),(284,6,NULL,NULL,60,1.00,'Best ecommerce CMS online store!','published','2024-05-24 04:02:27','2024-05-24 04:02:27','[\"products\\/14.jpg\",\"products\\/17-2.jpg\",\"products\\/35.jpg\",\"products\\/65-2.jpg\"]'),(285,9,NULL,NULL,26,5.00,'Those guys now what they are doing, the release such a good product that it\'s a pleasure to work with ! Even when I was stuck on the project, I created a ticket and the next day it was replied by the team. GOOD JOB guys. I love working with them :)','published','2024-05-24 04:02:27','2024-05-24 04:02:27','[\"products\\/2.jpg\",\"products\\/11-1.jpg\",\"products\\/61.jpg\"]'),(286,4,NULL,NULL,3,2.00,'Those guys now what they are doing, the release such a good product that it\'s a pleasure to work with ! Even when I was stuck on the project, I created a ticket and the next day it was replied by the team. GOOD JOB guys. I love working with them :)','published','2024-05-24 04:02:27','2024-05-24 04:02:27','[\"products\\/48-2.jpg\"]'),(288,4,NULL,NULL,40,1.00,'Perfect +++++++++ i love it really also i get to fast ticket answers... Thanks Lot BOTBLE Teams','published','2024-05-24 04:02:27','2024-05-24 04:02:27','[\"products\\/4-2.jpg\",\"products\\/20-3.jpg\",\"products\\/29-2.jpg\",\"products\\/41-2.jpg\"]'),(291,6,NULL,NULL,51,4.00,'Customer Support are grade (A*), however the code is a way too over engineered for it\'s purpose.','published','2024-05-24 04:02:27','2024-05-24 04:02:27','[\"products\\/3.jpg\",\"products\\/8-1.jpg\"]'),(293,6,NULL,NULL,62,1.00,'Great E-commerce system. And much more : Wonderful Customer Support.','published','2024-05-24 04:02:27','2024-05-24 04:02:27','[\"products\\/18-3.jpg\"]'),(294,10,NULL,NULL,9,5.00,'Good app, good backup service and support. Good documentation.','published','2024-05-24 04:02:27','2024-05-24 04:02:27','[\"products\\/2-1.jpg\"]'),(296,9,NULL,NULL,49,3.00,'Perfect +++++++++ i love it really also i get to fast ticket answers... Thanks Lot BOTBLE Teams','published','2024-05-24 04:02:27','2024-05-24 04:02:27','[\"products\\/8-2.jpg\",\"products\\/28-1.jpg\"]'),(297,8,NULL,NULL,26,4.00,'It\'s not my first experience here on Codecanyon and I can honestly tell you all that Botble puts a LOT of effort into the support. They answer so fast, they helped me tons of times. REALLY by far THE BEST EXPERIENCE on Codecanyon. Those guys at Botble are so good that they deserve 5 stars. I recommend them, I trust them and I can\'t wait to see what they will sell in a near future. Thank you Botble :)','published','2024-05-24 04:02:27','2024-05-24 04:02:27','[\"products\\/12.jpg\",\"products\\/38.jpg\"]'),(298,3,NULL,NULL,54,5.00,'Clean & perfect source code','published','2024-05-24 04:02:27','2024-05-24 04:02:27','[\"products\\/36-2.jpg\",\"products\\/43.jpg\",\"products\\/52.jpg\"]'),(300,10,NULL,NULL,25,2.00,'Second or third time that I buy a Botble product, happy with the products and support. You guys do a good job :)','published','2024-05-24 04:02:27','2024-05-24 04:02:27','[\"products\\/33.jpg\",\"products\\/34-1.jpg\",\"products\\/35-1.jpg\"]'),(302,6,NULL,NULL,25,3.00,'This web app is really good in design, code quality & features. Besides, the customer support provided by the Botble team was really fast & helpful. You guys are awesome!','published','2024-05-24 04:02:27','2024-05-24 04:02:27','[\"products\\/11-1.jpg\",\"products\\/43-1.jpg\",\"products\\/46.jpg\"]'),(303,4,NULL,NULL,1,4.00,'Those guys now what they are doing, the release such a good product that it\'s a pleasure to work with ! Even when I was stuck on the project, I created a ticket and the next day it was replied by the team. GOOD JOB guys. I love working with them :)','published','2024-05-24 04:02:27','2024-05-24 04:02:27','[\"products\\/2-2.jpg\",\"products\\/56.jpg\"]'),(306,1,NULL,NULL,41,3.00,'We have received brilliant service support and will be expanding the features with the developer. Nice product!','published','2024-05-24 04:02:27','2024-05-24 04:02:27','[\"products\\/38-3.jpg\"]'),(307,9,NULL,NULL,56,3.00,'We have received brilliant service support and will be expanding the features with the developer. Nice product!','published','2024-05-24 04:02:27','2024-05-24 04:02:27','[\"products\\/47-1.jpg\"]'),(308,4,NULL,NULL,12,2.00,'It\'s not my first experience here on Codecanyon and I can honestly tell you all that Botble puts a LOT of effort into the support. They answer so fast, they helped me tons of times. REALLY by far THE BEST EXPERIENCE on Codecanyon. Those guys at Botble are so good that they deserve 5 stars. I recommend them, I trust them and I can\'t wait to see what they will sell in a near future. Thank you Botble :)','published','2024-05-24 04:02:27','2024-05-24 04:02:27','[\"products\\/12-3.jpg\",\"products\\/42.jpg\"]'),(309,8,NULL,NULL,27,3.00,'Good app, good backup service and support. Good documentation.','published','2024-05-24 04:02:27','2024-05-24 04:02:27','[\"products\\/56.jpg\"]'),(310,6,NULL,NULL,27,3.00,'This web app is really good in design, code quality & features. Besides, the customer support provided by the Botble team was really fast & helpful. You guys are awesome!','published','2024-05-24 04:02:27','2024-05-24 04:02:27','[\"products\\/10-1.jpg\",\"products\\/35.jpg\",\"products\\/55.jpg\",\"products\\/60-2.jpg\"]'),(312,7,NULL,NULL,8,3.00,'I Love this Script. I also found how to add other fees. Now I just wait the BIG update for the Marketplace with the Bulk Import. Just do not forget to make it to be Multi-language for us the Botble Fans.','published','2024-05-24 04:02:27','2024-05-24 04:02:27','[\"products\\/27.jpg\",\"products\\/43.jpg\"]'),(315,1,NULL,NULL,17,4.00,'Great E-commerce system. And much more : Wonderful Customer Support.','published','2024-05-24 04:02:27','2024-05-24 04:02:27','[\"products\\/5-1.jpg\"]'),(318,7,NULL,NULL,4,2.00,'Clean & perfect source code','published','2024-05-24 04:02:27','2024-05-24 04:02:27','[\"products\\/20-1.jpg\",\"products\\/24-1.jpg\",\"products\\/28-1.jpg\"]'),(319,3,NULL,NULL,12,4.00,'Good app, good backup service and support. Good documentation.','published','2024-05-24 04:02:27','2024-05-24 04:02:27','[\"products\\/48-2.jpg\",\"products\\/56.jpg\"]'),(320,6,NULL,NULL,46,3.00,'The code is good, in general, if you like it, can you give it 5 stars?','published','2024-05-24 04:02:27','2024-05-24 04:02:27','[\"products\\/8-2.jpg\",\"products\\/39-1.jpg\"]'),(321,2,NULL,NULL,3,4.00,'This web app is really good in design, code quality & features. Besides, the customer support provided by the Botble team was really fast & helpful. You guys are awesome!','published','2024-05-24 04:02:27','2024-05-24 04:02:27','[\"products\\/20-2.jpg\",\"products\\/32-1.jpg\"]'),(322,10,NULL,NULL,8,1.00,'Perfect +++++++++ i love it really also i get to fast ticket answers... Thanks Lot BOTBLE Teams','published','2024-05-24 04:02:27','2024-05-24 04:02:27','[\"products\\/4-3.jpg\",\"products\\/41.jpg\",\"products\\/53.jpg\",\"products\\/56.jpg\"]'),(323,7,NULL,NULL,49,4.00,'Solution is too robust for our purpose so we didn\'t use it at the end. But I appreciate customer support during initial configuration.','published','2024-05-24 04:02:27','2024-05-24 04:02:27','[\"products\\/58-1.jpg\",\"products\\/61.jpg\",\"products\\/65.jpg\"]'),(326,7,NULL,NULL,3,3.00,'Amazing code, amazing support. Overall, im really confident in Botble and im happy I made the right choice! Thank you so much guys for coding this masterpiece','published','2024-05-24 04:02:27','2024-05-24 04:02:27','[\"products\\/8-2.jpg\"]'),(327,9,NULL,NULL,58,4.00,'Second or third time that I buy a Botble product, happy with the products and support. You guys do a good job :)','published','2024-05-24 04:02:27','2024-05-24 04:02:27','[\"products\\/45-1.jpg\"]'),(328,3,NULL,NULL,58,5.00,'Very enthusiastic support! Excellent code is written. It\'s a true pleasure working with.','published','2024-05-24 04:02:27','2024-05-24 04:02:27','[\"products\\/42-1.jpg\",\"products\\/62-1.jpg\",\"products\\/63.jpg\"]'),(330,2,NULL,NULL,36,1.00,'Second or third time that I buy a Botble product, happy with the products and support. You guys do a good job :)','published','2024-05-24 04:02:27','2024-05-24 04:02:27','[\"products\\/12.jpg\",\"products\\/32.jpg\",\"products\\/36.jpg\",\"products\\/53-1.jpg\"]'),(334,9,NULL,NULL,52,2.00,'Solution is too robust for our purpose so we didn\'t use it at the end. But I appreciate customer support during initial configuration.','published','2024-05-24 04:02:27','2024-05-24 04:02:27','[\"products\\/24-1.jpg\",\"products\\/41-2.jpg\",\"products\\/64.jpg\"]'),(335,5,NULL,NULL,5,2.00,'Clean & perfect source code','published','2024-05-24 04:02:27','2024-05-24 04:02:27','[\"products\\/23-3.jpg\",\"products\\/23.jpg\",\"products\\/37-2.jpg\"]'),(337,4,NULL,NULL,37,3.00,'I Love this Script. I also found how to add other fees. Now I just wait the BIG update for the Marketplace with the Bulk Import. Just do not forget to make it to be Multi-language for us the Botble Fans.','published','2024-05-24 04:02:27','2024-05-24 04:02:27','[\"products\\/29-1.jpg\",\"products\\/36.jpg\",\"products\\/56.jpg\"]'),(338,5,NULL,NULL,4,1.00,'We have received brilliant service support and will be expanding the features with the developer. Nice product!','published','2024-05-24 04:02:27','2024-05-24 04:02:27','[\"products\\/19-3.jpg\",\"products\\/37.jpg\"]'),(339,10,NULL,NULL,24,3.00,'We have received brilliant service support and will be expanding the features with the developer. Nice product!','published','2024-05-24 04:02:27','2024-05-24 04:02:27','[\"products\\/48-2.jpg\",\"products\\/60-2.jpg\"]'),(340,9,NULL,NULL,21,2.00,'Good app, good backup service and support. Good documentation.','published','2024-05-24 04:02:27','2024-05-24 04:02:27','[\"products\\/5-3.jpg\",\"products\\/58-1.jpg\"]'),(342,7,NULL,NULL,26,3.00,'Ok good product. I have some issues in customizations. But its not correct to blame the developer. The product is good. Good luck for your business.','published','2024-05-24 04:02:27','2024-05-24 04:02:27','[\"products\\/8.jpg\",\"products\\/11-3.jpg\",\"products\\/12-2.jpg\",\"products\\/55.jpg\"]'),(344,2,NULL,NULL,29,5.00,'The best store template! Excellent coding! Very good support! Thank you so much for all the help, I really appreciated.','published','2024-05-24 04:02:27','2024-05-24 04:02:27','[\"products\\/5-1.jpg\"]'),(345,9,NULL,NULL,55,1.00,'Best ecommerce CMS online store!','published','2024-05-24 04:02:27','2024-05-24 04:02:27','[\"products\\/12.jpg\",\"products\\/25.jpg\",\"products\\/44-2.jpg\",\"products\\/64.jpg\"]'),(346,5,NULL,NULL,47,2.00,'Cool template. Excellent code quality. The support responds very quickly, which is very rare on themeforest and codecanyon.net, I buy a lot of templates, and everyone will have a response from technical support for two or three days. Thanks to tech support. I recommend to buy.','published','2024-05-24 04:02:27','2024-05-24 04:02:27','[\"products\\/24.jpg\"]'),(347,1,NULL,NULL,22,4.00,'The code is good, in general, if you like it, can you give it 5 stars?','published','2024-05-24 04:02:27','2024-05-24 04:02:27','[\"products\\/20-3.jpg\"]'),(348,2,NULL,NULL,27,1.00,'Perfect +++++++++ i love it really also i get to fast ticket answers... Thanks Lot BOTBLE Teams','published','2024-05-24 04:02:27','2024-05-24 04:02:27','[\"products\\/19-2.jpg\",\"products\\/34.jpg\"]'),(350,6,NULL,NULL,43,5.00,'For me the best eCommerce script on Envato at this moment: modern, clean code, a lot of great features. The customer support is great too: I always get an answer within hours!','published','2024-05-24 04:02:27','2024-05-24 04:02:27','[\"products\\/6.jpg\",\"products\\/19.jpg\",\"products\\/22.jpg\"]'),(352,7,NULL,NULL,7,3.00,'This web app is really good in design, code quality & features. Besides, the customer support provided by the Botble team was really fast & helpful. You guys are awesome!','published','2024-05-24 04:02:27','2024-05-24 04:02:27','[\"products\\/32.jpg\"]'),(353,10,NULL,NULL,31,5.00,'Very enthusiastic support! Excellent code is written. It\'s a true pleasure working with.','published','2024-05-24 04:02:27','2024-05-24 04:02:27','[\"products\\/31-1.jpg\",\"products\\/38-1.jpg\",\"products\\/61-1.jpg\"]'),(354,4,NULL,NULL,21,1.00,'The code is good, in general, if you like it, can you give it 5 stars?','published','2024-05-24 04:02:27','2024-05-24 04:02:27','[\"products\\/41-2.jpg\"]'),(359,9,NULL,NULL,51,5.00,'This web app is really good in design, code quality & features. Besides, the customer support provided by the Botble team was really fast & helpful. You guys are awesome!','published','2024-05-24 04:02:27','2024-05-24 04:02:27','[\"products\\/20-1.jpg\",\"products\\/30.jpg\",\"products\\/34.jpg\"]'),(361,5,NULL,NULL,30,3.00,'Cool template. Excellent code quality. The support responds very quickly, which is very rare on themeforest and codecanyon.net, I buy a lot of templates, and everyone will have a response from technical support for two or three days. Thanks to tech support. I recommend to buy.','published','2024-05-24 04:02:27','2024-05-24 04:02:27','[\"products\\/34-1.jpg\",\"products\\/47-1.jpg\"]'),(363,1,NULL,NULL,35,3.00,'Very enthusiastic support! Excellent code is written. It\'s a true pleasure working with.','published','2024-05-24 04:02:27','2024-05-24 04:02:27','[\"products\\/7.jpg\",\"products\\/21-2.jpg\"]'),(364,7,NULL,NULL,16,1.00,'Ok good product. I have some issues in customizations. But its not correct to blame the developer. The product is good. Good luck for your business.','published','2024-05-24 04:02:27','2024-05-24 04:02:27','[\"products\\/64-1.jpg\"]'),(365,6,NULL,NULL,14,3.00,'The script is the best of its class, fast, easy to implement and work with , and the most important thing is the great support team , Recommend with no doubt.','published','2024-05-24 04:02:27','2024-05-24 04:02:27','[\"products\\/5-2.jpg\"]'),(367,3,NULL,NULL,50,4.00,'This script is well coded and is super fast. The support is pretty quick. Very patient and helpful team. I strongly recommend it and they deserve more than 5 stars.','published','2024-05-24 04:02:27','2024-05-24 04:02:27','[\"products\\/2-3.jpg\",\"products\\/58-2.jpg\"]'),(369,1,NULL,NULL,59,3.00,'Amazing code, amazing support. Overall, im really confident in Botble and im happy I made the right choice! Thank you so much guys for coding this masterpiece','published','2024-05-24 04:02:27','2024-05-24 04:02:27','[\"products\\/13-1.jpg\",\"products\\/44-2.jpg\",\"products\\/45.jpg\"]'),(370,3,NULL,NULL,33,1.00,'It\'s not my first experience here on Codecanyon and I can honestly tell you all that Botble puts a LOT of effort into the support. They answer so fast, they helped me tons of times. REALLY by far THE BEST EXPERIENCE on Codecanyon. Those guys at Botble are so good that they deserve 5 stars. I recommend them, I trust them and I can\'t wait to see what they will sell in a near future. Thank you Botble :)','published','2024-05-24 04:02:27','2024-05-24 04:02:27','[\"products\\/22-2.jpg\",\"products\\/49-1.jpg\"]'),(371,1,NULL,NULL,21,4.00,'Amazing code, amazing support. Overall, im really confident in Botble and im happy I made the right choice! Thank you so much guys for coding this masterpiece','published','2024-05-24 04:02:27','2024-05-24 04:02:27','[\"products\\/15-1.jpg\"]'),(372,10,NULL,NULL,2,1.00,'The script is the best of its class, fast, easy to implement and work with , and the most important thing is the great support team , Recommend with no doubt.','published','2024-05-24 04:02:27','2024-05-24 04:02:27','[\"products\\/5-1.jpg\",\"products\\/12.jpg\",\"products\\/13-1.jpg\"]'),(373,1,NULL,NULL,37,4.00,'Solution is too robust for our purpose so we didn\'t use it at the end. But I appreciate customer support during initial configuration.','published','2024-05-24 04:02:27','2024-05-24 04:02:27','[\"products\\/1.jpg\"]'),(379,5,NULL,NULL,59,4.00,'The script is the best of its class, fast, easy to implement and work with , and the most important thing is the great support team , Recommend with no doubt.','published','2024-05-24 04:02:27','2024-05-24 04:02:27','[\"products\\/18-2.jpg\",\"products\\/63-1.jpg\"]'),(380,8,NULL,NULL,24,2.00,'Great E-commerce system. And much more : Wonderful Customer Support.','published','2024-05-24 04:02:27','2024-05-24 04:02:27','[\"products\\/19-2.jpg\",\"products\\/38-3.jpg\",\"products\\/38.jpg\",\"products\\/46.jpg\"]'),(381,10,NULL,NULL,28,4.00,'Those guys now what they are doing, the release such a good product that it\'s a pleasure to work with ! Even when I was stuck on the project, I created a ticket and the next day it was replied by the team. GOOD JOB guys. I love working with them :)','published','2024-05-24 04:02:27','2024-05-24 04:02:27','[\"products\\/8-3.jpg\",\"products\\/56-2.jpg\"]'),(384,8,NULL,NULL,7,3.00,'Cool template. Excellent code quality. The support responds very quickly, which is very rare on themeforest and codecanyon.net, I buy a lot of templates, and everyone will have a response from technical support for two or three days. Thanks to tech support. I recommend to buy.','published','2024-05-24 04:02:27','2024-05-24 04:02:27','[\"products\\/2.jpg\",\"products\\/4-3.jpg\",\"products\\/5-3.jpg\",\"products\\/11.jpg\"]'),(386,4,NULL,NULL,65,1.00,'Good app, good backup service and support. Good documentation.','published','2024-05-24 04:02:27','2024-05-24 04:02:27','[\"products\\/18-3.jpg\"]'),(387,1,NULL,NULL,18,5.00,'Solution is too robust for our purpose so we didn\'t use it at the end. But I appreciate customer support during initial configuration.','published','2024-05-24 04:02:27','2024-05-24 04:02:27','[\"products\\/21-1.jpg\"]'),(388,9,NULL,NULL,18,4.00,'We have received brilliant service support and will be expanding the features with the developer. Nice product!','published','2024-05-24 04:02:27','2024-05-24 04:02:27','[\"products\\/2-3.jpg\",\"products\\/55-2.jpg\",\"products\\/59-1.jpg\",\"products\\/65.jpg\"]'),(389,9,NULL,NULL,29,1.00,'Good app, good backup service and support. Good documentation.','published','2024-05-24 04:02:27','2024-05-24 04:02:27','[\"products\\/12.jpg\",\"products\\/21.jpg\",\"products\\/27-1.jpg\"]'),(390,8,NULL,NULL,40,3.00,'Solution is too robust for our purpose so we didn\'t use it at the end. But I appreciate customer support during initial configuration.','published','2024-05-24 04:02:27','2024-05-24 04:02:27','[\"products\\/17-2.jpg\",\"products\\/32-1.jpg\",\"products\\/56-1.jpg\",\"products\\/58.jpg\"]'),(391,1,NULL,NULL,2,2.00,'The best ecommerce CMS! Excellent coding! best support service! Thank you so much..... I really like your hard work.','published','2024-05-24 04:02:27','2024-05-24 04:02:27','[\"products\\/12-3.jpg\",\"products\\/58-1.jpg\"]'),(393,3,NULL,NULL,10,5.00,'This web app is really good in design, code quality & features. Besides, the customer support provided by the Botble team was really fast & helpful. You guys are awesome!','published','2024-05-24 04:02:27','2024-05-24 04:02:27','[\"products\\/11-1.jpg\",\"products\\/31-1.jpg\",\"products\\/43-2.jpg\",\"products\\/50.jpg\"]'),(395,3,NULL,NULL,34,4.00,'I Love this Script. I also found how to add other fees. Now I just wait the BIG update for the Marketplace with the Bulk Import. Just do not forget to make it to be Multi-language for us the Botble Fans.','published','2024-05-24 04:02:27','2024-05-24 04:02:27','[\"products\\/44-2.jpg\",\"products\\/58-2.jpg\"]'),(398,4,NULL,NULL,39,2.00,'Very enthusiastic support! Excellent code is written. It\'s a true pleasure working with.','published','2024-05-24 04:02:27','2024-05-24 04:02:27','[\"products\\/21-2.jpg\",\"products\\/29-2.jpg\",\"products\\/32-2.jpg\"]'),(400,7,NULL,NULL,13,4.00,'The best ecommerce CMS! Excellent coding! best support service! Thank you so much..... I really like your hard work.','published','2024-05-24 04:02:27','2024-05-24 04:02:27','[\"products\\/9-1.jpg\"]'),(402,2,NULL,NULL,15,5.00,'The best store template! Excellent coding! Very good support! Thank you so much for all the help, I really appreciated.','published','2024-05-24 04:02:27','2024-05-24 04:02:27','[\"products\\/9.jpg\"]'),(407,9,NULL,NULL,57,2.00,'Good app, good backup service and support. Good documentation.','published','2024-05-24 04:02:27','2024-05-24 04:02:27','[\"products\\/15.jpg\",\"products\\/41-1.jpg\",\"products\\/55-2.jpg\",\"products\\/59-3.jpg\"]'),(408,6,NULL,NULL,19,2.00,'Great system, great support, good job Botble. I\'m looking forward to more great functional plugins.','published','2024-05-24 04:02:27','2024-05-24 04:02:27','[\"products\\/5-1.jpg\",\"products\\/34-1.jpg\",\"products\\/39-1.jpg\"]'),(409,4,NULL,NULL,60,3.00,'Ok good product. I have some issues in customizations. But its not correct to blame the developer. The product is good. Good luck for your business.','published','2024-05-24 04:02:27','2024-05-24 04:02:27','[\"products\\/14.jpg\",\"products\\/41.jpg\"]'),(410,6,NULL,NULL,13,1.00,'This script is well coded and is super fast. The support is pretty quick. Very patient and helpful team. I strongly recommend it and they deserve more than 5 stars.','published','2024-05-24 04:02:27','2024-05-24 04:02:27','[\"products\\/23.jpg\"]'),(412,10,NULL,NULL,42,2.00,'It\'s not my first experience here on Codecanyon and I can honestly tell you all that Botble puts a LOT of effort into the support. They answer so fast, they helped me tons of times. REALLY by far THE BEST EXPERIENCE on Codecanyon. Those guys at Botble are so good that they deserve 5 stars. I recommend them, I trust them and I can\'t wait to see what they will sell in a near future. Thank you Botble :)','published','2024-05-24 04:02:27','2024-05-24 04:02:27','[\"products\\/50.jpg\",\"products\\/55.jpg\",\"products\\/58-1.jpg\"]'),(413,4,NULL,NULL,22,1.00,'Good app, good backup service and support. Good documentation.','published','2024-05-24 04:02:27','2024-05-24 04:02:27','[\"products\\/10.jpg\",\"products\\/12.jpg\",\"products\\/35.jpg\",\"products\\/58-2.jpg\"]'),(417,7,NULL,NULL,59,4.00,'This web app is really good in design, code quality & features. Besides, the customer support provided by the Botble team was really fast & helpful. You guys are awesome!','published','2024-05-24 04:02:27','2024-05-24 04:02:27','[\"products\\/25-1.jpg\",\"products\\/51.jpg\"]'),(420,2,NULL,NULL,52,1.00,'Good app, good backup service and support. Good documentation.','published','2024-05-24 04:02:27','2024-05-24 04:02:27','[\"products\\/5-1.jpg\",\"products\\/38-1.jpg\"]'),(425,2,NULL,NULL,56,3.00,'Cool template. Excellent code quality. The support responds very quickly, which is very rare on themeforest and codecanyon.net, I buy a lot of templates, and everyone will have a response from technical support for two or three days. Thanks to tech support. I recommend to buy.','published','2024-05-24 04:02:27','2024-05-24 04:02:27','[\"products\\/25.jpg\",\"products\\/40-1.jpg\",\"products\\/40.jpg\"]'),(426,9,NULL,NULL,5,1.00,'Best ecommerce CMS online store!','published','2024-05-24 04:02:27','2024-05-24 04:02:27','[\"products\\/38-2.jpg\",\"products\\/45.jpg\",\"products\\/48.jpg\"]'),(430,1,NULL,NULL,26,3.00,'Amazing code, amazing support. Overall, im really confident in Botble and im happy I made the right choice! Thank you so much guys for coding this masterpiece','published','2024-05-24 04:02:27','2024-05-24 04:02:27','[\"products\\/23-2.jpg\",\"products\\/36.jpg\"]'),(432,5,NULL,NULL,36,5.00,'These guys are amazing! Responses immediately, amazing support and help... I immediately feel at ease after Purchasing..','published','2024-05-24 04:02:27','2024-05-24 04:02:27','[\"products\\/11-2.jpg\"]'),(436,4,NULL,NULL,31,5.00,'These guys are amazing! Responses immediately, amazing support and help... I immediately feel at ease after Purchasing..','published','2024-05-24 04:02:27','2024-05-24 04:02:27','[\"products\\/15-1.jpg\",\"products\\/17-1.jpg\",\"products\\/26-1.jpg\"]'),(437,10,NULL,NULL,5,2.00,'The best ecommerce CMS! Excellent coding! best support service! Thank you so much..... I really like your hard work.','published','2024-05-24 04:02:27','2024-05-24 04:02:27','[\"products\\/30-2.jpg\",\"products\\/36.jpg\",\"products\\/37-1.jpg\"]'),(438,8,NULL,NULL,38,3.00,'This script is well coded and is super fast. The support is pretty quick. Very patient and helpful team. I strongly recommend it and they deserve more than 5 stars.','published','2024-05-24 04:02:27','2024-05-24 04:02:27','[\"products\\/27-1.jpg\",\"products\\/46-1.jpg\",\"products\\/47.jpg\",\"products\\/56.jpg\"]'),(439,2,NULL,NULL,2,3.00,'Those guys now what they are doing, the release such a good product that it\'s a pleasure to work with ! Even when I was stuck on the project, I created a ticket and the next day it was replied by the team. GOOD JOB guys. I love working with them :)','published','2024-05-24 04:02:27','2024-05-24 04:02:27','[\"products\\/8-2.jpg\",\"products\\/29-2.jpg\",\"products\\/36.jpg\"]'),(441,8,NULL,NULL,15,3.00,'Cool template. Excellent code quality. The support responds very quickly, which is very rare on themeforest and codecanyon.net, I buy a lot of templates, and everyone will have a response from technical support for two or three days. Thanks to tech support. I recommend to buy.','published','2024-05-24 04:02:27','2024-05-24 04:02:27','[\"products\\/25-1.jpg\",\"products\\/43.jpg\"]'),(443,9,NULL,NULL,2,5.00,'The code is good, in general, if you like it, can you give it 5 stars?','published','2024-05-24 04:02:27','2024-05-24 04:02:27','[\"products\\/22-2.jpg\",\"products\\/37.jpg\",\"products\\/40-1.jpg\",\"products\\/63.jpg\"]'),(444,2,NULL,NULL,12,4.00,'Great E-commerce system. And much more : Wonderful Customer Support.','published','2024-05-24 04:02:27','2024-05-24 04:02:27','[\"products\\/22-3.jpg\",\"products\\/34-1.jpg\",\"products\\/53.jpg\"]'),(446,4,NULL,NULL,53,3.00,'Clean & perfect source code','published','2024-05-24 04:02:27','2024-05-24 04:02:27','[\"products\\/37.jpg\",\"products\\/59-2.jpg\"]'),(447,10,NULL,NULL,39,4.00,'Clean & perfect source code','published','2024-05-24 04:02:27','2024-05-24 04:02:27','[\"products\\/18-2.jpg\"]'),(453,1,NULL,NULL,8,1.00,'For me the best eCommerce script on Envato at this moment: modern, clean code, a lot of great features. The customer support is great too: I always get an answer within hours!','published','2024-05-24 04:02:27','2024-05-24 04:02:27','[\"products\\/8.jpg\",\"products\\/18-2.jpg\",\"products\\/31.jpg\",\"products\\/45.jpg\"]'),(455,8,NULL,NULL,28,1.00,'Amazing code, amazing support. Overall, im really confident in Botble and im happy I made the right choice! Thank you so much guys for coding this masterpiece','published','2024-05-24 04:02:27','2024-05-24 04:02:27','[\"products\\/33.jpg\",\"products\\/40-1.jpg\"]'),(459,1,NULL,NULL,28,1.00,'This script is well coded and is super fast. The support is pretty quick. Very patient and helpful team. I strongly recommend it and they deserve more than 5 stars.','published','2024-05-24 04:02:27','2024-05-24 04:02:27','[\"products\\/23-3.jpg\",\"products\\/31.jpg\",\"products\\/48-1.jpg\",\"products\\/61.jpg\"]'),(464,8,NULL,NULL,36,2.00,'Great system, great support, good job Botble. I\'m looking forward to more great functional plugins.','published','2024-05-24 04:02:27','2024-05-24 04:02:27','[\"products\\/8-2.jpg\",\"products\\/38-2.jpg\",\"products\\/48.jpg\",\"products\\/59.jpg\"]'),(465,2,NULL,NULL,21,5.00,'Good app, good backup service and support. Good documentation.','published','2024-05-24 04:02:27','2024-05-24 04:02:27','[\"products\\/58-1.jpg\",\"products\\/61-1.jpg\"]'),(466,3,NULL,NULL,15,1.00,'As a developer I reviewed this script. This is really awesome ecommerce script. I have convinced when I noticed that it\'s built on fully WordPress concept.','published','2024-05-24 04:02:27','2024-05-24 04:02:27','[\"products\\/23-2.jpg\",\"products\\/46-1.jpg\"]'),(469,7,NULL,NULL,1,3.00,'The best store template! Excellent coding! Very good support! Thank you so much for all the help, I really appreciated.','published','2024-05-24 04:02:27','2024-05-24 04:02:27','[\"products\\/2.jpg\",\"products\\/26-1.jpg\",\"products\\/47.jpg\",\"products\\/59-1.jpg\"]'),(476,7,NULL,NULL,2,3.00,'This web app is really good in design, code quality & features. Besides, the customer support provided by the Botble team was really fast & helpful. You guys are awesome!','published','2024-05-24 04:02:27','2024-05-24 04:02:27','[\"products\\/4-2.jpg\"]'),(480,1,NULL,NULL,30,2.00,'This web app is really good in design, code quality & features. Besides, the customer support provided by the Botble team was really fast & helpful. You guys are awesome!','published','2024-05-24 04:02:27','2024-05-24 04:02:27','[\"products\\/20-1.jpg\",\"products\\/39-1.jpg\",\"products\\/49.jpg\"]'),(481,7,NULL,NULL,17,4.00,'Very enthusiastic support! Excellent code is written. It\'s a true pleasure working with.','published','2024-05-24 04:02:27','2024-05-24 04:02:27','[\"products\\/44-1.jpg\",\"products\\/49-1.jpg\",\"products\\/54.jpg\"]'),(485,2,NULL,NULL,9,3.00,'Great system, great support, good job Botble. I\'m looking forward to more great functional plugins.','published','2024-05-24 04:02:27','2024-05-24 04:02:27','[\"products\\/23-1.jpg\",\"products\\/29-2.jpg\",\"products\\/65-2.jpg\"]'),(487,9,NULL,NULL,61,4.00,'The best store template! Excellent coding! Very good support! Thank you so much for all the help, I really appreciated.','published','2024-05-24 04:02:27','2024-05-24 04:02:27','[\"products\\/7.jpg\"]'),(492,4,NULL,NULL,2,2.00,'We have received brilliant service support and will be expanding the features with the developer. Nice product!','published','2024-05-24 04:02:27','2024-05-24 04:02:27','[\"products\\/3.jpg\"]'),(498,6,NULL,NULL,6,4.00,'Good app, good backup service and support. Good documentation.','published','2024-05-24 04:02:27','2024-05-24 04:02:27','[\"products\\/4.jpg\",\"products\\/32.jpg\"]'),(499,5,NULL,NULL,56,2.00,'Customer Support are grade (A*), however the code is a way too over engineered for it\'s purpose.','published','2024-05-24 04:02:27','2024-05-24 04:02:27','[\"products\\/4-1.jpg\",\"products\\/11.jpg\",\"products\\/46.jpg\"]'),(502,3,NULL,NULL,14,4.00,'Second or third time that I buy a Botble product, happy with the products and support. You guys do a good job :)','published','2024-05-24 04:02:27','2024-05-24 04:02:27','[\"products\\/36-1.jpg\"]'),(503,2,NULL,NULL,33,3.00,'Second or third time that I buy a Botble product, happy with the products and support. You guys do a good job :)','published','2024-05-24 04:02:27','2024-05-24 04:02:27','[\"products\\/11.jpg\",\"products\\/18-1.jpg\"]'),(511,5,NULL,NULL,23,4.00,'Those guys now what they are doing, the release such a good product that it\'s a pleasure to work with ! Even when I was stuck on the project, I created a ticket and the next day it was replied by the team. GOOD JOB guys. I love working with them :)','published','2024-05-24 04:02:27','2024-05-24 04:02:27','[\"products\\/18.jpg\",\"products\\/40-1.jpg\"]'),(512,4,NULL,NULL,26,4.00,'Great system, great support, good job Botble. I\'m looking forward to more great functional plugins.','published','2024-05-24 04:02:27','2024-05-24 04:02:27','[\"products\\/3.jpg\"]'),(513,1,NULL,NULL,33,4.00,'Clean & perfect source code','published','2024-05-24 04:02:27','2024-05-24 04:02:27','[\"products\\/39-1.jpg\",\"products\\/61-1.jpg\"]'),(515,8,NULL,NULL,50,5.00,'Those guys now what they are doing, the release such a good product that it\'s a pleasure to work with ! Even when I was stuck on the project, I created a ticket and the next day it was replied by the team. GOOD JOB guys. I love working with them :)','published','2024-05-24 04:02:27','2024-05-24 04:02:27','[\"products\\/22-1.jpg\",\"products\\/23-3.jpg\"]'),(517,3,NULL,NULL,28,4.00,'These guys are amazing! Responses immediately, amazing support and help... I immediately feel at ease after Purchasing..','published','2024-05-24 04:02:27','2024-05-24 04:02:27','[\"products\\/7.jpg\"]'),(522,2,NULL,NULL,44,4.00,'Best ecommerce CMS online store!','published','2024-05-24 04:02:27','2024-05-24 04:02:27','[\"products\\/37-2.jpg\"]'),(539,1,NULL,NULL,38,1.00,'This web app is really good in design, code quality & features. Besides, the customer support provided by the Botble team was really fast & helpful. You guys are awesome!','published','2024-05-24 04:02:27','2024-05-24 04:02:27','[\"products\\/1.jpg\",\"products\\/21-2.jpg\",\"products\\/39-1.jpg\",\"products\\/50-1.jpg\"]'),(541,6,NULL,NULL,39,1.00,'These guys are amazing! Responses immediately, amazing support and help... I immediately feel at ease after Purchasing..','published','2024-05-24 04:02:27','2024-05-24 04:02:27','[\"products\\/45-1.jpg\",\"products\\/63-1.jpg\"]'),(542,6,NULL,NULL,36,3.00,'Great E-commerce system. And much more : Wonderful Customer Support.','published','2024-05-24 04:02:27','2024-05-24 04:02:27','[\"products\\/64-1.jpg\"]'),(545,5,NULL,NULL,33,1.00,'Ok good product. I have some issues in customizations. But its not correct to blame the developer. The product is good. Good luck for your business.','published','2024-05-24 04:02:27','2024-05-24 04:02:27','[\"products\\/24-1.jpg\"]'),(546,9,NULL,NULL,36,4.00,'Customer Support are grade (A*), however the code is a way too over engineered for it\'s purpose.','published','2024-05-24 04:02:27','2024-05-24 04:02:27','[\"products\\/19-3.jpg\",\"products\\/52-2.jpg\",\"products\\/55.jpg\",\"products\\/60.jpg\"]'),(547,3,NULL,NULL,25,4.00,'Second or third time that I buy a Botble product, happy with the products and support. You guys do a good job :)','published','2024-05-24 04:02:27','2024-05-24 04:02:27','[\"products\\/24-1.jpg\",\"products\\/48-2.jpg\"]'),(549,8,NULL,NULL,37,3.00,'Good app, good backup service and support. Good documentation.','published','2024-05-24 04:02:27','2024-05-24 04:02:27','[\"products\\/5-1.jpg\",\"products\\/10.jpg\",\"products\\/14.jpg\",\"products\\/25-2.jpg\"]'),(550,8,NULL,NULL,3,3.00,'For me the best eCommerce script on Envato at this moment: modern, clean code, a lot of great features. The customer support is great too: I always get an answer within hours!','published','2024-05-24 04:02:27','2024-05-24 04:02:27','[\"products\\/14.jpg\",\"products\\/15-1.jpg\",\"products\\/52.jpg\"]'),(556,3,NULL,NULL,60,1.00,'Good app, good backup service and support. Good documentation.','published','2024-05-24 04:02:27','2024-05-24 04:02:27','[\"products\\/8-2.jpg\",\"products\\/40.jpg\",\"products\\/45-1.jpg\"]'),(557,8,NULL,NULL,63,5.00,'This web app is really good in design, code quality & features. Besides, the customer support provided by the Botble team was really fast & helpful. You guys are awesome!','published','2024-05-24 04:02:27','2024-05-24 04:02:27','[\"products\\/41.jpg\"]'),(558,8,NULL,NULL,65,1.00,'This web app is really good in design, code quality & features. Besides, the customer support provided by the Botble team was really fast & helpful. You guys are awesome!','published','2024-05-24 04:02:27','2024-05-24 04:02:27','[\"products\\/18-2.jpg\",\"products\\/28.jpg\"]'),(561,1,NULL,NULL,53,4.00,'Ok good product. I have some issues in customizations. But its not correct to blame the developer. The product is good. Good luck for your business.','published','2024-05-24 04:02:27','2024-05-24 04:02:27','[\"products\\/15.jpg\",\"products\\/19-1.jpg\",\"products\\/21-2.jpg\"]'),(567,6,NULL,NULL,57,4.00,'It\'s not my first experience here on Codecanyon and I can honestly tell you all that Botble puts a LOT of effort into the support. They answer so fast, they helped me tons of times. REALLY by far THE BEST EXPERIENCE on Codecanyon. Those guys at Botble are so good that they deserve 5 stars. I recommend them, I trust them and I can\'t wait to see what they will sell in a near future. Thank you Botble :)','published','2024-05-24 04:02:27','2024-05-24 04:02:27','[\"products\\/17-2.jpg\",\"products\\/36-1.jpg\",\"products\\/36.jpg\",\"products\\/37-1.jpg\"]'),(568,10,NULL,NULL,34,4.00,'Very enthusiastic support! Excellent code is written. It\'s a true pleasure working with.','published','2024-05-24 04:02:27','2024-05-24 04:02:27','[\"products\\/11-2.jpg\",\"products\\/34-1.jpg\",\"products\\/56.jpg\"]'),(572,7,NULL,NULL,46,3.00,'Solution is too robust for our purpose so we didn\'t use it at the end. But I appreciate customer support during initial configuration.','published','2024-05-24 04:02:27','2024-05-24 04:02:27','[\"products\\/17-2.jpg\",\"products\\/47-1.jpg\"]'),(573,7,NULL,NULL,36,2.00,'Solution is too robust for our purpose so we didn\'t use it at the end. But I appreciate customer support during initial configuration.','published','2024-05-24 04:02:27','2024-05-24 04:02:27','[\"products\\/5.jpg\",\"products\\/28.jpg\",\"products\\/45-1.jpg\"]'),(580,7,NULL,NULL,18,1.00,'This script is well coded and is super fast. The support is pretty quick. Very patient and helpful team. I strongly recommend it and they deserve more than 5 stars.','published','2024-05-24 04:02:27','2024-05-24 04:02:27','[\"products\\/43-1.jpg\",\"products\\/49-2.jpg\",\"products\\/65-1.jpg\"]'),(581,1,NULL,NULL,46,1.00,'Best ecommerce CMS online store!','published','2024-05-24 04:02:27','2024-05-24 04:02:27','[\"products\\/5-2.jpg\",\"products\\/26.jpg\",\"products\\/28-2.jpg\"]'),(582,9,NULL,NULL,34,4.00,'Clean & perfect source code','published','2024-05-24 04:02:27','2024-05-24 04:02:27','[\"products\\/11-1.jpg\",\"products\\/30.jpg\",\"products\\/51.jpg\",\"products\\/55-1.jpg\"]'),(583,5,NULL,NULL,24,5.00,'This script is well coded and is super fast. The support is pretty quick. Very patient and helpful team. I strongly recommend it and they deserve more than 5 stars.','published','2024-05-24 04:02:27','2024-05-24 04:02:27','[\"products\\/58-1.jpg\"]'),(588,2,NULL,NULL,54,1.00,'Great E-commerce system. And much more : Wonderful Customer Support.','published','2024-05-24 04:02:27','2024-05-24 04:02:27','[\"products\\/39.jpg\"]'),(589,6,NULL,NULL,58,1.00,'It\'s not my first experience here on Codecanyon and I can honestly tell you all that Botble puts a LOT of effort into the support. They answer so fast, they helped me tons of times. REALLY by far THE BEST EXPERIENCE on Codecanyon. Those guys at Botble are so good that they deserve 5 stars. I recommend them, I trust them and I can\'t wait to see what they will sell in a near future. Thank you Botble :)','published','2024-05-24 04:02:27','2024-05-24 04:02:27','[\"products\\/16.jpg\",\"products\\/26.jpg\",\"products\\/53-1.jpg\"]'),(590,7,NULL,NULL,45,2.00,'Second or third time that I buy a Botble product, happy with the products and support. You guys do a good job :)','published','2024-05-24 04:02:27','2024-05-24 04:02:27','[\"products\\/11-1.jpg\",\"products\\/15-1.jpg\"]'),(594,8,NULL,NULL,20,1.00,'Clean & perfect source code','published','2024-05-24 04:02:27','2024-05-24 04:02:27','[\"products\\/49.jpg\",\"products\\/62-1.jpg\"]'),(595,3,NULL,NULL,13,2.00,'For me the best eCommerce script on Envato at this moment: modern, clean code, a lot of great features. The customer support is great too: I always get an answer within hours!','published','2024-05-24 04:02:27','2024-05-24 04:02:27','[\"products\\/8-1.jpg\",\"products\\/53.jpg\"]'),(596,9,NULL,NULL,10,1.00,'The best ecommerce CMS! Excellent coding! best support service! Thank you so much..... I really like your hard work.','published','2024-05-24 04:02:27','2024-05-24 04:02:27','[\"products\\/2-3.jpg\",\"products\\/23.jpg\",\"products\\/25.jpg\",\"products\\/65.jpg\"]'),(597,10,NULL,NULL,51,3.00,'Ok good product. I have some issues in customizations. But its not correct to blame the developer. The product is good. Good luck for your business.','published','2024-05-24 04:02:27','2024-05-24 04:02:27','[\"products\\/8-3.jpg\"]'),(600,5,NULL,NULL,60,1.00,'Clean & perfect source code','published','2024-05-24 04:02:27','2024-05-24 04:02:27','[\"products\\/31.jpg\"]'),(601,8,NULL,NULL,46,5.00,'Very enthusiastic support! Excellent code is written. It\'s a true pleasure working with.','published','2024-05-24 04:02:27','2024-05-24 04:02:27','[\"products\\/4-1.jpg\",\"products\\/9-1.jpg\",\"products\\/52-2.jpg\",\"products\\/60.jpg\"]'),(602,10,NULL,NULL,14,1.00,'Ok good product. I have some issues in customizations. But its not correct to blame the developer. The product is good. Good luck for your business.','published','2024-05-24 04:02:27','2024-05-24 04:02:27','[\"products\\/32.jpg\",\"products\\/39-2.jpg\"]'),(604,9,NULL,NULL,41,1.00,'I Love this Script. I also found how to add other fees. Now I just wait the BIG update for the Marketplace with the Bulk Import. Just do not forget to make it to be Multi-language for us the Botble Fans.','published','2024-05-24 04:02:27','2024-05-24 04:02:27','[\"products\\/9-1.jpg\",\"products\\/32-2.jpg\",\"products\\/43.jpg\",\"products\\/55.jpg\"]'),(606,4,NULL,NULL,27,3.00,'This script is well coded and is super fast. The support is pretty quick. Very patient and helpful team. I strongly recommend it and they deserve more than 5 stars.','published','2024-05-24 04:02:27','2024-05-24 04:02:27','[\"products\\/10.jpg\",\"products\\/28-2.jpg\",\"products\\/44-2.jpg\"]'),(607,5,NULL,NULL,65,2.00,'Perfect +++++++++ i love it really also i get to fast ticket answers... Thanks Lot BOTBLE Teams','published','2024-05-24 04:02:27','2024-05-24 04:02:27','[\"products\\/41-1.jpg\",\"products\\/47.jpg\",\"products\\/49.jpg\",\"products\\/61.jpg\"]'),(609,6,NULL,NULL,9,1.00,'Customer Support are grade (A*), however the code is a way too over engineered for it\'s purpose.','published','2024-05-24 04:02:27','2024-05-24 04:02:27','[\"products\\/10.jpg\",\"products\\/59.jpg\"]'),(610,10,NULL,NULL,65,2.00,'This script is well coded and is super fast. The support is pretty quick. Very patient and helpful team. I strongly recommend it and they deserve more than 5 stars.','published','2024-05-24 04:02:27','2024-05-24 04:02:27','[\"products\\/31.jpg\",\"products\\/41.jpg\",\"products\\/42-2.jpg\"]'),(615,2,NULL,NULL,63,1.00,'Clean & perfect source code','published','2024-05-24 04:02:27','2024-05-24 04:02:27','[\"products\\/25-2.jpg\",\"products\\/38-3.jpg\"]'),(617,5,NULL,NULL,2,5.00,'As a developer I reviewed this script. This is really awesome ecommerce script. I have convinced when I noticed that it\'s built on fully WordPress concept.','published','2024-05-24 04:02:27','2024-05-24 04:02:27','[\"products\\/38-1.jpg\",\"products\\/48-1.jpg\",\"products\\/64.jpg\"]'),(619,4,NULL,NULL,14,5.00,'Perfect +++++++++ i love it really also i get to fast ticket answers... Thanks Lot BOTBLE Teams','published','2024-05-24 04:02:27','2024-05-24 04:02:27','[\"products\\/18-2.jpg\",\"products\\/37.jpg\",\"products\\/39-1.jpg\",\"products\\/43-1.jpg\"]'),(620,8,NULL,NULL,58,4.00,'These guys are amazing! Responses immediately, amazing support and help... I immediately feel at ease after Purchasing..','published','2024-05-24 04:02:27','2024-05-24 04:02:27','[\"products\\/37-2.jpg\",\"products\\/52-2.jpg\",\"products\\/65.jpg\"]'),(624,2,NULL,NULL,8,2.00,'Clean & perfect source code','published','2024-05-24 04:02:27','2024-05-24 04:02:27','[\"products\\/1.jpg\",\"products\\/59-2.jpg\"]'),(626,8,NULL,NULL,22,3.00,'Solution is too robust for our purpose so we didn\'t use it at the end. But I appreciate customer support during initial configuration.','published','2024-05-24 04:02:27','2024-05-24 04:02:27','[\"products\\/36-1.jpg\"]'),(637,3,NULL,NULL,30,3.00,'Ok good product. I have some issues in customizations. But its not correct to blame the developer. The product is good. Good luck for your business.','published','2024-05-24 04:02:27','2024-05-24 04:02:27','[\"products\\/21.jpg\",\"products\\/30-1.jpg\",\"products\\/58.jpg\"]'),(641,7,NULL,NULL,58,2.00,'Perfect +++++++++ i love it really also i get to fast ticket answers... Thanks Lot BOTBLE Teams','published','2024-05-24 04:02:27','2024-05-24 04:02:27','[\"products\\/29-2.jpg\",\"products\\/39.jpg\"]'),(644,5,NULL,NULL,40,2.00,'The code is good, in general, if you like it, can you give it 5 stars?','published','2024-05-24 04:02:27','2024-05-24 04:02:27','[\"products\\/21-2.jpg\",\"products\\/27-1.jpg\",\"products\\/51.jpg\"]'),(648,10,NULL,NULL,11,2.00,'The best store template! Excellent coding! Very good support! Thank you so much for all the help, I really appreciated.','published','2024-05-24 04:02:27','2024-05-24 04:02:27','[\"products\\/19-3.jpg\",\"products\\/30-1.jpg\",\"products\\/61-1.jpg\"]'),(651,5,NULL,NULL,3,5.00,'The best ecommerce CMS! Excellent coding! best support service! Thank you so much..... I really like your hard work.','published','2024-05-24 04:02:27','2024-05-24 04:02:27','[\"products\\/20.jpg\"]'),(654,1,NULL,NULL,40,1.00,'This web app is really good in design, code quality & features. Besides, the customer support provided by the Botble team was really fast & helpful. You guys are awesome!','published','2024-05-24 04:02:27','2024-05-24 04:02:27','[\"products\\/52-1.jpg\"]'),(657,7,NULL,NULL,23,1.00,'The best store template! Excellent coding! Very good support! Thank you so much for all the help, I really appreciated.','published','2024-05-24 04:02:27','2024-05-24 04:02:27','[\"products\\/21.jpg\"]'),(658,1,NULL,NULL,24,2.00,'As a developer I reviewed this script. This is really awesome ecommerce script. I have convinced when I noticed that it\'s built on fully WordPress concept.','published','2024-05-24 04:02:27','2024-05-24 04:02:27','[\"products\\/29.jpg\",\"products\\/33-1.jpg\",\"products\\/50.jpg\"]'),(659,2,NULL,NULL,17,3.00,'For me the best eCommerce script on Envato at this moment: modern, clean code, a lot of great features. The customer support is great too: I always get an answer within hours!','published','2024-05-24 04:02:27','2024-05-24 04:02:27','[\"products\\/34-1.jpg\",\"products\\/57-1.jpg\",\"products\\/57.jpg\"]'),(665,2,NULL,NULL,45,5.00,'Ok good product. I have some issues in customizations. But its not correct to blame the developer. The product is good. Good luck for your business.','published','2024-05-24 04:02:27','2024-05-24 04:02:27','[\"products\\/23-3.jpg\",\"products\\/24.jpg\",\"products\\/38.jpg\",\"products\\/55-1.jpg\"]'),(672,6,NULL,NULL,16,4.00,'Ok good product. I have some issues in customizations. But its not correct to blame the developer. The product is good. Good luck for your business.','published','2024-05-24 04:02:27','2024-05-24 04:02:27','[\"products\\/3.jpg\",\"products\\/33-2.jpg\"]'),(674,9,NULL,NULL,12,2.00,'Ok good product. I have some issues in customizations. But its not correct to blame the developer. The product is good. Good luck for your business.','published','2024-05-24 04:02:27','2024-05-24 04:02:27','[\"products\\/17.jpg\",\"products\\/48-1.jpg\"]'),(675,8,NULL,NULL,47,1.00,'The code is good, in general, if you like it, can you give it 5 stars?','published','2024-05-24 04:02:27','2024-05-24 04:02:27','[\"products\\/2-3.jpg\",\"products\\/20-2.jpg\",\"products\\/42-1.jpg\",\"products\\/56.jpg\"]'),(677,10,NULL,NULL,63,3.00,'The code is good, in general, if you like it, can you give it 5 stars?','published','2024-05-24 04:02:27','2024-05-24 04:02:27','[\"products\\/5.jpg\",\"products\\/34.jpg\",\"products\\/55.jpg\",\"products\\/63-1.jpg\"]'),(682,6,NULL,NULL,22,1.00,'The best store template! Excellent coding! Very good support! Thank you so much for all the help, I really appreciated.','published','2024-05-24 04:02:27','2024-05-24 04:02:27','[\"products\\/33-2.jpg\",\"products\\/37.jpg\",\"products\\/41-1.jpg\"]'),(683,3,NULL,NULL,56,2.00,'The best ecommerce CMS! Excellent coding! best support service! Thank you so much..... I really like your hard work.','published','2024-05-24 04:02:27','2024-05-24 04:02:27','[\"products\\/59-2.jpg\"]'),(685,6,NULL,NULL,49,2.00,'The best ecommerce CMS! Excellent coding! best support service! Thank you so much..... I really like your hard work.','published','2024-05-24 04:02:27','2024-05-24 04:02:27','[\"products\\/37-2.jpg\",\"products\\/44.jpg\",\"products\\/54-1.jpg\",\"products\\/55.jpg\"]'),(689,2,NULL,NULL,23,1.00,'Customer Support are grade (A*), however the code is a way too over engineered for it\'s purpose.','published','2024-05-24 04:02:27','2024-05-24 04:02:27','[\"products\\/21.jpg\"]'),(696,3,NULL,NULL,7,5.00,'Perfect +++++++++ i love it really also i get to fast ticket answers... Thanks Lot BOTBLE Teams','published','2024-05-24 04:02:27','2024-05-24 04:02:27','[\"products\\/6.jpg\",\"products\\/60.jpg\"]'),(700,9,NULL,NULL,15,3.00,'Clean & perfect source code','published','2024-05-24 04:02:27','2024-05-24 04:02:27','[\"products\\/13-1.jpg\",\"products\\/26.jpg\",\"products\\/42-1.jpg\",\"products\\/61-1.jpg\"]'),(701,2,NULL,NULL,30,1.00,'Very enthusiastic support! Excellent code is written. It\'s a true pleasure working with.','published','2024-05-24 04:02:27','2024-05-24 04:02:27','[\"products\\/19-3.jpg\",\"products\\/23-1.jpg\"]'),(705,5,NULL,NULL,39,3.00,'For me the best eCommerce script on Envato at this moment: modern, clean code, a lot of great features. The customer support is great too: I always get an answer within hours!','published','2024-05-24 04:02:27','2024-05-24 04:02:27','[\"products\\/4-2.jpg\",\"products\\/10-1.jpg\",\"products\\/22-2.jpg\",\"products\\/33-2.jpg\"]'),(708,10,NULL,NULL,47,3.00,'The best ecommerce CMS! Excellent coding! best support service! Thank you so much..... I really like your hard work.','published','2024-05-24 04:02:27','2024-05-24 04:02:27','[\"products\\/2.jpg\",\"products\\/55-1.jpg\"]'),(713,3,NULL,NULL,17,1.00,'The best ecommerce CMS! Excellent coding! best support service! Thank you so much..... I really like your hard work.','published','2024-05-24 04:02:27','2024-05-24 04:02:27','[\"products\\/11-1.jpg\",\"products\\/22-3.jpg\",\"products\\/59-1.jpg\"]'),(716,4,NULL,NULL,13,3.00,'Very enthusiastic support! Excellent code is written. It\'s a true pleasure working with.','published','2024-05-24 04:02:27','2024-05-24 04:02:27','[\"products\\/10.jpg\",\"products\\/11-1.jpg\",\"products\\/11.jpg\",\"products\\/12.jpg\"]'),(718,8,NULL,NULL,17,3.00,'The best ecommerce CMS! Excellent coding! best support service! Thank you so much..... I really like your hard work.','published','2024-05-24 04:02:27','2024-05-24 04:02:27','[\"products\\/2-1.jpg\",\"products\\/10.jpg\",\"products\\/17-3.jpg\",\"products\\/24.jpg\"]'),(719,2,NULL,NULL,39,5.00,'This script is well coded and is super fast. The support is pretty quick. Very patient and helpful team. I strongly recommend it and they deserve more than 5 stars.','published','2024-05-24 04:02:27','2024-05-24 04:02:27','[\"products\\/11-2.jpg\",\"products\\/23-1.jpg\",\"products\\/45-1.jpg\",\"products\\/65-1.jpg\"]'),(724,9,NULL,NULL,14,5.00,'Those guys now what they are doing, the release such a good product that it\'s a pleasure to work with ! Even when I was stuck on the project, I created a ticket and the next day it was replied by the team. GOOD JOB guys. I love working with them :)','published','2024-05-24 04:02:27','2024-05-24 04:02:27','[\"products\\/17-2.jpg\",\"products\\/19-1.jpg\",\"products\\/46.jpg\",\"products\\/59-2.jpg\"]'),(734,1,NULL,NULL,34,1.00,'Second or third time that I buy a Botble product, happy with the products and support. You guys do a good job :)','published','2024-05-24 04:02:27','2024-05-24 04:02:27','[\"products\\/41-2.jpg\"]'),(737,9,NULL,NULL,23,3.00,'Those guys now what they are doing, the release such a good product that it\'s a pleasure to work with ! Even when I was stuck on the project, I created a ticket and the next day it was replied by the team. GOOD JOB guys. I love working with them :)','published','2024-05-24 04:02:27','2024-05-24 04:02:27','[\"products\\/24-2.jpg\",\"products\\/39-1.jpg\"]'),(741,9,NULL,NULL,39,5.00,'Second or third time that I buy a Botble product, happy with the products and support. You guys do a good job :)','published','2024-05-24 04:02:27','2024-05-24 04:02:27','[\"products\\/8-2.jpg\",\"products\\/22-1.jpg\",\"products\\/25-1.jpg\"]'),(743,1,NULL,NULL,45,4.00,'Perfect +++++++++ i love it really also i get to fast ticket answers... Thanks Lot BOTBLE Teams','published','2024-05-24 04:02:27','2024-05-24 04:02:27','[\"products\\/23-2.jpg\",\"products\\/31-1.jpg\",\"products\\/38.jpg\",\"products\\/55.jpg\"]'),(744,3,NULL,NULL,43,2.00,'The best ecommerce CMS! Excellent coding! best support service! Thank you so much..... I really like your hard work.','published','2024-05-24 04:02:27','2024-05-24 04:02:27','[\"products\\/35.jpg\"]'),(745,4,NULL,NULL,38,4.00,'These guys are amazing! Responses immediately, amazing support and help... I immediately feel at ease after Purchasing..','published','2024-05-24 04:02:27','2024-05-24 04:02:27','[\"products\\/17-3.jpg\"]'),(747,9,NULL,NULL,62,4.00,'The code is good, in general, if you like it, can you give it 5 stars?','published','2024-05-24 04:02:27','2024-05-24 04:02:27','[\"products\\/1.jpg\",\"products\\/26-1.jpg\",\"products\\/38-3.jpg\",\"products\\/63-1.jpg\"]'),(751,10,NULL,NULL,46,2.00,'The code is good, in general, if you like it, can you give it 5 stars?','published','2024-05-24 04:02:27','2024-05-24 04:02:27','[\"products\\/14.jpg\",\"products\\/33-1.jpg\",\"products\\/40-1.jpg\",\"products\\/59.jpg\"]'),(757,10,NULL,NULL,43,4.00,'For me the best eCommerce script on Envato at this moment: modern, clean code, a lot of great features. The customer support is great too: I always get an answer within hours!','published','2024-05-24 04:02:27','2024-05-24 04:02:27','[\"products\\/19-3.jpg\",\"products\\/41-2.jpg\",\"products\\/43-2.jpg\",\"products\\/48.jpg\"]'),(758,10,NULL,NULL,54,5.00,'This web app is really good in design, code quality & features. Besides, the customer support provided by the Botble team was really fast & helpful. You guys are awesome!','published','2024-05-24 04:02:27','2024-05-24 04:02:27','[\"products\\/18.jpg\",\"products\\/57-1.jpg\",\"products\\/65-1.jpg\"]'),(760,6,NULL,NULL,42,2.00,'Second or third time that I buy a Botble product, happy with the products and support. You guys do a good job :)','published','2024-05-24 04:02:27','2024-05-24 04:02:27','[\"products\\/59.jpg\"]'),(763,5,NULL,NULL,37,4.00,'The code is good, in general, if you like it, can you give it 5 stars?','published','2024-05-24 04:02:27','2024-05-24 04:02:27','[\"products\\/20-1.jpg\"]'),(764,5,NULL,NULL,25,4.00,'Great E-commerce system. And much more : Wonderful Customer Support.','published','2024-05-24 04:02:27','2024-05-24 04:02:27','[\"products\\/17.jpg\"]'),(768,10,NULL,NULL,59,3.00,'Ok good product. I have some issues in customizations. But its not correct to blame the developer. The product is good. Good luck for your business.','published','2024-05-24 04:02:27','2024-05-24 04:02:27','[\"products\\/20-1.jpg\",\"products\\/29-1.jpg\",\"products\\/30-1.jpg\",\"products\\/31.jpg\"]'),(774,9,NULL,NULL,53,1.00,'For me the best eCommerce script on Envato at this moment: modern, clean code, a lot of great features. The customer support is great too: I always get an answer within hours!','published','2024-05-24 04:02:27','2024-05-24 04:02:27','[\"products\\/15-1.jpg\",\"products\\/18-2.jpg\",\"products\\/30.jpg\",\"products\\/59.jpg\"]'),(775,1,NULL,NULL,3,5.00,'It\'s not my first experience here on Codecanyon and I can honestly tell you all that Botble puts a LOT of effort into the support. They answer so fast, they helped me tons of times. REALLY by far THE BEST EXPERIENCE on Codecanyon. Those guys at Botble are so good that they deserve 5 stars. I recommend them, I trust them and I can\'t wait to see what they will sell in a near future. Thank you Botble :)','published','2024-05-24 04:02:27','2024-05-24 04:02:27','[\"products\\/62-1.jpg\",\"products\\/63-1.jpg\"]'),(776,8,NULL,NULL,13,1.00,'Solution is too robust for our purpose so we didn\'t use it at the end. But I appreciate customer support during initial configuration.','published','2024-05-24 04:02:27','2024-05-24 04:02:27','[\"products\\/6.jpg\",\"products\\/17-2.jpg\"]'),(781,2,NULL,NULL,5,2.00,'These guys are amazing! Responses immediately, amazing support and help... I immediately feel at ease after Purchasing..','published','2024-05-24 04:02:27','2024-05-24 04:02:27','[\"products\\/5-2.jpg\",\"products\\/21-2.jpg\",\"products\\/29.jpg\",\"products\\/59-2.jpg\"]'),(783,3,NULL,NULL,22,4.00,'Great E-commerce system. And much more : Wonderful Customer Support.','published','2024-05-24 04:02:27','2024-05-24 04:02:27','[\"products\\/27.jpg\",\"products\\/38-2.jpg\"]'),(784,4,NULL,NULL,51,4.00,'These guys are amazing! Responses immediately, amazing support and help... I immediately feel at ease after Purchasing..','published','2024-05-24 04:02:27','2024-05-24 04:02:27','[\"products\\/26-1.jpg\",\"products\\/51.jpg\"]'),(794,6,NULL,NULL,21,5.00,'Perfect +++++++++ i love it really also i get to fast ticket answers... Thanks Lot BOTBLE Teams','published','2024-05-24 04:02:27','2024-05-24 04:02:27','[\"products\\/18.jpg\",\"products\\/25.jpg\",\"products\\/50.jpg\"]'),(796,2,NULL,NULL,7,3.00,'Good app, good backup service and support. Good documentation.','published','2024-05-24 04:02:27','2024-05-24 04:02:27','[\"products\\/4-1.jpg\",\"products\\/18.jpg\"]'),(797,3,NULL,NULL,44,1.00,'Perfect +++++++++ i love it really also i get to fast ticket answers... Thanks Lot BOTBLE Teams','published','2024-05-24 04:02:27','2024-05-24 04:02:27','[\"products\\/24-2.jpg\",\"products\\/33.jpg\",\"products\\/42-1.jpg\"]'),(798,2,NULL,NULL,62,1.00,'Second or third time that I buy a Botble product, happy with the products and support. You guys do a good job :)','published','2024-05-24 04:02:27','2024-05-24 04:02:27','[\"products\\/5-1.jpg\"]'),(800,4,NULL,NULL,41,5.00,'The script is the best of its class, fast, easy to implement and work with , and the most important thing is the great support team , Recommend with no doubt.','published','2024-05-24 04:02:27','2024-05-24 04:02:27','[\"products\\/30.jpg\",\"products\\/36-2.jpg\",\"products\\/39.jpg\"]'),(804,6,NULL,NULL,24,3.00,'The script is the best of its class, fast, easy to implement and work with , and the most important thing is the great support team , Recommend with no doubt.','published','2024-05-24 04:02:27','2024-05-24 04:02:27','[\"products\\/29-1.jpg\",\"products\\/54.jpg\",\"products\\/62-1.jpg\"]'),(807,3,NULL,NULL,24,4.00,'It\'s not my first experience here on Codecanyon and I can honestly tell you all that Botble puts a LOT of effort into the support. They answer so fast, they helped me tons of times. REALLY by far THE BEST EXPERIENCE on Codecanyon. Those guys at Botble are so good that they deserve 5 stars. I recommend them, I trust them and I can\'t wait to see what they will sell in a near future. Thank you Botble :)','published','2024-05-24 04:02:27','2024-05-24 04:02:27','[\"products\\/17-1.jpg\",\"products\\/17-2.jpg\",\"products\\/23-1.jpg\"]'),(808,10,NULL,NULL,49,5.00,'Second or third time that I buy a Botble product, happy with the products and support. You guys do a good job :)','published','2024-05-24 04:02:27','2024-05-24 04:02:27','[\"products\\/24-1.jpg\",\"products\\/34.jpg\"]'),(810,2,NULL,NULL,46,2.00,'Those guys now what they are doing, the release such a good product that it\'s a pleasure to work with ! Even when I was stuck on the project, I created a ticket and the next day it was replied by the team. GOOD JOB guys. I love working with them :)','published','2024-05-24 04:02:27','2024-05-24 04:02:27','[\"products\\/12-1.jpg\",\"products\\/65-2.jpg\"]'),(820,6,NULL,NULL,8,3.00,'These guys are amazing! Responses immediately, amazing support and help... I immediately feel at ease after Purchasing..','published','2024-05-24 04:02:27','2024-05-24 04:02:27','[\"products\\/11.jpg\",\"products\\/20-2.jpg\",\"products\\/39-2.jpg\",\"products\\/60-1.jpg\"]'),(822,1,NULL,NULL,48,1.00,'Amazing code, amazing support. Overall, im really confident in Botble and im happy I made the right choice! Thank you so much guys for coding this masterpiece','published','2024-05-24 04:02:27','2024-05-24 04:02:27','[\"products\\/1.jpg\",\"products\\/3.jpg\",\"products\\/49.jpg\"]'),(828,8,NULL,NULL,8,2.00,'This web app is really good in design, code quality & features. Besides, the customer support provided by the Botble team was really fast & helpful. You guys are awesome!','published','2024-05-24 04:02:27','2024-05-24 04:02:27','[\"products\\/7.jpg\"]'),(836,2,NULL,NULL,43,2.00,'These guys are amazing! Responses immediately, amazing support and help... I immediately feel at ease after Purchasing..','published','2024-05-24 04:02:27','2024-05-24 04:02:27','[\"products\\/21-2.jpg\",\"products\\/23-1.jpg\",\"products\\/62-1.jpg\"]'),(837,7,NULL,NULL,21,5.00,'Perfect +++++++++ i love it really also i get to fast ticket answers... Thanks Lot BOTBLE Teams','published','2024-05-24 04:02:27','2024-05-24 04:02:27','[\"products\\/50-1.jpg\",\"products\\/54-1.jpg\"]'),(839,7,NULL,NULL,52,2.00,'Amazing code, amazing support. Overall, im really confident in Botble and im happy I made the right choice! Thank you so much guys for coding this masterpiece','published','2024-05-24 04:02:27','2024-05-24 04:02:27','[\"products\\/44-2.jpg\"]'),(840,9,NULL,NULL,22,1.00,'Those guys now what they are doing, the release such a good product that it\'s a pleasure to work with ! Even when I was stuck on the project, I created a ticket and the next day it was replied by the team. GOOD JOB guys. I love working with them :)','published','2024-05-24 04:02:27','2024-05-24 04:02:27','[\"products\\/9.jpg\",\"products\\/15-1.jpg\",\"products\\/32-2.jpg\",\"products\\/39-2.jpg\"]'),(841,3,NULL,NULL,61,1.00,'Best ecommerce CMS online store!','published','2024-05-24 04:02:27','2024-05-24 04:02:27','[\"products\\/13-1.jpg\",\"products\\/17-3.jpg\"]'),(845,6,NULL,NULL,32,5.00,'Solution is too robust for our purpose so we didn\'t use it at the end. But I appreciate customer support during initial configuration.','published','2024-05-24 04:02:27','2024-05-24 04:02:27','[\"products\\/6.jpg\",\"products\\/9-1.jpg\",\"products\\/39-1.jpg\"]'),(849,2,NULL,NULL,19,5.00,'I Love this Script. I also found how to add other fees. Now I just wait the BIG update for the Marketplace with the Bulk Import. Just do not forget to make it to be Multi-language for us the Botble Fans.','published','2024-05-24 04:02:27','2024-05-24 04:02:27','[\"products\\/12-1.jpg\"]'),(850,8,NULL,NULL,57,3.00,'This web app is really good in design, code quality & features. Besides, the customer support provided by the Botble team was really fast & helpful. You guys are awesome!','published','2024-05-24 04:02:27','2024-05-24 04:02:27','[\"products\\/38-2.jpg\",\"products\\/42-1.jpg\",\"products\\/45.jpg\"]'),(851,1,NULL,NULL,14,4.00,'Those guys now what they are doing, the release such a good product that it\'s a pleasure to work with ! Even when I was stuck on the project, I created a ticket and the next day it was replied by the team. GOOD JOB guys. I love working with them :)','published','2024-05-24 04:02:27','2024-05-24 04:02:27','[\"products\\/1.jpg\",\"products\\/55-2.jpg\"]'),(853,2,NULL,NULL,18,2.00,'Ok good product. I have some issues in customizations. But its not correct to blame the developer. The product is good. Good luck for your business.','published','2024-05-24 04:02:27','2024-05-24 04:02:27','[\"products\\/10.jpg\",\"products\\/11.jpg\",\"products\\/48-2.jpg\"]'),(856,10,NULL,NULL,3,4.00,'The script is the best of its class, fast, easy to implement and work with , and the most important thing is the great support team , Recommend with no doubt.','published','2024-05-24 04:02:27','2024-05-24 04:02:27','[\"products\\/11.jpg\",\"products\\/20-1.jpg\",\"products\\/33-1.jpg\",\"products\\/45-1.jpg\"]'),(857,5,NULL,NULL,64,5.00,'Great E-commerce system. And much more : Wonderful Customer Support.','published','2024-05-24 04:02:27','2024-05-24 04:02:27','[\"products\\/30-2.jpg\"]'),(858,7,NULL,NULL,24,5.00,'I Love this Script. I also found how to add other fees. Now I just wait the BIG update for the Marketplace with the Bulk Import. Just do not forget to make it to be Multi-language for us the Botble Fans.','published','2024-05-24 04:02:27','2024-05-24 04:02:27','[\"products\\/27-1.jpg\",\"products\\/36-2.jpg\",\"products\\/56-1.jpg\",\"products\\/57-1.jpg\"]'),(861,3,NULL,NULL,62,4.00,'Cool template. Excellent code quality. The support responds very quickly, which is very rare on themeforest and codecanyon.net, I buy a lot of templates, and everyone will have a response from technical support for two or three days. Thanks to tech support. I recommend to buy.','published','2024-05-24 04:02:27','2024-05-24 04:02:27','[\"products\\/41-1.jpg\",\"products\\/42-1.jpg\",\"products\\/47.jpg\"]'),(863,6,NULL,NULL,37,5.00,'Great system, great support, good job Botble. I\'m looking forward to more great functional plugins.','published','2024-05-24 04:02:27','2024-05-24 04:02:27','[\"products\\/8.jpg\",\"products\\/52-1.jpg\"]'),(865,10,NULL,NULL,29,3.00,'Amazing code, amazing support. Overall, im really confident in Botble and im happy I made the right choice! Thank you so much guys for coding this masterpiece','published','2024-05-24 04:02:27','2024-05-24 04:02:27','[\"products\\/12.jpg\",\"products\\/17-3.jpg\",\"products\\/36.jpg\",\"products\\/43.jpg\"]'),(869,7,NULL,NULL,22,5.00,'Great E-commerce system. And much more : Wonderful Customer Support.','published','2024-05-24 04:02:27','2024-05-24 04:02:27','[\"products\\/25-1.jpg\",\"products\\/56-2.jpg\"]'),(872,5,NULL,NULL,53,5.00,'The code is good, in general, if you like it, can you give it 5 stars?','published','2024-05-24 04:02:27','2024-05-24 04:02:27','[\"products\\/8-1.jpg\",\"products\\/12.jpg\",\"products\\/29.jpg\",\"products\\/50-1.jpg\"]'),(873,1,NULL,NULL,31,3.00,'Best ecommerce CMS online store!','published','2024-05-24 04:02:27','2024-05-24 04:02:27','[\"products\\/36-2.jpg\",\"products\\/42-1.jpg\",\"products\\/49.jpg\"]'),(877,6,NULL,NULL,45,3.00,'The code is good, in general, if you like it, can you give it 5 stars?','published','2024-05-24 04:02:27','2024-05-24 04:02:27','[\"products\\/15.jpg\",\"products\\/47-1.jpg\"]'),(879,6,NULL,NULL,29,5.00,'Amazing code, amazing support. Overall, im really confident in Botble and im happy I made the right choice! Thank you so much guys for coding this masterpiece','published','2024-05-24 04:02:27','2024-05-24 04:02:27','[\"products\\/35-1.jpg\"]'),(882,4,NULL,NULL,10,3.00,'Ok good product. I have some issues in customizations. But its not correct to blame the developer. The product is good. Good luck for your business.','published','2024-05-24 04:02:27','2024-05-24 04:02:27','[\"products\\/50-1.jpg\"]'),(886,7,NULL,NULL,65,2.00,'The best store template! Excellent coding! Very good support! Thank you so much for all the help, I really appreciated.','published','2024-05-24 04:02:27','2024-05-24 04:02:27','[\"products\\/2-2.jpg\",\"products\\/38-3.jpg\",\"products\\/59-3.jpg\"]'),(890,4,NULL,NULL,7,1.00,'Good app, good backup service and support. Good documentation.','published','2024-05-24 04:02:27','2024-05-24 04:02:27','[\"products\\/17-2.jpg\",\"products\\/65-1.jpg\"]'),(892,4,NULL,NULL,45,1.00,'Clean & perfect source code','published','2024-05-24 04:02:27','2024-05-24 04:02:27','[\"products\\/3.jpg\",\"products\\/18-2.jpg\",\"products\\/29-1.jpg\",\"products\\/54.jpg\"]'),(894,10,NULL,NULL,58,1.00,'I Love this Script. I also found how to add other fees. Now I just wait the BIG update for the Marketplace with the Bulk Import. Just do not forget to make it to be Multi-language for us the Botble Fans.','published','2024-05-24 04:02:27','2024-05-24 04:02:27','[\"products\\/12.jpg\",\"products\\/20.jpg\",\"products\\/23-3.jpg\",\"products\\/29-1.jpg\"]'),(895,5,NULL,NULL,8,5.00,'The script is the best of its class, fast, easy to implement and work with , and the most important thing is the great support team , Recommend with no doubt.','published','2024-05-24 04:02:27','2024-05-24 04:02:27','[\"products\\/22-1.jpg\",\"products\\/22-2.jpg\",\"products\\/25-1.jpg\"]'),(897,9,NULL,NULL,46,1.00,'Cool template. Excellent code quality. The support responds very quickly, which is very rare on themeforest and codecanyon.net, I buy a lot of templates, and everyone will have a response from technical support for two or three days. Thanks to tech support. I recommend to buy.','published','2024-05-24 04:02:27','2024-05-24 04:02:27','[\"products\\/21-2.jpg\",\"products\\/62-1.jpg\",\"products\\/65-2.jpg\"]'),(898,9,NULL,NULL,40,3.00,'Ok good product. I have some issues in customizations. But its not correct to blame the developer. The product is good. Good luck for your business.','published','2024-05-24 04:02:27','2024-05-24 04:02:27','[\"products\\/22-1.jpg\"]'),(902,4,NULL,NULL,4,2.00,'Clean & perfect source code','published','2024-05-24 04:02:27','2024-05-24 04:02:27','[\"products\\/6.jpg\",\"products\\/7.jpg\",\"products\\/23-2.jpg\",\"products\\/36.jpg\"]'),(903,6,NULL,NULL,56,5.00,'The best ecommerce CMS! Excellent coding! best support service! Thank you so much..... I really like your hard work.','published','2024-05-24 04:02:27','2024-05-24 04:02:27','[\"products\\/21.jpg\",\"products\\/29-2.jpg\",\"products\\/55.jpg\",\"products\\/57.jpg\"]'),(907,4,NULL,NULL,36,2.00,'Solution is too robust for our purpose so we didn\'t use it at the end. But I appreciate customer support during initial configuration.','published','2024-05-24 04:02:27','2024-05-24 04:02:27','[\"products\\/9.jpg\",\"products\\/12.jpg\",\"products\\/59-2.jpg\",\"products\\/63-1.jpg\"]'),(912,7,NULL,NULL,37,4.00,'Amazing code, amazing support. Overall, im really confident in Botble and im happy I made the right choice! Thank you so much guys for coding this masterpiece','published','2024-05-24 04:02:27','2024-05-24 04:02:27','[\"products\\/11.jpg\",\"products\\/44-1.jpg\",\"products\\/45-1.jpg\"]'),(913,4,NULL,NULL,28,1.00,'The best ecommerce CMS! Excellent coding! best support service! Thank you so much..... I really like your hard work.','published','2024-05-24 04:02:27','2024-05-24 04:02:27','[\"products\\/2-1.jpg\",\"products\\/65-1.jpg\"]'),(919,3,NULL,NULL,48,5.00,'These guys are amazing! Responses immediately, amazing support and help... I immediately feel at ease after Purchasing..','published','2024-05-24 04:02:27','2024-05-24 04:02:27','[\"products\\/44.jpg\"]'),(931,1,NULL,NULL,16,5.00,'It\'s not my first experience here on Codecanyon and I can honestly tell you all that Botble puts a LOT of effort into the support. They answer so fast, they helped me tons of times. REALLY by far THE BEST EXPERIENCE on Codecanyon. Those guys at Botble are so good that they deserve 5 stars. I recommend them, I trust them and I can\'t wait to see what they will sell in a near future. Thank you Botble :)','published','2024-05-24 04:02:27','2024-05-24 04:02:27','[\"products\\/17-3.jpg\",\"products\\/36.jpg\",\"products\\/44-2.jpg\"]'),(932,6,NULL,NULL,33,1.00,'Very enthusiastic support! Excellent code is written. It\'s a true pleasure working with.','published','2024-05-24 04:02:27','2024-05-24 04:02:27','[\"products\\/24.jpg\"]'),(933,8,NULL,NULL,16,4.00,'Customer Support are grade (A*), however the code is a way too over engineered for it\'s purpose.','published','2024-05-24 04:02:27','2024-05-24 04:02:27','[\"products\\/41-2.jpg\"]'),(934,10,NULL,NULL,30,3.00,'Solution is too robust for our purpose so we didn\'t use it at the end. But I appreciate customer support during initial configuration.','published','2024-05-24 04:02:27','2024-05-24 04:02:27','[\"products\\/5-3.jpg\",\"products\\/46.jpg\",\"products\\/47-1.jpg\"]'),(935,4,NULL,NULL,48,4.00,'Amazing code, amazing support. Overall, im really confident in Botble and im happy I made the right choice! Thank you so much guys for coding this masterpiece','published','2024-05-24 04:02:27','2024-05-24 04:02:27','[\"products\\/21-2.jpg\",\"products\\/38-2.jpg\",\"products\\/61.jpg\"]'),(938,6,NULL,NULL,18,1.00,'This web app is really good in design, code quality & features. Besides, the customer support provided by the Botble team was really fast & helpful. You guys are awesome!','published','2024-05-24 04:02:27','2024-05-24 04:02:27','[\"products\\/3.jpg\",\"products\\/19.jpg\",\"products\\/57-1.jpg\",\"products\\/58-2.jpg\"]'),(941,5,NULL,NULL,12,3.00,'Clean & perfect source code','published','2024-05-24 04:02:27','2024-05-24 04:02:27','[\"products\\/15-1.jpg\",\"products\\/47.jpg\",\"products\\/54-1.jpg\",\"products\\/59.jpg\"]'),(942,9,NULL,NULL,20,5.00,'Very enthusiastic support! Excellent code is written. It\'s a true pleasure working with.','published','2024-05-24 04:02:27','2024-05-24 04:02:27','[\"products\\/20-3.jpg\",\"products\\/36-2.jpg\",\"products\\/38-1.jpg\",\"products\\/48-2.jpg\"]'),(945,10,NULL,NULL,60,1.00,'The best ecommerce CMS! Excellent coding! best support service! Thank you so much..... I really like your hard work.','published','2024-05-24 04:02:27','2024-05-24 04:02:27','[\"products\\/25-1.jpg\",\"products\\/41-1.jpg\"]'),(954,3,NULL,NULL,3,4.00,'Great E-commerce system. And much more : Wonderful Customer Support.','published','2024-05-24 04:02:27','2024-05-24 04:02:27','[\"products\\/30-1.jpg\",\"products\\/31.jpg\"]'),(955,10,NULL,NULL,13,4.00,'These guys are amazing! Responses immediately, amazing support and help... I immediately feel at ease after Purchasing..','published','2024-05-24 04:02:27','2024-05-24 04:02:27','[\"products\\/9-2.jpg\",\"products\\/58-1.jpg\",\"products\\/60-2.jpg\"]'),(956,8,NULL,NULL,12,1.00,'Cool template. Excellent code quality. The support responds very quickly, which is very rare on themeforest and codecanyon.net, I buy a lot of templates, and everyone will have a response from technical support for two or three days. Thanks to tech support. I recommend to buy.','published','2024-05-24 04:02:27','2024-05-24 04:02:27','[\"products\\/23-1.jpg\",\"products\\/31-1.jpg\",\"products\\/48.jpg\",\"products\\/53.jpg\"]'),(966,4,NULL,NULL,29,3.00,'Amazing code, amazing support. Overall, im really confident in Botble and im happy I made the right choice! Thank you so much guys for coding this masterpiece','published','2024-05-24 04:02:27','2024-05-24 04:02:27','[\"products\\/49.jpg\"]'),(967,2,NULL,NULL,48,5.00,'Good app, good backup service and support. Good documentation.','published','2024-05-24 04:02:27','2024-05-24 04:02:27','[\"products\\/12-2.jpg\",\"products\\/29.jpg\"]'),(970,4,NULL,NULL,58,5.00,'Clean & perfect source code','published','2024-05-24 04:02:27','2024-05-24 04:02:27','[\"products\\/12.jpg\",\"products\\/52-1.jpg\"]'),(971,4,NULL,NULL,52,3.00,'Cool template. Excellent code quality. The support responds very quickly, which is very rare on themeforest and codecanyon.net, I buy a lot of templates, and everyone will have a response from technical support for two or three days. Thanks to tech support. I recommend to buy.','published','2024-05-24 04:02:27','2024-05-24 04:02:27','[\"products\\/13-1.jpg\",\"products\\/20-3.jpg\"]'),(974,8,NULL,NULL,9,3.00,'The best store template! Excellent coding! Very good support! Thank you so much for all the help, I really appreciated.','published','2024-05-24 04:02:27','2024-05-24 04:02:27','[\"products\\/43-2.jpg\"]'),(979,9,NULL,NULL,33,1.00,'Amazing code, amazing support. Overall, im really confident in Botble and im happy I made the right choice! Thank you so much guys for coding this masterpiece','published','2024-05-24 04:02:27','2024-05-24 04:02:27','[\"products\\/7.jpg\",\"products\\/21-2.jpg\",\"products\\/61-1.jpg\"]'),(985,10,NULL,NULL,52,5.00,'Ok good product. I have some issues in customizations. But its not correct to blame the developer. The product is good. Good luck for your business.','published','2024-05-24 04:02:27','2024-05-24 04:02:27','[\"products\\/4-1.jpg\",\"products\\/40-1.jpg\",\"products\\/49.jpg\"]'),(988,6,NULL,NULL,12,2.00,'We have received brilliant service support and will be expanding the features with the developer. Nice product!','published','2024-05-24 04:02:27','2024-05-24 04:02:27','[\"products\\/11-3.jpg\",\"products\\/19-2.jpg\",\"products\\/33.jpg\",\"products\\/36.jpg\"]'),(989,2,NULL,NULL,1,3.00,'The script is the best of its class, fast, easy to implement and work with , and the most important thing is the great support team , Recommend with no doubt.','published','2024-05-24 04:02:27','2024-05-24 04:02:27','[\"products\\/3.jpg\",\"products\\/22-3.jpg\",\"products\\/50.jpg\"]'),(990,5,NULL,NULL,17,3.00,'The best store template! Excellent coding! Very good support! Thank you so much for all the help, I really appreciated.','published','2024-05-24 04:02:27','2024-05-24 04:02:27','[\"products\\/39-2.jpg\"]');

--
-- Table structure for table `ec_shipment_histories`
--

CREATE TABLE `ec_shipment_histories` (
  `id` bigint unsigned NOT NULL AUTO_INCREMENT,
  `action` varchar(120) COLLATE utf8mb4_unicode_ci NOT NULL,
  `description` varchar(400) COLLATE utf8mb4_unicode_ci DEFAULT NULL,
  `user_id` bigint unsigned DEFAULT NULL,
  `shipment_id` bigint unsigned NOT NULL,
  `order_id` bigint unsigned NOT NULL,
  `created_at` timestamp NULL DEFAULT NULL,
  `updated_at` timestamp NULL DEFAULT NULL,
  `user_type` varchar(191) COLLATE utf8mb4_unicode_ci NOT NULL DEFAULT 'Botble\\ACL\\Models\\User',
  PRIMARY KEY (`id`)
) ENGINE=InnoDB DEFAULT CHARSET=utf8mb4 COLLATE=utf8mb4_unicode_ci;

--
-- Dumping data for table `ec_shipment_histories`
--


--
-- Table structure for table `ec_shipments`
--

CREATE TABLE `ec_shipments` (
  `id` bigint unsigned NOT NULL AUTO_INCREMENT,
  `order_id` bigint unsigned NOT NULL,
  `user_id` bigint unsigned DEFAULT NULL,
  `weight` double(8,2) DEFAULT '0.00',
  `shipment_id` varchar(120) COLLATE utf8mb4_unicode_ci DEFAULT NULL,
  `rate_id` varchar(120) COLLATE utf8mb4_unicode_ci DEFAULT NULL,
  `note` varchar(120) COLLATE utf8mb4_unicode_ci DEFAULT NULL,
  `status` varchar(120) COLLATE utf8mb4_unicode_ci NOT NULL DEFAULT 'pending',
  `cod_amount` decimal(15,2) DEFAULT '0.00',
  `cod_status` varchar(60) COLLATE utf8mb4_unicode_ci NOT NULL DEFAULT 'pending',
  `cross_checking_status` varchar(60) COLLATE utf8mb4_unicode_ci NOT NULL DEFAULT 'pending',
  `price` decimal(15,2) DEFAULT '0.00',
  `store_id` bigint unsigned DEFAULT NULL,
  `created_at` timestamp NULL DEFAULT NULL,
  `updated_at` timestamp NULL DEFAULT NULL,
  `tracking_id` varchar(191) COLLATE utf8mb4_unicode_ci DEFAULT NULL,
  `shipping_company_name` varchar(191) COLLATE utf8mb4_unicode_ci DEFAULT NULL,
  `tracking_link` varchar(191) COLLATE utf8mb4_unicode_ci DEFAULT NULL,
  `estimate_date_shipped` datetime DEFAULT NULL,
  `date_shipped` datetime DEFAULT NULL,
  `label_url` text COLLATE utf8mb4_unicode_ci,
  `metadata` mediumtext COLLATE utf8mb4_unicode_ci,
  PRIMARY KEY (`id`)
) ENGINE=InnoDB DEFAULT CHARSET=utf8mb4 COLLATE=utf8mb4_unicode_ci;

--
-- Dumping data for table `ec_shipments`
--


--
-- Table structure for table `ec_shipping`
--

CREATE TABLE `ec_shipping` (
  `id` bigint unsigned NOT NULL AUTO_INCREMENT,
  `title` varchar(191) COLLATE utf8mb4_unicode_ci DEFAULT NULL,
  `country` varchar(120) COLLATE utf8mb4_unicode_ci DEFAULT NULL,
  `created_at` timestamp NULL DEFAULT NULL,
  `updated_at` timestamp NULL DEFAULT NULL,
  PRIMARY KEY (`id`)
) ENGINE=InnoDB AUTO_INCREMENT=2 DEFAULT CHARSET=utf8mb4 COLLATE=utf8mb4_unicode_ci;

--
-- Dumping data for table `ec_shipping`
--

INSERT INTO `ec_shipping` VALUES (1,'All',NULL,'2024-05-24 04:02:13','2024-05-24 04:02:13');

--
-- Table structure for table `ec_shipping_rule_items`
--

CREATE TABLE `ec_shipping_rule_items` (
  `id` bigint unsigned NOT NULL AUTO_INCREMENT,
  `shipping_rule_id` bigint unsigned NOT NULL,
  `country` varchar(120) COLLATE utf8mb4_unicode_ci DEFAULT NULL,
  `state` varchar(120) COLLATE utf8mb4_unicode_ci DEFAULT NULL,
  `city` varchar(120) COLLATE utf8mb4_unicode_ci DEFAULT NULL,
  `zip_code` varchar(20) COLLATE utf8mb4_unicode_ci DEFAULT NULL,
  `adjustment_price` decimal(15,2) DEFAULT '0.00',
  `is_enabled` tinyint(1) NOT NULL DEFAULT '1',
  `created_at` timestamp NULL DEFAULT NULL,
  `updated_at` timestamp NULL DEFAULT NULL,
  PRIMARY KEY (`id`)
) ENGINE=InnoDB DEFAULT CHARSET=utf8mb4 COLLATE=utf8mb4_unicode_ci;

--
-- Dumping data for table `ec_shipping_rule_items`
--


--
-- Table structure for table `ec_shipping_rules`
--

CREATE TABLE `ec_shipping_rules` (
  `id` bigint unsigned NOT NULL AUTO_INCREMENT,
  `name` varchar(120) COLLATE utf8mb4_unicode_ci NOT NULL,
  `shipping_id` bigint unsigned NOT NULL,
  `type` varchar(24) COLLATE utf8mb4_unicode_ci DEFAULT 'based_on_price',
  `from` decimal(15,2) DEFAULT '0.00',
  `to` decimal(15,2) DEFAULT '0.00',
  `price` decimal(15,2) DEFAULT '0.00',
  `created_at` timestamp NULL DEFAULT NULL,
  `updated_at` timestamp NULL DEFAULT NULL,
  PRIMARY KEY (`id`)
) ENGINE=InnoDB AUTO_INCREMENT=2 DEFAULT CHARSET=utf8mb4 COLLATE=utf8mb4_unicode_ci;

--
-- Dumping data for table `ec_shipping_rules`
--

INSERT INTO `ec_shipping_rules` VALUES (1,'Free delivery',1,'based_on_price',0.00,NULL,0.00,'2024-05-24 04:02:13','2024-05-24 04:02:13');

--
-- Table structure for table `ec_store_locators`
--

CREATE TABLE `ec_store_locators` (
  `id` bigint unsigned NOT NULL AUTO_INCREMENT,
  `name` varchar(60) COLLATE utf8mb4_unicode_ci NOT NULL,
  `email` varchar(60) COLLATE utf8mb4_unicode_ci DEFAULT NULL,
  `phone` varchar(20) COLLATE utf8mb4_unicode_ci NOT NULL,
  `address` varchar(191) COLLATE utf8mb4_unicode_ci NOT NULL,
  `country` varchar(120) COLLATE utf8mb4_unicode_ci DEFAULT NULL,
  `state` varchar(120) COLLATE utf8mb4_unicode_ci DEFAULT NULL,
  `city` varchar(120) COLLATE utf8mb4_unicode_ci DEFAULT NULL,
  `is_primary` tinyint(1) DEFAULT '0',
  `is_shipping_location` tinyint(1) DEFAULT '1',
  `created_at` timestamp NULL DEFAULT NULL,
  `updated_at` timestamp NULL DEFAULT NULL,
  `zip_code` varchar(20) COLLATE utf8mb4_unicode_ci DEFAULT NULL,
  PRIMARY KEY (`id`)
) ENGINE=InnoDB AUTO_INCREMENT=2 DEFAULT CHARSET=utf8mb4 COLLATE=utf8mb4_unicode_ci;

--
-- Dumping data for table `ec_store_locators`
--

INSERT INTO `ec_store_locators` VALUES (1,'Farmart','sales@botble.com','1800979769','502 New Street','AU','Brighton VIC','Brighton VIC',1,1,'2024-05-24 04:02:27','2024-05-24 04:02:27',NULL);

--
-- Table structure for table `ec_tax_products`
--

CREATE TABLE `ec_tax_products` (
  `tax_id` bigint unsigned NOT NULL,
  `product_id` bigint unsigned NOT NULL,
  PRIMARY KEY (`product_id`,`tax_id`),
  KEY `ec_tax_products_tax_id_index` (`tax_id`),
  KEY `ec_tax_products_product_id_index` (`product_id`)
) ENGINE=InnoDB DEFAULT CHARSET=utf8mb4 COLLATE=utf8mb4_unicode_ci;

--
-- Dumping data for table `ec_tax_products`
--

INSERT INTO `ec_tax_products` VALUES (1,4),(1,8),(1,9),(1,13),(1,15),(1,20),(1,21),(1,24),(1,35),(1,37),(1,38),(1,42),(1,43),(1,45),(1,49),(1,55),(1,60),(1,61),(1,62),(1,63),(1,64),(2,2),(2,5),(2,10),(2,11),(2,16),(2,17),(2,18),(2,19),(2,26),(2,28),(2,29),(2,31),(2,32),(2,34),(2,36),(2,40),(2,41),(2,44),(2,48),(2,51),(2,54),(2,56),(2,57),(3,1),(3,3),(3,6),(3,7),(3,12),(3,14),(3,22),(3,23),(3,25),(3,27),(3,30),(3,33),(3,39),(3,46),(3,47),(3,50),(3,52),(3,53),(3,58),(3,59),(3,65);

--
-- Table structure for table `ec_tax_rules`
--

CREATE TABLE `ec_tax_rules` (
  `id` bigint unsigned NOT NULL AUTO_INCREMENT,
  `tax_id` bigint unsigned NOT NULL,
  `country` varchar(120) COLLATE utf8mb4_unicode_ci DEFAULT NULL,
  `state` varchar(120) COLLATE utf8mb4_unicode_ci DEFAULT NULL,
  `city` varchar(120) COLLATE utf8mb4_unicode_ci DEFAULT NULL,
  `zip_code` varchar(20) COLLATE utf8mb4_unicode_ci DEFAULT NULL,
  `priority` int DEFAULT NULL,
  `is_enabled` tinyint(1) NOT NULL DEFAULT '1',
  `created_at` timestamp NULL DEFAULT NULL,
  `updated_at` timestamp NULL DEFAULT NULL,
  PRIMARY KEY (`id`)
) ENGINE=InnoDB DEFAULT CHARSET=utf8mb4 COLLATE=utf8mb4_unicode_ci;

--
-- Dumping data for table `ec_tax_rules`
--


--
-- Table structure for table `ec_taxes`
--

CREATE TABLE `ec_taxes` (
  `id` bigint unsigned NOT NULL AUTO_INCREMENT,
  `title` varchar(191) COLLATE utf8mb4_unicode_ci DEFAULT NULL,
  `percentage` double(8,6) DEFAULT NULL,
  `priority` int DEFAULT NULL,
  `status` varchar(60) COLLATE utf8mb4_unicode_ci NOT NULL DEFAULT 'published',
  `created_at` timestamp NULL DEFAULT NULL,
  `updated_at` timestamp NULL DEFAULT NULL,
  PRIMARY KEY (`id`)
) ENGINE=InnoDB AUTO_INCREMENT=4 DEFAULT CHARSET=utf8mb4 COLLATE=utf8mb4_unicode_ci;

--
-- Dumping data for table `ec_taxes`
--

INSERT INTO `ec_taxes` VALUES (1,'VAT',10.000000,1,'published','2024-05-24 04:02:13','2024-05-24 04:02:13'),(2,'None',0.000000,2,'published','2024-05-24 04:02:13','2024-05-24 04:02:13'),(3,'Import Tax',15.000000,3,'published','2024-05-24 04:02:13','2024-05-24 04:02:13');

--
-- Table structure for table `ec_wish_lists`
--

CREATE TABLE `ec_wish_lists` (
  `customer_id` bigint unsigned NOT NULL,
  `product_id` bigint unsigned NOT NULL,
  `created_at` timestamp NULL DEFAULT NULL,
  `updated_at` timestamp NULL DEFAULT NULL,
  PRIMARY KEY (`customer_id`,`product_id`),
  KEY `wishlist_relation_index` (`product_id`,`customer_id`)
) ENGINE=InnoDB DEFAULT CHARSET=utf8mb4 COLLATE=utf8mb4_unicode_ci;

--
-- Dumping data for table `ec_wish_lists`
--


--
-- Table structure for table `failed_jobs`
--

CREATE TABLE `failed_jobs` (
  `id` bigint unsigned NOT NULL AUTO_INCREMENT,
  `uuid` varchar(191) COLLATE utf8mb4_unicode_ci NOT NULL,
  `connection` text COLLATE utf8mb4_unicode_ci NOT NULL,
  `queue` text COLLATE utf8mb4_unicode_ci NOT NULL,
  `payload` longtext COLLATE utf8mb4_unicode_ci NOT NULL,
  `exception` longtext COLLATE utf8mb4_unicode_ci NOT NULL,
  `failed_at` timestamp NOT NULL DEFAULT CURRENT_TIMESTAMP,
  PRIMARY KEY (`id`),
  UNIQUE KEY `failed_jobs_uuid_unique` (`uuid`)
) ENGINE=InnoDB DEFAULT CHARSET=utf8mb4 COLLATE=utf8mb4_unicode_ci;

--
-- Dumping data for table `failed_jobs`
--


--
-- Table structure for table `faq_categories`
--

CREATE TABLE `faq_categories` (
  `id` bigint unsigned NOT NULL AUTO_INCREMENT,
  `name` varchar(120) COLLATE utf8mb4_unicode_ci NOT NULL,
  `order` tinyint NOT NULL DEFAULT '0',
  `status` varchar(60) COLLATE utf8mb4_unicode_ci NOT NULL DEFAULT 'published',
  `created_at` timestamp NULL DEFAULT NULL,
  `updated_at` timestamp NULL DEFAULT NULL,
  `description` varchar(400) COLLATE utf8mb4_unicode_ci DEFAULT NULL,
  PRIMARY KEY (`id`)
) ENGINE=InnoDB AUTO_INCREMENT=4 DEFAULT CHARSET=utf8mb4 COLLATE=utf8mb4_unicode_ci;

--
-- Dumping data for table `faq_categories`
--

INSERT INTO `faq_categories` VALUES (1,'SHIPPING',0,'published','2024-05-24 04:02:06','2024-05-24 04:02:06',NULL),(2,'PAYMENT',1,'published','2024-05-24 04:02:06','2024-05-24 04:02:06',NULL),(3,'ORDER &amp; RETURNS',2,'published','2024-05-24 04:02:06','2024-05-24 04:02:06',NULL);

--
-- Table structure for table `faq_categories_translations`
--

CREATE TABLE `faq_categories_translations` (
  `lang_code` varchar(20) COLLATE utf8mb4_unicode_ci NOT NULL,
  `faq_categories_id` bigint unsigned NOT NULL,
  `name` varchar(120) COLLATE utf8mb4_unicode_ci DEFAULT NULL,
  PRIMARY KEY (`lang_code`,`faq_categories_id`)
) ENGINE=InnoDB DEFAULT CHARSET=utf8mb4 COLLATE=utf8mb4_unicode_ci;

--
-- Dumping data for table `faq_categories_translations`
--


--
-- Table structure for table `faqs`
--

CREATE TABLE `faqs` (
  `id` bigint unsigned NOT NULL AUTO_INCREMENT,
  `question` text COLLATE utf8mb4_unicode_ci NOT NULL,
  `answer` text COLLATE utf8mb4_unicode_ci NOT NULL,
  `category_id` bigint unsigned NOT NULL,
  `status` varchar(60) COLLATE utf8mb4_unicode_ci NOT NULL DEFAULT 'published',
  `created_at` timestamp NULL DEFAULT NULL,
  `updated_at` timestamp NULL DEFAULT NULL,
  PRIMARY KEY (`id`)
) ENGINE=InnoDB AUTO_INCREMENT=11 DEFAULT CHARSET=utf8mb4 COLLATE=utf8mb4_unicode_ci;

--
-- Dumping data for table `faqs`
--

INSERT INTO `faqs` VALUES (1,'What Shipping Methods Are Available?','Ex Portland Pitchfork irure mustache. Eutra fap before they sold out literally. Aliquip ugh bicycle rights actually mlkshk, seitan squid craft beer tempor.',1,'published','2024-05-24 04:02:06','2024-05-24 04:02:06'),(2,'Do You Ship Internationally?','Hoodie tote bag mixtape tofu. Typewriter jean shorts wolf quinoa, messenger bag organic freegan cray.',1,'published','2024-05-24 04:02:06','2024-05-24 04:02:06'),(3,'How Long Will It Take To Get My Package?','Swag slow-carb quinoa VHS typewriter pork belly brunch, paleo single-origin coffee Wes Anderson. Flexitarian Pitchfork forage, literally paleo fap pour-over. Wes Anderson Pinterest YOLO fanny pack meggings, deep v XOXO chambray sustainable slow-carb raw denim church-key fap chillwave Etsy. +1 typewriter kitsch, American Apparel tofu Banksy Vice.',1,'published','2024-05-24 04:02:06','2024-05-24 04:02:06'),(4,'What Payment Methods Are Accepted?','Fashion axe DIY jean shorts, swag kale chips meh polaroid kogi butcher Wes Anderson chambray next level semiotics gentrify yr. Voluptate photo booth fugiat Vice. Austin sed Williamsburg, ea labore raw denim voluptate cred proident mixtape excepteur mustache. Twee chia photo booth readymade food truck, hoodie roof party swag keytar PBR DIY.',2,'published','2024-05-24 04:02:06','2024-05-24 04:02:06'),(5,'Is Buying On-Line Safe?','Art party authentic freegan semiotics jean shorts chia cred. Neutra Austin roof party Brooklyn, synth Thundercats swag 8-bit photo booth. Plaid letterpress leggings craft beer meh ethical Pinterest.',2,'published','2024-05-24 04:02:06','2024-05-24 04:02:06'),(6,'How do I place an Order?','Keytar cray slow-carb, Godard banh mi salvia pour-over. Slow-carb Odd Future seitan normcore. Master cleanse American Apparel gentrify flexitarian beard slow-carb next level. Raw denim polaroid paleo farm-to-table, put a bird on it lo-fi tattooed Wes Anderson Pinterest letterpress. Fingerstache McSweeney’s pour-over, letterpress Schlitz photo booth master cleanse bespoke hashtag chillwave gentrify.',3,'published','2024-05-24 04:02:06','2024-05-24 04:02:06'),(7,'How Can I Cancel Or Change My Order?','Plaid letterpress leggings craft beer meh ethical Pinterest. Art party authentic freegan semiotics jean shorts chia cred. Neutra Austin roof party Brooklyn, synth Thundercats swag 8-bit photo booth.',3,'published','2024-05-24 04:02:06','2024-05-24 04:02:06'),(8,'Do I need an account to place an order?','Thundercats swag 8-bit photo booth. Plaid letterpress leggings craft beer meh ethical Pinterest. Twee chia photo booth readymade food truck, hoodie roof party swag keytar PBR DIY. Cray ugh 3 wolf moon fap, fashion axe irony butcher cornhole typewriter chambray VHS banjo street art.',3,'published','2024-05-24 04:02:06','2024-05-24 04:02:06'),(9,'How Do I Track My Order?','Keytar cray slow-carb, Godard banh mi salvia pour-over. Slow-carb @Odd Future seitan normcore. Master cleanse American Apparel gentrify flexitarian beard slow-carb next level.',3,'published','2024-05-24 04:02:06','2024-05-24 04:02:06'),(10,'How Can I Return a Product?','Kale chips Truffaut Williamsburg, hashtag fixie Pinterest raw denim c hambray drinking vinegar Carles street art Bushwick gastropub. Wolf Tumblr paleo church-key. Plaid food truck Echo Park YOLO bitters hella, direct trade Thundercats leggings quinoa before they sold out. You probably haven’t heard of them wayfarers authentic umami drinking vinegar Pinterest Cosby sweater, fingerstache fap High Life.',3,'published','2024-05-24 04:02:06','2024-05-24 04:02:06');

--
-- Table structure for table `faqs_translations`
--

CREATE TABLE `faqs_translations` (
  `lang_code` varchar(20) COLLATE utf8mb4_unicode_ci NOT NULL,
  `faqs_id` bigint unsigned NOT NULL,
  `question` text COLLATE utf8mb4_unicode_ci,
  `answer` text COLLATE utf8mb4_unicode_ci,
  PRIMARY KEY (`lang_code`,`faqs_id`)
) ENGINE=InnoDB DEFAULT CHARSET=utf8mb4 COLLATE=utf8mb4_unicode_ci;

--
-- Dumping data for table `faqs_translations`
--


--
-- Table structure for table `jobs`
--

CREATE TABLE `jobs` (
  `id` bigint unsigned NOT NULL AUTO_INCREMENT,
  `queue` varchar(191) COLLATE utf8mb4_unicode_ci NOT NULL,
  `payload` longtext COLLATE utf8mb4_unicode_ci NOT NULL,
  `attempts` tinyint unsigned NOT NULL,
  `reserved_at` int unsigned DEFAULT NULL,
  `available_at` int unsigned NOT NULL,
  `created_at` int unsigned NOT NULL,
  PRIMARY KEY (`id`),
  KEY `jobs_queue_index` (`queue`)
) ENGINE=InnoDB DEFAULT CHARSET=utf8mb4 COLLATE=utf8mb4_unicode_ci;

--
-- Dumping data for table `jobs`
--


--
-- Table structure for table `language_meta`
--

CREATE TABLE `language_meta` (
  `lang_meta_id` bigint unsigned NOT NULL AUTO_INCREMENT,
  `lang_meta_code` varchar(20) COLLATE utf8mb4_unicode_ci DEFAULT NULL,
  `lang_meta_origin` varchar(32) COLLATE utf8mb4_unicode_ci NOT NULL,
  `reference_id` bigint unsigned NOT NULL,
  `reference_type` varchar(120) COLLATE utf8mb4_unicode_ci NOT NULL,
  PRIMARY KEY (`lang_meta_id`),
  KEY `language_meta_reference_id_index` (`reference_id`),
  KEY `meta_code_index` (`lang_meta_code`),
  KEY `meta_origin_index` (`lang_meta_origin`),
  KEY `meta_reference_type_index` (`reference_type`)
) ENGINE=InnoDB AUTO_INCREMENT=9 DEFAULT CHARSET=utf8mb4 COLLATE=utf8mb4_unicode_ci;

--
-- Dumping data for table `language_meta`
--

INSERT INTO `language_meta` VALUES (1,'en_US','dfc5c0fe0c9f90265f14487cfbc8fdeb',1,'Botble\\SimpleSlider\\Models\\SimpleSlider'),(2,'en_US','29ce548878a671007468e73fbefae324',1,'Botble\\Menu\\Models\\MenuLocation'),(3,'en_US','b8dd95e8ec3cbac40bb189f3ea56d5f0',1,'Botble\\Menu\\Models\\Menu'),(4,'en_US','04528206df5becff9bdaf150356e7144',2,'Botble\\Menu\\Models\\MenuLocation'),(5,'en_US','feab053460fa6df8a675395e1dc4f853',2,'Botble\\Menu\\Models\\Menu'),(6,'en_US','a2c33d585d493cd6555cb379ff850b7c',3,'Botble\\Menu\\Models\\Menu'),(7,'en_US','33b439dc1710979b0a6251180c23c175',4,'Botble\\Menu\\Models\\Menu'),(8,'en_US','e737dc1bf5985c5dd0d99a97dcfd24be',5,'Botble\\Menu\\Models\\Menu');

--
-- Table structure for table `languages`
--

CREATE TABLE `languages` (
  `lang_id` bigint unsigned NOT NULL AUTO_INCREMENT,
  `lang_name` varchar(120) COLLATE utf8mb4_unicode_ci NOT NULL,
  `lang_locale` varchar(20) COLLATE utf8mb4_unicode_ci NOT NULL,
  `lang_code` varchar(20) COLLATE utf8mb4_unicode_ci NOT NULL,
  `lang_flag` varchar(20) COLLATE utf8mb4_unicode_ci DEFAULT NULL,
  `lang_is_default` tinyint unsigned NOT NULL DEFAULT '0',
  `lang_order` int NOT NULL DEFAULT '0',
  `lang_is_rtl` tinyint unsigned NOT NULL DEFAULT '0',
  PRIMARY KEY (`lang_id`),
  KEY `lang_locale_index` (`lang_locale`),
  KEY `lang_code_index` (`lang_code`),
  KEY `lang_is_default_index` (`lang_is_default`)
) ENGINE=InnoDB AUTO_INCREMENT=2 DEFAULT CHARSET=utf8mb4 COLLATE=utf8mb4_unicode_ci;

--
-- Dumping data for table `languages`
--

INSERT INTO `languages` VALUES (1,'English','en','en_US','us',1,0,0);

--
-- Table structure for table `media_files`
--

CREATE TABLE `media_files` (
  `id` bigint unsigned NOT NULL AUTO_INCREMENT,
  `user_id` bigint unsigned NOT NULL,
  `name` varchar(191) COLLATE utf8mb4_unicode_ci NOT NULL,
  `alt` varchar(191) COLLATE utf8mb4_unicode_ci DEFAULT NULL,
  `folder_id` bigint unsigned NOT NULL DEFAULT '0',
  `mime_type` varchar(120) COLLATE utf8mb4_unicode_ci NOT NULL,
  `size` int NOT NULL,
  `url` varchar(191) COLLATE utf8mb4_unicode_ci NOT NULL,
  `options` text COLLATE utf8mb4_unicode_ci,
  `created_at` timestamp NULL DEFAULT NULL,
  `updated_at` timestamp NULL DEFAULT NULL,
  `deleted_at` timestamp NULL DEFAULT NULL,
  `visibility` varchar(191) COLLATE utf8mb4_unicode_ci NOT NULL DEFAULT 'public',
  PRIMARY KEY (`id`),
  KEY `media_files_user_id_index` (`user_id`),
  KEY `media_files_index` (`folder_id`,`user_id`,`created_at`)
) ENGINE=InnoDB AUTO_INCREMENT=263 DEFAULT CHARSET=utf8mb4 COLLATE=utf8mb4_unicode_ci;

--
-- Dumping data for table `media_files`
--

INSERT INTO `media_files` VALUES (1,0,'1','1',1,'image/png',5403,'brands/1.png','[]','2024-05-24 04:02:06','2024-05-24 04:02:06',NULL,'public'),(2,0,'2','2',1,'image/png',5403,'brands/2.png','[]','2024-05-24 04:02:06','2024-05-24 04:02:06',NULL,'public'),(3,0,'3','3',1,'image/png',5403,'brands/3.png','[]','2024-05-24 04:02:06','2024-05-24 04:02:06',NULL,'public'),(4,0,'4','4',1,'image/png',5403,'brands/4.png','[]','2024-05-24 04:02:06','2024-05-24 04:02:06',NULL,'public'),(5,0,'1','1',2,'image/png',5327,'product-categories/1.png','[]','2024-05-24 04:02:06','2024-05-24 04:02:06',NULL,'public'),(6,0,'2','2',2,'image/png',5327,'product-categories/2.png','[]','2024-05-24 04:02:06','2024-05-24 04:02:06',NULL,'public'),(7,0,'3','3',2,'image/png',5327,'product-categories/3.png','[]','2024-05-24 04:02:07','2024-05-24 04:02:07',NULL,'public'),(8,0,'4','4',2,'image/png',5327,'product-categories/4.png','[]','2024-05-24 04:02:07','2024-05-24 04:02:07',NULL,'public'),(9,0,'5','5',2,'image/png',5327,'product-categories/5.png','[]','2024-05-24 04:02:07','2024-05-24 04:02:07',NULL,'public'),(10,0,'6','6',2,'image/png',5327,'product-categories/6.png','[]','2024-05-24 04:02:07','2024-05-24 04:02:07',NULL,'public'),(11,0,'7','7',2,'image/png',5327,'product-categories/7.png','[]','2024-05-24 04:02:07','2024-05-24 04:02:07',NULL,'public'),(12,0,'8','8',2,'image/png',5327,'product-categories/8.png','[]','2024-05-24 04:02:07','2024-05-24 04:02:07',NULL,'public'),(13,0,'1','1',3,'image/jpeg',9803,'customers/1.jpg','[]','2024-05-24 04:02:07','2024-05-24 04:02:07',NULL,'public'),(14,0,'10','10',3,'image/jpeg',9803,'customers/10.jpg','[]','2024-05-24 04:02:08','2024-05-24 04:02:08',NULL,'public'),(15,0,'2','2',3,'image/jpeg',9803,'customers/2.jpg','[]','2024-05-24 04:02:08','2024-05-24 04:02:08',NULL,'public'),(16,0,'3','3',3,'image/jpeg',9803,'customers/3.jpg','[]','2024-05-24 04:02:08','2024-05-24 04:02:08',NULL,'public'),(17,0,'4','4',3,'image/jpeg',9803,'customers/4.jpg','[]','2024-05-24 04:02:08','2024-05-24 04:02:08',NULL,'public'),(18,0,'5','5',3,'image/jpeg',9803,'customers/5.jpg','[]','2024-05-24 04:02:08','2024-05-24 04:02:08',NULL,'public'),(19,0,'6','6',3,'image/jpeg',9803,'customers/6.jpg','[]','2024-05-24 04:02:08','2024-05-24 04:02:08',NULL,'public'),(20,0,'7','7',3,'image/jpeg',9803,'customers/7.jpg','[]','2024-05-24 04:02:08','2024-05-24 04:02:08',NULL,'public'),(21,0,'8','8',3,'image/jpeg',9803,'customers/8.jpg','[]','2024-05-24 04:02:08','2024-05-24 04:02:08',NULL,'public'),(22,0,'9','9',3,'image/jpeg',9803,'customers/9.jpg','[]','2024-05-24 04:02:08','2024-05-24 04:02:08',NULL,'public'),(23,0,'1','1',4,'image/jpeg',9803,'products/1.jpg','[]','2024-05-24 04:02:13','2024-05-24 04:02:13',NULL,'public'),(24,0,'10-1','10-1',4,'image/jpeg',9803,'products/10-1.jpg','[]','2024-05-24 04:02:13','2024-05-24 04:02:13',NULL,'public'),(25,0,'10-2','10-2',4,'image/jpeg',9803,'products/10-2.jpg','[]','2024-05-24 04:02:13','2024-05-24 04:02:13',NULL,'public'),(26,0,'10','10',4,'image/jpeg',9803,'products/10.jpg','[]','2024-05-24 04:02:13','2024-05-24 04:02:13',NULL,'public'),(27,0,'11-1','11-1',4,'image/jpeg',9803,'products/11-1.jpg','[]','2024-05-24 04:02:13','2024-05-24 04:02:13',NULL,'public'),(28,0,'11-2','11-2',4,'image/jpeg',9803,'products/11-2.jpg','[]','2024-05-24 04:02:13','2024-05-24 04:02:13',NULL,'public'),(29,0,'11-3','11-3',4,'image/jpeg',9803,'products/11-3.jpg','[]','2024-05-24 04:02:13','2024-05-24 04:02:13',NULL,'public'),(30,0,'11','11',4,'image/jpeg',9803,'products/11.jpg','[]','2024-05-24 04:02:13','2024-05-24 04:02:13',NULL,'public'),(31,0,'12-1','12-1',4,'image/jpeg',9803,'products/12-1.jpg','[]','2024-05-24 04:02:13','2024-05-24 04:02:13',NULL,'public'),(32,0,'12-2','12-2',4,'image/jpeg',9803,'products/12-2.jpg','[]','2024-05-24 04:02:13','2024-05-24 04:02:13',NULL,'public'),(33,0,'12-3','12-3',4,'image/jpeg',9803,'products/12-3.jpg','[]','2024-05-24 04:02:13','2024-05-24 04:02:13',NULL,'public'),(34,0,'12','12',4,'image/jpeg',9803,'products/12.jpg','[]','2024-05-24 04:02:13','2024-05-24 04:02:13',NULL,'public'),(35,0,'13-1','13-1',4,'image/jpeg',9803,'products/13-1.jpg','[]','2024-05-24 04:02:13','2024-05-24 04:02:13',NULL,'public'),(36,0,'13','13',4,'image/jpeg',9803,'products/13.jpg','[]','2024-05-24 04:02:13','2024-05-24 04:02:13',NULL,'public'),(37,0,'14','14',4,'image/jpeg',9803,'products/14.jpg','[]','2024-05-24 04:02:13','2024-05-24 04:02:13',NULL,'public'),(38,0,'15-1','15-1',4,'image/jpeg',9803,'products/15-1.jpg','[]','2024-05-24 04:02:13','2024-05-24 04:02:13',NULL,'public'),(39,0,'15','15',4,'image/jpeg',9803,'products/15.jpg','[]','2024-05-24 04:02:13','2024-05-24 04:02:13',NULL,'public'),(40,0,'16','16',4,'image/jpeg',9803,'products/16.jpg','[]','2024-05-24 04:02:13','2024-05-24 04:02:13',NULL,'public'),(41,0,'17-1','17-1',4,'image/jpeg',9803,'products/17-1.jpg','[]','2024-05-24 04:02:13','2024-05-24 04:02:13',NULL,'public'),(42,0,'17-2','17-2',4,'image/jpeg',9803,'products/17-2.jpg','[]','2024-05-24 04:02:14','2024-05-24 04:02:14',NULL,'public'),(43,0,'17-3','17-3',4,'image/jpeg',9803,'products/17-3.jpg','[]','2024-05-24 04:02:14','2024-05-24 04:02:14',NULL,'public'),(44,0,'17','17',4,'image/jpeg',9803,'products/17.jpg','[]','2024-05-24 04:02:14','2024-05-24 04:02:14',NULL,'public'),(45,0,'18-1','18-1',4,'image/jpeg',9803,'products/18-1.jpg','[]','2024-05-24 04:02:14','2024-05-24 04:02:14',NULL,'public'),(46,0,'18-2','18-2',4,'image/jpeg',9803,'products/18-2.jpg','[]','2024-05-24 04:02:14','2024-05-24 04:02:14',NULL,'public'),(47,0,'18-3','18-3',4,'image/jpeg',9803,'products/18-3.jpg','[]','2024-05-24 04:02:14','2024-05-24 04:02:14',NULL,'public'),(48,0,'18','18',4,'image/jpeg',9803,'products/18.jpg','[]','2024-05-24 04:02:14','2024-05-24 04:02:14',NULL,'public'),(49,0,'19-1','19-1',4,'image/jpeg',9803,'products/19-1.jpg','[]','2024-05-24 04:02:14','2024-05-24 04:02:14',NULL,'public'),(50,0,'19-2','19-2',4,'image/jpeg',9803,'products/19-2.jpg','[]','2024-05-24 04:02:14','2024-05-24 04:02:14',NULL,'public'),(51,0,'19-3','19-3',4,'image/jpeg',9803,'products/19-3.jpg','[]','2024-05-24 04:02:14','2024-05-24 04:02:14',NULL,'public'),(52,0,'19','19',4,'image/jpeg',9803,'products/19.jpg','[]','2024-05-24 04:02:14','2024-05-24 04:02:14',NULL,'public'),(53,0,'2-1','2-1',4,'image/jpeg',9803,'products/2-1.jpg','[]','2024-05-24 04:02:14','2024-05-24 04:02:14',NULL,'public'),(54,0,'2-2','2-2',4,'image/jpeg',9803,'products/2-2.jpg','[]','2024-05-24 04:02:14','2024-05-24 04:02:14',NULL,'public'),(55,0,'2-3','2-3',4,'image/jpeg',9803,'products/2-3.jpg','[]','2024-05-24 04:02:14','2024-05-24 04:02:14',NULL,'public'),(56,0,'2','2',4,'image/jpeg',9803,'products/2.jpg','[]','2024-05-24 04:02:14','2024-05-24 04:02:14',NULL,'public'),(57,0,'20-1','20-1',4,'image/jpeg',9803,'products/20-1.jpg','[]','2024-05-24 04:02:14','2024-05-24 04:02:14',NULL,'public'),(58,0,'20-2','20-2',4,'image/jpeg',9803,'products/20-2.jpg','[]','2024-05-24 04:02:14','2024-05-24 04:02:14',NULL,'public'),(59,0,'20-3','20-3',4,'image/jpeg',9803,'products/20-3.jpg','[]','2024-05-24 04:02:14','2024-05-24 04:02:14',NULL,'public'),(60,0,'20','20',4,'image/jpeg',9803,'products/20.jpg','[]','2024-05-24 04:02:14','2024-05-24 04:02:14',NULL,'public'),(61,0,'21-1','21-1',4,'image/jpeg',9803,'products/21-1.jpg','[]','2024-05-24 04:02:14','2024-05-24 04:02:14',NULL,'public'),(62,0,'21-2','21-2',4,'image/jpeg',9803,'products/21-2.jpg','[]','2024-05-24 04:02:14','2024-05-24 04:02:14',NULL,'public'),(63,0,'21','21',4,'image/jpeg',9803,'products/21.jpg','[]','2024-05-24 04:02:14','2024-05-24 04:02:14',NULL,'public'),(64,0,'22-1','22-1',4,'image/jpeg',9803,'products/22-1.jpg','[]','2024-05-24 04:02:14','2024-05-24 04:02:14',NULL,'public'),(65,0,'22-2','22-2',4,'image/jpeg',9803,'products/22-2.jpg','[]','2024-05-24 04:02:14','2024-05-24 04:02:14',NULL,'public'),(66,0,'22-3','22-3',4,'image/jpeg',9803,'products/22-3.jpg','[]','2024-05-24 04:02:14','2024-05-24 04:02:14',NULL,'public'),(67,0,'22','22',4,'image/jpeg',9803,'products/22.jpg','[]','2024-05-24 04:02:14','2024-05-24 04:02:14',NULL,'public'),(68,0,'23-1','23-1',4,'image/jpeg',9803,'products/23-1.jpg','[]','2024-05-24 04:02:14','2024-05-24 04:02:14',NULL,'public'),(69,0,'23-2','23-2',4,'image/jpeg',9803,'products/23-2.jpg','[]','2024-05-24 04:02:14','2024-05-24 04:02:14',NULL,'public'),(70,0,'23-3','23-3',4,'image/jpeg',9803,'products/23-3.jpg','[]','2024-05-24 04:02:14','2024-05-24 04:02:14',NULL,'public'),(71,0,'23','23',4,'image/jpeg',9803,'products/23.jpg','[]','2024-05-24 04:02:14','2024-05-24 04:02:14',NULL,'public'),(72,0,'24-1','24-1',4,'image/jpeg',9803,'products/24-1.jpg','[]','2024-05-24 04:02:15','2024-05-24 04:02:15',NULL,'public'),(73,0,'24-2','24-2',4,'image/jpeg',9803,'products/24-2.jpg','[]','2024-05-24 04:02:15','2024-05-24 04:02:15',NULL,'public'),(74,0,'24','24',4,'image/jpeg',9803,'products/24.jpg','[]','2024-05-24 04:02:15','2024-05-24 04:02:15',NULL,'public'),(75,0,'25-1','25-1',4,'image/jpeg',9803,'products/25-1.jpg','[]','2024-05-24 04:02:15','2024-05-24 04:02:15',NULL,'public'),(76,0,'25-2','25-2',4,'image/jpeg',9803,'products/25-2.jpg','[]','2024-05-24 04:02:15','2024-05-24 04:02:15',NULL,'public'),(77,0,'25','25',4,'image/jpeg',9803,'products/25.jpg','[]','2024-05-24 04:02:15','2024-05-24 04:02:15',NULL,'public'),(78,0,'26-1','26-1',4,'image/jpeg',9803,'products/26-1.jpg','[]','2024-05-24 04:02:15','2024-05-24 04:02:15',NULL,'public'),(79,0,'26','26',4,'image/jpeg',9803,'products/26.jpg','[]','2024-05-24 04:02:15','2024-05-24 04:02:15',NULL,'public'),(80,0,'27-1','27-1',4,'image/jpeg',9803,'products/27-1.jpg','[]','2024-05-24 04:02:15','2024-05-24 04:02:15',NULL,'public'),(81,0,'27','27',4,'image/jpeg',9803,'products/27.jpg','[]','2024-05-24 04:02:15','2024-05-24 04:02:15',NULL,'public'),(82,0,'28-1','28-1',4,'image/jpeg',9803,'products/28-1.jpg','[]','2024-05-24 04:02:15','2024-05-24 04:02:15',NULL,'public'),(83,0,'28-2','28-2',4,'image/jpeg',9803,'products/28-2.jpg','[]','2024-05-24 04:02:15','2024-05-24 04:02:15',NULL,'public'),(84,0,'28','28',4,'image/jpeg',9803,'products/28.jpg','[]','2024-05-24 04:02:15','2024-05-24 04:02:15',NULL,'public'),(85,0,'29-1','29-1',4,'image/jpeg',9803,'products/29-1.jpg','[]','2024-05-24 04:02:15','2024-05-24 04:02:15',NULL,'public'),(86,0,'29-2','29-2',4,'image/jpeg',9803,'products/29-2.jpg','[]','2024-05-24 04:02:15','2024-05-24 04:02:15',NULL,'public'),(87,0,'29','29',4,'image/jpeg',9803,'products/29.jpg','[]','2024-05-24 04:02:15','2024-05-24 04:02:15',NULL,'public'),(88,0,'3','3',4,'image/jpeg',9803,'products/3.jpg','[]','2024-05-24 04:02:15','2024-05-24 04:02:15',NULL,'public'),(89,0,'30-1','30-1',4,'image/jpeg',9803,'products/30-1.jpg','[]','2024-05-24 04:02:15','2024-05-24 04:02:15',NULL,'public'),(90,0,'30-2','30-2',4,'image/jpeg',9803,'products/30-2.jpg','[]','2024-05-24 04:02:15','2024-05-24 04:02:15',NULL,'public'),(91,0,'30','30',4,'image/jpeg',9803,'products/30.jpg','[]','2024-05-24 04:02:15','2024-05-24 04:02:15',NULL,'public'),(92,0,'31-1','31-1',4,'image/jpeg',9803,'products/31-1.jpg','[]','2024-05-24 04:02:15','2024-05-24 04:02:15',NULL,'public'),(93,0,'31','31',4,'image/jpeg',9803,'products/31.jpg','[]','2024-05-24 04:02:15','2024-05-24 04:02:15',NULL,'public'),(94,0,'32-1','32-1',4,'image/jpeg',9803,'products/32-1.jpg','[]','2024-05-24 04:02:15','2024-05-24 04:02:15',NULL,'public'),(95,0,'32-2','32-2',4,'image/jpeg',9803,'products/32-2.jpg','[]','2024-05-24 04:02:15','2024-05-24 04:02:15',NULL,'public'),(96,0,'32','32',4,'image/jpeg',9803,'products/32.jpg','[]','2024-05-24 04:02:15','2024-05-24 04:02:15',NULL,'public'),(97,0,'33-1','33-1',4,'image/jpeg',9803,'products/33-1.jpg','[]','2024-05-24 04:02:15','2024-05-24 04:02:15',NULL,'public'),(98,0,'33-2','33-2',4,'image/jpeg',9803,'products/33-2.jpg','[]','2024-05-24 04:02:15','2024-05-24 04:02:15',NULL,'public'),(99,0,'33','33',4,'image/jpeg',9803,'products/33.jpg','[]','2024-05-24 04:02:15','2024-05-24 04:02:15',NULL,'public'),(100,0,'34-1','34-1',4,'image/jpeg',9803,'products/34-1.jpg','[]','2024-05-24 04:02:15','2024-05-24 04:02:15',NULL,'public'),(101,0,'34','34',4,'image/jpeg',9803,'products/34.jpg','[]','2024-05-24 04:02:16','2024-05-24 04:02:16',NULL,'public'),(102,0,'35-1','35-1',4,'image/jpeg',9803,'products/35-1.jpg','[]','2024-05-24 04:02:16','2024-05-24 04:02:16',NULL,'public'),(103,0,'35','35',4,'image/jpeg',9803,'products/35.jpg','[]','2024-05-24 04:02:16','2024-05-24 04:02:16',NULL,'public'),(104,0,'36-1','36-1',4,'image/jpeg',9803,'products/36-1.jpg','[]','2024-05-24 04:02:16','2024-05-24 04:02:16',NULL,'public'),(105,0,'36-2','36-2',4,'image/jpeg',9803,'products/36-2.jpg','[]','2024-05-24 04:02:16','2024-05-24 04:02:16',NULL,'public'),(106,0,'36','36',4,'image/jpeg',9803,'products/36.jpg','[]','2024-05-24 04:02:16','2024-05-24 04:02:16',NULL,'public'),(107,0,'37-1','37-1',4,'image/jpeg',9803,'products/37-1.jpg','[]','2024-05-24 04:02:16','2024-05-24 04:02:16',NULL,'public'),(108,0,'37-2','37-2',4,'image/jpeg',9803,'products/37-2.jpg','[]','2024-05-24 04:02:16','2024-05-24 04:02:16',NULL,'public'),(109,0,'37','37',4,'image/jpeg',9803,'products/37.jpg','[]','2024-05-24 04:02:16','2024-05-24 04:02:16',NULL,'public'),(110,0,'38-1','38-1',4,'image/jpeg',9803,'products/38-1.jpg','[]','2024-05-24 04:02:16','2024-05-24 04:02:16',NULL,'public'),(111,0,'38-2','38-2',4,'image/jpeg',9803,'products/38-2.jpg','[]','2024-05-24 04:02:16','2024-05-24 04:02:16',NULL,'public'),(112,0,'38-3','38-3',4,'image/jpeg',9803,'products/38-3.jpg','[]','2024-05-24 04:02:16','2024-05-24 04:02:16',NULL,'public'),(113,0,'38','38',4,'image/jpeg',9803,'products/38.jpg','[]','2024-05-24 04:02:16','2024-05-24 04:02:16',NULL,'public'),(114,0,'39-1','39-1',4,'image/jpeg',9803,'products/39-1.jpg','[]','2024-05-24 04:02:16','2024-05-24 04:02:16',NULL,'public'),(115,0,'39-2','39-2',4,'image/jpeg',9803,'products/39-2.jpg','[]','2024-05-24 04:02:16','2024-05-24 04:02:16',NULL,'public'),(116,0,'39','39',4,'image/jpeg',9803,'products/39.jpg','[]','2024-05-24 04:02:16','2024-05-24 04:02:16',NULL,'public'),(117,0,'4-1','4-1',4,'image/jpeg',9803,'products/4-1.jpg','[]','2024-05-24 04:02:16','2024-05-24 04:02:16',NULL,'public'),(118,0,'4-2','4-2',4,'image/jpeg',9803,'products/4-2.jpg','[]','2024-05-24 04:02:16','2024-05-24 04:02:16',NULL,'public'),(119,0,'4-3','4-3',4,'image/jpeg',9803,'products/4-3.jpg','[]','2024-05-24 04:02:16','2024-05-24 04:02:16',NULL,'public'),(120,0,'4','4',4,'image/jpeg',9803,'products/4.jpg','[]','2024-05-24 04:02:16','2024-05-24 04:02:16',NULL,'public'),(121,0,'40-1','40-1',4,'image/jpeg',9803,'products/40-1.jpg','[]','2024-05-24 04:02:17','2024-05-24 04:02:17',NULL,'public'),(122,0,'40','40',4,'image/jpeg',9803,'products/40.jpg','[]','2024-05-24 04:02:17','2024-05-24 04:02:17',NULL,'public'),(123,0,'41-1','41-1',4,'image/jpeg',9803,'products/41-1.jpg','[]','2024-05-24 04:02:17','2024-05-24 04:02:17',NULL,'public'),(124,0,'41-2','41-2',4,'image/jpeg',9803,'products/41-2.jpg','[]','2024-05-24 04:02:17','2024-05-24 04:02:17',NULL,'public'),(125,0,'41','41',4,'image/jpeg',9803,'products/41.jpg','[]','2024-05-24 04:02:17','2024-05-24 04:02:17',NULL,'public'),(126,0,'42-1','42-1',4,'image/jpeg',9803,'products/42-1.jpg','[]','2024-05-24 04:02:17','2024-05-24 04:02:17',NULL,'public'),(127,0,'42-2','42-2',4,'image/jpeg',9803,'products/42-2.jpg','[]','2024-05-24 04:02:17','2024-05-24 04:02:17',NULL,'public'),(128,0,'42','42',4,'image/jpeg',9803,'products/42.jpg','[]','2024-05-24 04:02:17','2024-05-24 04:02:17',NULL,'public'),(129,0,'43-1','43-1',4,'image/jpeg',9803,'products/43-1.jpg','[]','2024-05-24 04:02:17','2024-05-24 04:02:17',NULL,'public'),(130,0,'43-2','43-2',4,'image/jpeg',9803,'products/43-2.jpg','[]','2024-05-24 04:02:17','2024-05-24 04:02:17',NULL,'public'),(131,0,'43','43',4,'image/jpeg',9803,'products/43.jpg','[]','2024-05-24 04:02:17','2024-05-24 04:02:17',NULL,'public'),(132,0,'44-1','44-1',4,'image/jpeg',9803,'products/44-1.jpg','[]','2024-05-24 04:02:17','2024-05-24 04:02:17',NULL,'public'),(133,0,'44-2','44-2',4,'image/jpeg',9803,'products/44-2.jpg','[]','2024-05-24 04:02:17','2024-05-24 04:02:17',NULL,'public'),(134,0,'44','44',4,'image/jpeg',9803,'products/44.jpg','[]','2024-05-24 04:02:17','2024-05-24 04:02:17',NULL,'public'),(135,0,'45-1','45-1',4,'image/jpeg',9803,'products/45-1.jpg','[]','2024-05-24 04:02:17','2024-05-24 04:02:17',NULL,'public'),(136,0,'45','45',4,'image/jpeg',9803,'products/45.jpg','[]','2024-05-24 04:02:17','2024-05-24 04:02:17',NULL,'public'),(137,0,'46-1','46-1',4,'image/jpeg',9803,'products/46-1.jpg','[]','2024-05-24 04:02:17','2024-05-24 04:02:17',NULL,'public'),(138,0,'46','46',4,'image/jpeg',9803,'products/46.jpg','[]','2024-05-24 04:02:17','2024-05-24 04:02:17',NULL,'public'),(139,0,'47-1','47-1',4,'image/jpeg',9803,'products/47-1.jpg','[]','2024-05-24 04:02:17','2024-05-24 04:02:17',NULL,'public'),(140,0,'47','47',4,'image/jpeg',9803,'products/47.jpg','[]','2024-05-24 04:02:17','2024-05-24 04:02:17',NULL,'public'),(141,0,'48-1','48-1',4,'image/jpeg',9803,'products/48-1.jpg','[]','2024-05-24 04:02:18','2024-05-24 04:02:18',NULL,'public'),(142,0,'48-2','48-2',4,'image/jpeg',9803,'products/48-2.jpg','[]','2024-05-24 04:02:18','2024-05-24 04:02:18',NULL,'public'),(143,0,'48','48',4,'image/jpeg',9803,'products/48.jpg','[]','2024-05-24 04:02:18','2024-05-24 04:02:18',NULL,'public'),(144,0,'49-1','49-1',4,'image/jpeg',9803,'products/49-1.jpg','[]','2024-05-24 04:02:18','2024-05-24 04:02:18',NULL,'public'),(145,0,'49-2','49-2',4,'image/jpeg',9803,'products/49-2.jpg','[]','2024-05-24 04:02:18','2024-05-24 04:02:18',NULL,'public'),(146,0,'49','49',4,'image/jpeg',9803,'products/49.jpg','[]','2024-05-24 04:02:18','2024-05-24 04:02:18',NULL,'public'),(147,0,'5-1','5-1',4,'image/jpeg',9803,'products/5-1.jpg','[]','2024-05-24 04:02:18','2024-05-24 04:02:18',NULL,'public'),(148,0,'5-2','5-2',4,'image/jpeg',9803,'products/5-2.jpg','[]','2024-05-24 04:02:18','2024-05-24 04:02:18',NULL,'public'),(149,0,'5-3','5-3',4,'image/jpeg',9803,'products/5-3.jpg','[]','2024-05-24 04:02:18','2024-05-24 04:02:18',NULL,'public'),(150,0,'5','5',4,'image/jpeg',9803,'products/5.jpg','[]','2024-05-24 04:02:18','2024-05-24 04:02:18',NULL,'public'),(151,0,'50-1','50-1',4,'image/jpeg',9803,'products/50-1.jpg','[]','2024-05-24 04:02:18','2024-05-24 04:02:18',NULL,'public'),(152,0,'50','50',4,'image/jpeg',9803,'products/50.jpg','[]','2024-05-24 04:02:18','2024-05-24 04:02:18',NULL,'public'),(153,0,'51','51',4,'image/jpeg',9803,'products/51.jpg','[]','2024-05-24 04:02:18','2024-05-24 04:02:18',NULL,'public'),(154,0,'52-1','52-1',4,'image/jpeg',9803,'products/52-1.jpg','[]','2024-05-24 04:02:18','2024-05-24 04:02:18',NULL,'public'),(155,0,'52-2','52-2',4,'image/jpeg',9803,'products/52-2.jpg','[]','2024-05-24 04:02:18','2024-05-24 04:02:18',NULL,'public'),(156,0,'52','52',4,'image/jpeg',9803,'products/52.jpg','[]','2024-05-24 04:02:18','2024-05-24 04:02:18',NULL,'public'),(157,0,'53-1','53-1',4,'image/jpeg',9803,'products/53-1.jpg','[]','2024-05-24 04:02:18','2024-05-24 04:02:18',NULL,'public'),(158,0,'53','53',4,'image/jpeg',9803,'products/53.jpg','[]','2024-05-24 04:02:18','2024-05-24 04:02:18',NULL,'public'),(159,0,'54-1','54-1',4,'image/jpeg',9803,'products/54-1.jpg','[]','2024-05-24 04:02:18','2024-05-24 04:02:18',NULL,'public'),(160,0,'54','54',4,'image/jpeg',9803,'products/54.jpg','[]','2024-05-24 04:02:18','2024-05-24 04:02:18',NULL,'public'),(161,0,'55-1','55-1',4,'image/jpeg',9803,'products/55-1.jpg','[]','2024-05-24 04:02:19','2024-05-24 04:02:19',NULL,'public'),(162,0,'55-2','55-2',4,'image/jpeg',9803,'products/55-2.jpg','[]','2024-05-24 04:02:19','2024-05-24 04:02:19',NULL,'public'),(163,0,'55','55',4,'image/jpeg',9803,'products/55.jpg','[]','2024-05-24 04:02:19','2024-05-24 04:02:19',NULL,'public'),(164,0,'56-1','56-1',4,'image/jpeg',9803,'products/56-1.jpg','[]','2024-05-24 04:02:19','2024-05-24 04:02:19',NULL,'public'),(165,0,'56-2','56-2',4,'image/jpeg',9803,'products/56-2.jpg','[]','2024-05-24 04:02:19','2024-05-24 04:02:19',NULL,'public'),(166,0,'56','56',4,'image/jpeg',9803,'products/56.jpg','[]','2024-05-24 04:02:19','2024-05-24 04:02:19',NULL,'public'),(167,0,'57-1','57-1',4,'image/jpeg',9803,'products/57-1.jpg','[]','2024-05-24 04:02:19','2024-05-24 04:02:19',NULL,'public'),(168,0,'57','57',4,'image/jpeg',9803,'products/57.jpg','[]','2024-05-24 04:02:19','2024-05-24 04:02:19',NULL,'public'),(169,0,'58-1','58-1',4,'image/jpeg',9803,'products/58-1.jpg','[]','2024-05-24 04:02:19','2024-05-24 04:02:19',NULL,'public'),(170,0,'58-2','58-2',4,'image/jpeg',9803,'products/58-2.jpg','[]','2024-05-24 04:02:19','2024-05-24 04:02:19',NULL,'public'),(171,0,'58','58',4,'image/jpeg',9803,'products/58.jpg','[]','2024-05-24 04:02:19','2024-05-24 04:02:19',NULL,'public'),(172,0,'59-1','59-1',4,'image/jpeg',9803,'products/59-1.jpg','[]','2024-05-24 04:02:19','2024-05-24 04:02:19',NULL,'public'),(173,0,'59-2','59-2',4,'image/jpeg',9803,'products/59-2.jpg','[]','2024-05-24 04:02:19','2024-05-24 04:02:19',NULL,'public'),(174,0,'59-3','59-3',4,'image/jpeg',9803,'products/59-3.jpg','[]','2024-05-24 04:02:19','2024-05-24 04:02:19',NULL,'public'),(175,0,'59','59',4,'image/jpeg',9803,'products/59.jpg','[]','2024-05-24 04:02:19','2024-05-24 04:02:19',NULL,'public'),(176,0,'6','6',4,'image/jpeg',9803,'products/6.jpg','[]','2024-05-24 04:02:19','2024-05-24 04:02:19',NULL,'public'),(177,0,'60-1','60-1',4,'image/jpeg',9803,'products/60-1.jpg','[]','2024-05-24 04:02:19','2024-05-24 04:02:19',NULL,'public'),(178,0,'60-2','60-2',4,'image/jpeg',9803,'products/60-2.jpg','[]','2024-05-24 04:02:19','2024-05-24 04:02:19',NULL,'public'),(179,0,'60','60',4,'image/jpeg',9803,'products/60.jpg','[]','2024-05-24 04:02:19','2024-05-24 04:02:19',NULL,'public'),(180,0,'61-1','61-1',4,'image/jpeg',9803,'products/61-1.jpg','[]','2024-05-24 04:02:19','2024-05-24 04:02:19',NULL,'public'),(181,0,'61','61',4,'image/jpeg',9803,'products/61.jpg','[]','2024-05-24 04:02:19','2024-05-24 04:02:19',NULL,'public'),(182,0,'62-1','62-1',4,'image/jpeg',9803,'products/62-1.jpg','[]','2024-05-24 04:02:19','2024-05-24 04:02:19',NULL,'public'),(183,0,'62','62',4,'image/jpeg',9803,'products/62.jpg','[]','2024-05-24 04:02:19','2024-05-24 04:02:19',NULL,'public'),(184,0,'63-1','63-1',4,'image/jpeg',9803,'products/63-1.jpg','[]','2024-05-24 04:02:19','2024-05-24 04:02:19',NULL,'public'),(185,0,'63','63',4,'image/jpeg',9803,'products/63.jpg','[]','2024-05-24 04:02:20','2024-05-24 04:02:20',NULL,'public'),(186,0,'64-1','64-1',4,'image/jpeg',9803,'products/64-1.jpg','[]','2024-05-24 04:02:20','2024-05-24 04:02:20',NULL,'public'),(187,0,'64','64',4,'image/jpeg',9803,'products/64.jpg','[]','2024-05-24 04:02:20','2024-05-24 04:02:20',NULL,'public'),(188,0,'65-1','65-1',4,'image/jpeg',9803,'products/65-1.jpg','[]','2024-05-24 04:02:20','2024-05-24 04:02:20',NULL,'public'),(189,0,'65-2','65-2',4,'image/jpeg',9803,'products/65-2.jpg','[]','2024-05-24 04:02:20','2024-05-24 04:02:20',NULL,'public'),(190,0,'65','65',4,'image/jpeg',9803,'products/65.jpg','[]','2024-05-24 04:02:20','2024-05-24 04:02:20',NULL,'public'),(191,0,'7','7',4,'image/jpeg',9803,'products/7.jpg','[]','2024-05-24 04:02:20','2024-05-24 04:02:20',NULL,'public'),(192,0,'8-1','8-1',4,'image/jpeg',9803,'products/8-1.jpg','[]','2024-05-24 04:02:20','2024-05-24 04:02:20',NULL,'public'),(193,0,'8-2','8-2',4,'image/jpeg',9803,'products/8-2.jpg','[]','2024-05-24 04:02:20','2024-05-24 04:02:20',NULL,'public'),(194,0,'8-3','8-3',4,'image/jpeg',9803,'products/8-3.jpg','[]','2024-05-24 04:02:20','2024-05-24 04:02:20',NULL,'public'),(195,0,'8','8',4,'image/jpeg',9803,'products/8.jpg','[]','2024-05-24 04:02:20','2024-05-24 04:02:20',NULL,'public'),(196,0,'9-1','9-1',4,'image/jpeg',9803,'products/9-1.jpg','[]','2024-05-24 04:02:20','2024-05-24 04:02:20',NULL,'public'),(197,0,'9-2','9-2',4,'image/jpeg',9803,'products/9-2.jpg','[]','2024-05-24 04:02:20','2024-05-24 04:02:20',NULL,'public'),(198,0,'9','9',4,'image/jpeg',9803,'products/9.jpg','[]','2024-05-24 04:02:20','2024-05-24 04:02:20',NULL,'public'),(199,0,'1','1',5,'image/png',2691,'stores/1.png','[]','2024-05-24 04:02:27','2024-05-24 04:02:27',NULL,'public'),(200,0,'10','10',5,'image/png',2691,'stores/10.png','[]','2024-05-24 04:02:27','2024-05-24 04:02:27',NULL,'public'),(201,0,'11','11',5,'image/png',2691,'stores/11.png','[]','2024-05-24 04:02:27','2024-05-24 04:02:27',NULL,'public'),(202,0,'12','12',5,'image/png',2691,'stores/12.png','[]','2024-05-24 04:02:27','2024-05-24 04:02:27',NULL,'public'),(203,0,'13','13',5,'image/png',2691,'stores/13.png','[]','2024-05-24 04:02:27','2024-05-24 04:02:27',NULL,'public'),(204,0,'14','14',5,'image/png',2691,'stores/14.png','[]','2024-05-24 04:02:27','2024-05-24 04:02:27',NULL,'public'),(205,0,'15','15',5,'image/png',2691,'stores/15.png','[]','2024-05-24 04:02:27','2024-05-24 04:02:27',NULL,'public'),(206,0,'16','16',5,'image/png',2732,'stores/16.png','[]','2024-05-24 04:02:27','2024-05-24 04:02:27',NULL,'public'),(207,0,'17','17',5,'image/png',2732,'stores/17.png','[]','2024-05-24 04:02:27','2024-05-24 04:02:27',NULL,'public'),(208,0,'2','2',5,'image/png',2691,'stores/2.png','[]','2024-05-24 04:02:27','2024-05-24 04:02:27',NULL,'public'),(209,0,'3','3',5,'image/png',2691,'stores/3.png','[]','2024-05-24 04:02:28','2024-05-24 04:02:28',NULL,'public'),(210,0,'4','4',5,'image/png',2691,'stores/4.png','[]','2024-05-24 04:02:28','2024-05-24 04:02:28',NULL,'public'),(211,0,'5','5',5,'image/png',2691,'stores/5.png','[]','2024-05-24 04:02:28','2024-05-24 04:02:28',NULL,'public'),(212,0,'6','6',5,'image/png',2691,'stores/6.png','[]','2024-05-24 04:02:28','2024-05-24 04:02:28',NULL,'public'),(213,0,'7','7',5,'image/png',2691,'stores/7.png','[]','2024-05-24 04:02:28','2024-05-24 04:02:28',NULL,'public'),(214,0,'8','8',5,'image/png',2691,'stores/8.png','[]','2024-05-24 04:02:28','2024-05-24 04:02:28',NULL,'public'),(215,0,'9','9',5,'image/png',2691,'stores/9.png','[]','2024-05-24 04:02:28','2024-05-24 04:02:28',NULL,'public'),(216,0,'background-1','background-1',5,'image/jpeg',5286,'stores/background-1.jpg','[]','2024-05-24 04:02:28','2024-05-24 04:02:28',NULL,'public'),(217,0,'background-2','background-2',5,'image/jpeg',5286,'stores/background-2.jpg','[]','2024-05-24 04:02:28','2024-05-24 04:02:28',NULL,'public'),(218,0,'1','1',6,'image/jpeg',9803,'news/1.jpg','[]','2024-05-24 04:02:30','2024-05-24 04:02:30',NULL,'public'),(219,0,'10','10',6,'image/jpeg',9803,'news/10.jpg','[]','2024-05-24 04:02:30','2024-05-24 04:02:30',NULL,'public'),(220,0,'11','11',6,'image/jpeg',9803,'news/11.jpg','[]','2024-05-24 04:02:30','2024-05-24 04:02:30',NULL,'public'),(221,0,'2','2',6,'image/jpeg',9803,'news/2.jpg','[]','2024-05-24 04:02:30','2024-05-24 04:02:30',NULL,'public'),(222,0,'3','3',6,'image/jpeg',9803,'news/3.jpg','[]','2024-05-24 04:02:30','2024-05-24 04:02:30',NULL,'public'),(223,0,'4','4',6,'image/jpeg',9803,'news/4.jpg','[]','2024-05-24 04:02:30','2024-05-24 04:02:30',NULL,'public'),(224,0,'5','5',6,'image/jpeg',9803,'news/5.jpg','[]','2024-05-24 04:02:30','2024-05-24 04:02:30',NULL,'public'),(225,0,'6','6',6,'image/jpeg',9803,'news/6.jpg','[]','2024-05-24 04:02:30','2024-05-24 04:02:30',NULL,'public'),(226,0,'7','7',6,'image/jpeg',9803,'news/7.jpg','[]','2024-05-24 04:02:30','2024-05-24 04:02:30',NULL,'public'),(227,0,'8','8',6,'image/jpeg',9803,'news/8.jpg','[]','2024-05-24 04:02:30','2024-05-24 04:02:30',NULL,'public'),(228,0,'9','9',6,'image/jpeg',9803,'news/9.jpg','[]','2024-05-24 04:02:30','2024-05-24 04:02:30',NULL,'public'),(229,0,'01-sm','01-sm',7,'image/jpeg',10737,'sliders/01-sm.jpg','[]','2024-05-24 04:02:30','2024-05-24 04:02:30',NULL,'public'),(230,0,'01','01',7,'image/jpeg',11704,'sliders/01.jpg','[]','2024-05-24 04:02:30','2024-05-24 04:02:30',NULL,'public'),(231,0,'02-sm','02-sm',7,'image/jpeg',10737,'sliders/02-sm.jpg','[]','2024-05-24 04:02:30','2024-05-24 04:02:30',NULL,'public'),(232,0,'02','02',7,'image/jpeg',11704,'sliders/02.jpg','[]','2024-05-24 04:02:31','2024-05-24 04:02:31',NULL,'public'),(233,0,'1','1',8,'image/jpeg',7935,'promotion/1.jpg','[]','2024-05-24 04:02:31','2024-05-24 04:02:31',NULL,'public'),(234,0,'2','2',8,'image/png',14659,'promotion/2.png','[]','2024-05-24 04:02:31','2024-05-24 04:02:31',NULL,'public'),(235,0,'3','3',8,'image/png',10632,'promotion/3.png','[]','2024-05-24 04:02:31','2024-05-24 04:02:31',NULL,'public'),(236,0,'4','4',8,'image/png',10076,'promotion/4.png','[]','2024-05-24 04:02:31','2024-05-24 04:02:31',NULL,'public'),(237,0,'5','5',8,'image/png',12274,'promotion/5.png','[]','2024-05-24 04:02:31','2024-05-24 04:02:31',NULL,'public'),(238,0,'404','404',9,'image/png',31617,'general/404.png','[]','2024-05-24 04:02:31','2024-05-24 04:02:31',NULL,'public'),(239,0,'app-android','app-android',9,'image/png',630,'general/app-android.png','[]','2024-05-24 04:02:31','2024-05-24 04:02:31',NULL,'public'),(240,0,'app-bg','app-bg',9,'image/png',11530,'general/app-bg.png','[]','2024-05-24 04:02:31','2024-05-24 04:02:31',NULL,'public'),(241,0,'app-ios','app-ios',9,'image/png',630,'general/app-ios.png','[]','2024-05-24 04:02:31','2024-05-24 04:02:31',NULL,'public'),(242,0,'background','background',9,'image/jpeg',26676,'general/background.jpg','[]','2024-05-24 04:02:31','2024-05-24 04:02:31',NULL,'public'),(243,0,'blog-bg','blog-bg',9,'image/jpeg',81226,'general/blog-bg.jpg','[]','2024-05-24 04:02:31','2024-05-24 04:02:31',NULL,'public'),(244,0,'coming-soon','coming-soon',9,'image/jpeg',26506,'general/coming-soon.jpg','[]','2024-05-24 04:02:31','2024-05-24 04:02:31',NULL,'public'),(245,0,'facebook','facebook',9,'image/png',686,'general/facebook.png','[]','2024-05-24 04:02:31','2024-05-24 04:02:31',NULL,'public'),(246,0,'favicon','favicon',9,'image/png',6542,'general/favicon.png','[]','2024-05-24 04:02:31','2024-05-24 04:02:31',NULL,'public'),(247,0,'footer-payments','footer-payments',9,'image/png',439,'general/footer-payments.png','[]','2024-05-24 04:02:31','2024-05-24 04:02:31',NULL,'public'),(248,0,'icon-protect','icon-protect',9,'image/png',1665,'general/icon-protect.png','[]','2024-05-24 04:02:31','2024-05-24 04:02:31',NULL,'public'),(249,0,'icon-reload','icon-reload',9,'image/png',1442,'general/icon-reload.png','[]','2024-05-24 04:02:31','2024-05-24 04:02:31',NULL,'public'),(250,0,'icon-rocket','icon-rocket',9,'image/png',1541,'general/icon-rocket.png','[]','2024-05-24 04:02:31','2024-05-24 04:02:31',NULL,'public'),(251,0,'icon-support','icon-support',9,'image/png',1813,'general/icon-support.png','[]','2024-05-24 04:02:31','2024-05-24 04:02:31',NULL,'public'),(252,0,'icon-tag','icon-tag',9,'image/png',1127,'general/icon-tag.png','[]','2024-05-24 04:02:31','2024-05-24 04:02:31',NULL,'public'),(253,0,'instagram','instagram',9,'image/png',2355,'general/instagram.png','[]','2024-05-24 04:02:31','2024-05-24 04:02:31',NULL,'public'),(254,0,'logo-light','logo-light',9,'image/png',12700,'general/logo-light.png','[]','2024-05-24 04:02:31','2024-05-24 04:02:31',NULL,'public'),(255,0,'logo','logo',9,'image/png',18493,'general/logo.png','[]','2024-05-24 04:02:31','2024-05-24 04:02:31',NULL,'public'),(256,0,'newsletter-popup','newsletter-popup',9,'image/png',17253,'general/newsletter-popup.png','[]','2024-05-24 04:02:31','2024-05-24 04:02:31',NULL,'public'),(257,0,'open-graph-image','open-graph-image',9,'image/png',406719,'general/open-graph-image.png','[]','2024-05-24 04:02:32','2024-05-24 04:02:32',NULL,'public'),(258,0,'pinterest','pinterest',9,'image/png',1857,'general/pinterest.png','[]','2024-05-24 04:02:32','2024-05-24 04:02:32',NULL,'public'),(259,0,'placeholder','placeholder',9,'image/png',2543,'general/placeholder.png','[]','2024-05-24 04:02:32','2024-05-24 04:02:32',NULL,'public'),(260,0,'slider-bg','slider-bg',9,'image/jpeg',26676,'general/slider-bg.jpg','[]','2024-05-24 04:02:32','2024-05-24 04:02:32',NULL,'public'),(261,0,'twitter','twitter',9,'image/png',1587,'general/twitter.png','[]','2024-05-24 04:02:32','2024-05-24 04:02:32',NULL,'public'),(262,0,'youtube','youtube',9,'image/png',947,'general/youtube.png','[]','2024-05-24 04:02:32','2024-05-24 04:02:32',NULL,'public');

--
-- Table structure for table `media_folders`
--

CREATE TABLE `media_folders` (
  `id` bigint unsigned NOT NULL AUTO_INCREMENT,
  `user_id` bigint unsigned NOT NULL,
  `name` varchar(191) COLLATE utf8mb4_unicode_ci DEFAULT NULL,
  `color` varchar(191) COLLATE utf8mb4_unicode_ci DEFAULT NULL,
  `slug` varchar(191) COLLATE utf8mb4_unicode_ci DEFAULT NULL,
  `parent_id` bigint unsigned NOT NULL DEFAULT '0',
  `created_at` timestamp NULL DEFAULT NULL,
  `updated_at` timestamp NULL DEFAULT NULL,
  `deleted_at` timestamp NULL DEFAULT NULL,
  PRIMARY KEY (`id`),
  KEY `media_folders_user_id_index` (`user_id`),
  KEY `media_folders_index` (`parent_id`,`user_id`,`created_at`)
) ENGINE=InnoDB AUTO_INCREMENT=10 DEFAULT CHARSET=utf8mb4 COLLATE=utf8mb4_unicode_ci;

--
-- Dumping data for table `media_folders`
--

INSERT INTO `media_folders` VALUES (1,0,'brands',NULL,'brands',0,'2024-05-24 04:02:06','2024-05-24 04:02:06',NULL),(2,0,'product-categories',NULL,'product-categories',0,'2024-05-24 04:02:06','2024-05-24 04:02:06',NULL),(3,0,'customers',NULL,'customers',0,'2024-05-24 04:02:07','2024-05-24 04:02:07',NULL),(4,0,'products',NULL,'products',0,'2024-05-24 04:02:13','2024-05-24 04:02:13',NULL),(5,0,'stores',NULL,'stores',0,'2024-05-24 04:02:27','2024-05-24 04:02:27',NULL),(6,0,'news',NULL,'news',0,'2024-05-24 04:02:30','2024-05-24 04:02:30',NULL),(7,0,'sliders',NULL,'sliders',0,'2024-05-24 04:02:30','2024-05-24 04:02:30',NULL),(8,0,'promotion',NULL,'promotion',0,'2024-05-24 04:02:31','2024-05-24 04:02:31',NULL),(9,0,'general',NULL,'general',0,'2024-05-24 04:02:31','2024-05-24 04:02:31',NULL);

--
-- Table structure for table `media_settings`
--

CREATE TABLE `media_settings` (
  `id` bigint unsigned NOT NULL AUTO_INCREMENT,
  `key` varchar(120) COLLATE utf8mb4_unicode_ci NOT NULL,
  `value` text COLLATE utf8mb4_unicode_ci,
  `media_id` bigint unsigned DEFAULT NULL,
  `user_id` bigint unsigned DEFAULT NULL,
  `created_at` timestamp NULL DEFAULT NULL,
  `updated_at` timestamp NULL DEFAULT NULL,
  PRIMARY KEY (`id`)
) ENGINE=InnoDB DEFAULT CHARSET=utf8mb4 COLLATE=utf8mb4_unicode_ci;

--
-- Dumping data for table `media_settings`
--


--
-- Table structure for table `menu_locations`
--

CREATE TABLE `menu_locations` (
  `id` bigint unsigned NOT NULL AUTO_INCREMENT,
  `menu_id` bigint unsigned NOT NULL,
  `location` varchar(120) COLLATE utf8mb4_unicode_ci NOT NULL,
  `created_at` timestamp NULL DEFAULT NULL,
  `updated_at` timestamp NULL DEFAULT NULL,
  PRIMARY KEY (`id`),
  KEY `menu_locations_menu_id_created_at_index` (`menu_id`,`created_at`)
) ENGINE=InnoDB AUTO_INCREMENT=3 DEFAULT CHARSET=utf8mb4 COLLATE=utf8mb4_unicode_ci;

--
-- Dumping data for table `menu_locations`
--

INSERT INTO `menu_locations` VALUES (1,1,'main-menu','2024-05-24 04:02:31','2024-05-24 04:02:31'),(2,2,'header-navigation','2024-05-24 04:02:31','2024-05-24 04:02:31');

--
-- Table structure for table `menu_nodes`
--

CREATE TABLE `menu_nodes` (
  `id` bigint unsigned NOT NULL AUTO_INCREMENT,
  `menu_id` bigint unsigned NOT NULL,
  `parent_id` bigint unsigned NOT NULL DEFAULT '0',
  `reference_id` bigint unsigned DEFAULT NULL,
  `reference_type` varchar(191) COLLATE utf8mb4_unicode_ci DEFAULT NULL,
  `url` varchar(120) COLLATE utf8mb4_unicode_ci DEFAULT NULL,
  `icon_font` varchar(50) COLLATE utf8mb4_unicode_ci DEFAULT NULL,
  `position` tinyint unsigned NOT NULL DEFAULT '0',
  `title` varchar(120) COLLATE utf8mb4_unicode_ci DEFAULT NULL,
  `css_class` varchar(120) COLLATE utf8mb4_unicode_ci DEFAULT NULL,
  `target` varchar(20) COLLATE utf8mb4_unicode_ci NOT NULL DEFAULT '_self',
  `has_child` tinyint unsigned NOT NULL DEFAULT '0',
  `created_at` timestamp NULL DEFAULT NULL,
  `updated_at` timestamp NULL DEFAULT NULL,
  PRIMARY KEY (`id`),
  KEY `menu_nodes_menu_id_index` (`menu_id`),
  KEY `menu_nodes_parent_id_index` (`parent_id`),
  KEY `reference_id` (`reference_id`),
  KEY `reference_type` (`reference_type`)
) ENGINE=InnoDB AUTO_INCREMENT=32 DEFAULT CHARSET=utf8mb4 COLLATE=utf8mb4_unicode_ci;

--
-- Dumping data for table `menu_nodes`
--

INSERT INTO `menu_nodes` VALUES (1,1,0,NULL,NULL,'/products/smart-watches','icon icon-tag',0,'Special Prices',NULL,'_self',0,'2024-05-24 04:02:31','2024-05-24 04:02:31'),(2,1,0,NULL,NULL,'#',NULL,0,'Pages',NULL,'_self',1,'2024-05-24 04:02:31','2024-05-24 04:02:31'),(3,1,2,2,'Botble\\Page\\Models\\Page','/about-us',NULL,0,'About us',NULL,'_self',0,'2024-05-24 04:02:31','2024-05-24 04:02:31'),(4,1,2,3,'Botble\\Page\\Models\\Page','/terms-of-use',NULL,0,'Terms Of Use',NULL,'_self',0,'2024-05-24 04:02:31','2024-05-24 04:02:31'),(5,1,2,4,'Botble\\Page\\Models\\Page','/terms-conditions',NULL,0,'Terms & Conditions',NULL,'_self',0,'2024-05-24 04:02:31','2024-05-24 04:02:31'),(6,1,2,5,'Botble\\Page\\Models\\Page','/refund-policy',NULL,0,'Refund Policy',NULL,'_self',0,'2024-05-24 04:02:31','2024-05-24 04:02:31'),(7,1,2,12,'Botble\\Page\\Models\\Page','/coming-soon',NULL,0,'Coming soon',NULL,'_self',0,'2024-05-24 04:02:31','2024-05-24 04:02:31'),(8,1,0,NULL,NULL,'/products',NULL,0,'Shop',NULL,'_self',1,'2024-05-24 04:02:31','2024-05-24 04:02:31'),(9,1,8,NULL,NULL,'/products',NULL,0,'All products',NULL,'_self',0,'2024-05-24 04:02:31','2024-05-24 04:02:31'),(10,1,8,15,'Botble\\Ecommerce\\Models\\ProductCategory',NULL,NULL,0,'Products Of Category',NULL,'_self',0,'2024-05-24 04:02:31','2024-05-24 04:02:31'),(11,1,8,NULL,NULL,'/products/beat-headphone',NULL,0,'Product Single',NULL,'_self',0,'2024-05-24 04:02:31','2024-05-24 04:02:31'),(12,1,0,NULL,NULL,'/stores',NULL,0,'Stores',NULL,'_self',0,'2024-05-24 04:02:31','2024-05-24 04:02:31'),(13,1,0,6,'Botble\\Page\\Models\\Page',NULL,NULL,0,'Blog',NULL,'_self',0,'2024-05-24 04:02:31','2024-05-24 04:02:31'),(14,1,0,7,'Botble\\Page\\Models\\Page',NULL,NULL,0,'FAQs',NULL,'_self',0,'2024-05-24 04:02:31','2024-05-24 04:02:31'),(15,1,0,8,'Botble\\Page\\Models\\Page',NULL,NULL,0,'Contact',NULL,'_self',0,'2024-05-24 04:02:31','2024-05-24 04:02:31'),(16,2,0,2,'Botble\\Page\\Models\\Page',NULL,NULL,1,'About Us',NULL,'_self',0,'2024-05-24 04:02:31','2024-05-24 04:02:31'),(17,2,0,NULL,NULL,'wishlist',NULL,1,'Wishlist',NULL,'_self',0,'2024-05-24 04:02:31','2024-05-24 04:02:31'),(18,2,0,NULL,NULL,'orders/tracking',NULL,1,'Order Tracking',NULL,'_self',0,'2024-05-24 04:02:31','2024-05-24 04:02:31'),(19,3,0,3,'Botble\\Page\\Models\\Page',NULL,NULL,2,'Terms Of Use',NULL,'_self',0,'2024-05-24 04:02:31','2024-05-24 04:02:31'),(20,3,0,4,'Botble\\Page\\Models\\Page',NULL,NULL,2,'Terms & Conditions',NULL,'_self',0,'2024-05-24 04:02:31','2024-05-24 04:02:31'),(21,3,0,5,'Botble\\Page\\Models\\Page',NULL,NULL,2,'Refund Policy',NULL,'_self',0,'2024-05-24 04:02:31','2024-05-24 04:02:31'),(22,3,0,7,'Botble\\Page\\Models\\Page',NULL,NULL,2,'FAQs',NULL,'_self',0,'2024-05-24 04:02:31','2024-05-24 04:02:31'),(23,3,0,NULL,NULL,'/nothing',NULL,2,'404 Page',NULL,'_self',0,'2024-05-24 04:02:31','2024-05-24 04:02:31'),(24,4,0,2,'Botble\\Page\\Models\\Page',NULL,NULL,3,'About us',NULL,'_self',0,'2024-05-24 04:02:31','2024-05-24 04:02:31'),(25,4,0,10,'Botble\\Page\\Models\\Page',NULL,NULL,3,'Affiliate',NULL,'_self',0,'2024-05-24 04:02:31','2024-05-24 04:02:31'),(26,4,0,11,'Botble\\Page\\Models\\Page',NULL,NULL,3,'Career',NULL,'_self',0,'2024-05-24 04:02:31','2024-05-24 04:02:31'),(27,4,0,8,'Botble\\Page\\Models\\Page',NULL,NULL,3,'Contact us',NULL,'_self',0,'2024-05-24 04:02:31','2024-05-24 04:02:31'),(28,5,0,6,'Botble\\Page\\Models\\Page',NULL,NULL,4,'Our blog',NULL,'_self',0,'2024-05-24 04:02:31','2024-05-24 04:02:31'),(29,5,0,NULL,NULL,'/cart',NULL,4,'Cart',NULL,'_self',0,'2024-05-24 04:02:31','2024-05-24 04:02:31'),(30,5,0,NULL,NULL,'/customer/overview',NULL,4,'My account',NULL,'_self',0,'2024-05-24 04:02:31','2024-05-24 04:02:31'),(31,5,0,NULL,NULL,'/products',NULL,4,'Shop',NULL,'_self',0,'2024-05-24 04:02:31','2024-05-24 04:02:31');

--
-- Table structure for table `menus`
--

CREATE TABLE `menus` (
  `id` bigint unsigned NOT NULL AUTO_INCREMENT,
  `name` varchar(120) COLLATE utf8mb4_unicode_ci NOT NULL,
  `slug` varchar(120) COLLATE utf8mb4_unicode_ci DEFAULT NULL,
  `status` varchar(60) COLLATE utf8mb4_unicode_ci NOT NULL DEFAULT 'published',
  `created_at` timestamp NULL DEFAULT NULL,
  `updated_at` timestamp NULL DEFAULT NULL,
  PRIMARY KEY (`id`),
  UNIQUE KEY `menus_slug_unique` (`slug`)
) ENGINE=InnoDB AUTO_INCREMENT=6 DEFAULT CHARSET=utf8mb4 COLLATE=utf8mb4_unicode_ci;

--
-- Dumping data for table `menus`
--

INSERT INTO `menus` VALUES (1,'Main menu','main-menu','published','2024-05-24 04:02:31','2024-05-24 04:02:31'),(2,'Header menu','header-menu','published','2024-05-24 04:02:31','2024-05-24 04:02:31'),(3,'Useful Links','useful-links','published','2024-05-24 04:02:31','2024-05-24 04:02:31'),(4,'Help Center','help-center','published','2024-05-24 04:02:31','2024-05-24 04:02:31'),(5,'Business','business','published','2024-05-24 04:02:31','2024-05-24 04:02:31');

--
-- Table structure for table `meta_boxes`
--

CREATE TABLE `meta_boxes` (
  `id` bigint unsigned NOT NULL AUTO_INCREMENT,
  `meta_key` varchar(191) COLLATE utf8mb4_unicode_ci NOT NULL,
  `meta_value` text COLLATE utf8mb4_unicode_ci,
  `reference_id` bigint unsigned NOT NULL,
  `reference_type` varchar(120) COLLATE utf8mb4_unicode_ci NOT NULL,
  `created_at` timestamp NULL DEFAULT NULL,
  `updated_at` timestamp NULL DEFAULT NULL,
  PRIMARY KEY (`id`),
  KEY `meta_boxes_reference_id_index` (`reference_id`)
) ENGINE=InnoDB AUTO_INCREMENT=86 DEFAULT CHARSET=utf8mb4 COLLATE=utf8mb4_unicode_ci;

--
-- Dumping data for table `meta_boxes`
--

INSERT INTO `meta_boxes` VALUES (1,'faq_ids','[[1,5,7,9,10]]',1,'Botble\\Ecommerce\\Models\\Product','2024-05-24 04:02:21','2024-05-24 04:02:21'),(2,'faq_ids','[[4,5,6,8,9]]',2,'Botble\\Ecommerce\\Models\\Product','2024-05-24 04:02:21','2024-05-24 04:02:21'),(3,'faq_ids','[[3,4,6,7,9]]',3,'Botble\\Ecommerce\\Models\\Product','2024-05-24 04:02:21','2024-05-24 04:02:21'),(4,'faq_ids','[[1,2,3,9,10]]',4,'Botble\\Ecommerce\\Models\\Product','2024-05-24 04:02:21','2024-05-24 04:02:21'),(5,'faq_ids','[[2,3,5,8,10]]',5,'Botble\\Ecommerce\\Models\\Product','2024-05-24 04:02:22','2024-05-24 04:02:22'),(6,'faq_ids','[[1,3,5,6,9]]',6,'Botble\\Ecommerce\\Models\\Product','2024-05-24 04:02:22','2024-05-24 04:02:22'),(7,'faq_ids','[[2,3,7,9,10]]',7,'Botble\\Ecommerce\\Models\\Product','2024-05-24 04:02:22','2024-05-24 04:02:22'),(8,'faq_ids','[[2,4,7,9,10]]',8,'Botble\\Ecommerce\\Models\\Product','2024-05-24 04:02:22','2024-05-24 04:02:22'),(9,'faq_ids','[[2,3,5,9,10]]',9,'Botble\\Ecommerce\\Models\\Product','2024-05-24 04:02:22','2024-05-24 04:02:22'),(10,'faq_ids','[[2,4,5,6,8]]',10,'Botble\\Ecommerce\\Models\\Product','2024-05-24 04:02:22','2024-05-24 04:02:22'),(11,'faq_ids','[[2,3,6,7,8]]',11,'Botble\\Ecommerce\\Models\\Product','2024-05-24 04:02:22','2024-05-24 04:02:22'),(12,'faq_ids','[[1,4,6,8,9]]',12,'Botble\\Ecommerce\\Models\\Product','2024-05-24 04:02:22','2024-05-24 04:02:22'),(13,'faq_ids','[[2,4,7,8,9]]',13,'Botble\\Ecommerce\\Models\\Product','2024-05-24 04:02:22','2024-05-24 04:02:22'),(14,'faq_ids','[[3,4,5,6,10]]',14,'Botble\\Ecommerce\\Models\\Product','2024-05-24 04:02:22','2024-05-24 04:02:22'),(15,'faq_ids','[[4,5,7,8,9]]',15,'Botble\\Ecommerce\\Models\\Product','2024-05-24 04:02:22','2024-05-24 04:02:22'),(16,'faq_ids','[[4,5,6,9,10]]',16,'Botble\\Ecommerce\\Models\\Product','2024-05-24 04:02:22','2024-05-24 04:02:22'),(17,'faq_ids','[[3,4,5,6,7]]',17,'Botble\\Ecommerce\\Models\\Product','2024-05-24 04:02:22','2024-05-24 04:02:22'),(18,'faq_ids','[[1,2,4,6,10]]',18,'Botble\\Ecommerce\\Models\\Product','2024-05-24 04:02:22','2024-05-24 04:02:22'),(19,'faq_ids','[[2,4,5,8,9]]',19,'Botble\\Ecommerce\\Models\\Product','2024-05-24 04:02:22','2024-05-24 04:02:22'),(20,'faq_ids','[[1,4,6,8,10]]',20,'Botble\\Ecommerce\\Models\\Product','2024-05-24 04:02:22','2024-05-24 04:02:22'),(21,'faq_ids','[[1,2,5,7,8]]',21,'Botble\\Ecommerce\\Models\\Product','2024-05-24 04:02:22','2024-05-24 04:02:22'),(22,'faq_ids','[[1,2,5,6,8]]',22,'Botble\\Ecommerce\\Models\\Product','2024-05-24 04:02:22','2024-05-24 04:02:22'),(23,'faq_ids','[[1,5,7,9,10]]',23,'Botble\\Ecommerce\\Models\\Product','2024-05-24 04:02:22','2024-05-24 04:02:22'),(24,'faq_ids','[[2,3,4,6,8]]',24,'Botble\\Ecommerce\\Models\\Product','2024-05-24 04:02:22','2024-05-24 04:02:22'),(25,'faq_ids','[[1,3,5,8,9]]',25,'Botble\\Ecommerce\\Models\\Product','2024-05-24 04:02:22','2024-05-24 04:02:22'),(26,'faq_ids','[[1,3,5,8,9]]',26,'Botble\\Ecommerce\\Models\\Product','2024-05-24 04:02:22','2024-05-24 04:02:22'),(27,'faq_ids','[[2,5,7,8,10]]',27,'Botble\\Ecommerce\\Models\\Product','2024-05-24 04:02:23','2024-05-24 04:02:23'),(28,'faq_ids','[[2,3,5,6,9]]',28,'Botble\\Ecommerce\\Models\\Product','2024-05-24 04:02:23','2024-05-24 04:02:23'),(29,'faq_ids','[[1,4,5,6,7]]',29,'Botble\\Ecommerce\\Models\\Product','2024-05-24 04:02:23','2024-05-24 04:02:23'),(30,'faq_ids','[[2,4,5,6,10]]',30,'Botble\\Ecommerce\\Models\\Product','2024-05-24 04:02:23','2024-05-24 04:02:23'),(31,'faq_ids','[[3,4,5,8,9]]',31,'Botble\\Ecommerce\\Models\\Product','2024-05-24 04:02:23','2024-05-24 04:02:23'),(32,'faq_ids','[[2,6,8,9,10]]',32,'Botble\\Ecommerce\\Models\\Product','2024-05-24 04:02:23','2024-05-24 04:02:23'),(33,'faq_ids','[[1,2,4,7,9]]',33,'Botble\\Ecommerce\\Models\\Product','2024-05-24 04:02:23','2024-05-24 04:02:23'),(34,'faq_ids','[[1,6,7,8,9]]',34,'Botble\\Ecommerce\\Models\\Product','2024-05-24 04:02:23','2024-05-24 04:02:23'),(35,'faq_ids','[[1,4,5,6,10]]',35,'Botble\\Ecommerce\\Models\\Product','2024-05-24 04:02:23','2024-05-24 04:02:23'),(36,'faq_ids','[[4,6,7,9,10]]',36,'Botble\\Ecommerce\\Models\\Product','2024-05-24 04:02:23','2024-05-24 04:02:23'),(37,'faq_ids','[[2,3,4,5,6]]',37,'Botble\\Ecommerce\\Models\\Product','2024-05-24 04:02:23','2024-05-24 04:02:23'),(38,'faq_ids','[[1,2,7,8,10]]',38,'Botble\\Ecommerce\\Models\\Product','2024-05-24 04:02:23','2024-05-24 04:02:23'),(39,'faq_ids','[[2,3,5,9,10]]',39,'Botble\\Ecommerce\\Models\\Product','2024-05-24 04:02:23','2024-05-24 04:02:23'),(40,'faq_ids','[[2,3,5,7,8]]',40,'Botble\\Ecommerce\\Models\\Product','2024-05-24 04:02:23','2024-05-24 04:02:23'),(41,'faq_ids','[[2,3,4,7,9]]',41,'Botble\\Ecommerce\\Models\\Product','2024-05-24 04:02:23','2024-05-24 04:02:23'),(42,'faq_ids','[[3,4,5,7,8]]',42,'Botble\\Ecommerce\\Models\\Product','2024-05-24 04:02:23','2024-05-24 04:02:23'),(43,'faq_ids','[[2,3,4,5,7]]',43,'Botble\\Ecommerce\\Models\\Product','2024-05-24 04:02:23','2024-05-24 04:02:23'),(44,'faq_ids','[[2,4,5,8,9]]',44,'Botble\\Ecommerce\\Models\\Product','2024-05-24 04:02:23','2024-05-24 04:02:23'),(45,'faq_ids','[[1,3,4,8,9]]',45,'Botble\\Ecommerce\\Models\\Product','2024-05-24 04:02:23','2024-05-24 04:02:23'),(46,'faq_ids','[[3,4,6,9,10]]',46,'Botble\\Ecommerce\\Models\\Product','2024-05-24 04:02:23','2024-05-24 04:02:23'),(47,'faq_ids','[[4,5,7,8,10]]',47,'Botble\\Ecommerce\\Models\\Product','2024-05-24 04:02:24','2024-05-24 04:02:24'),(48,'faq_ids','[[3,5,7,8,9]]',48,'Botble\\Ecommerce\\Models\\Product','2024-05-24 04:02:24','2024-05-24 04:02:24'),(49,'faq_ids','[[2,6,8,9,10]]',49,'Botble\\Ecommerce\\Models\\Product','2024-05-24 04:02:24','2024-05-24 04:02:24'),(50,'faq_ids','[[2,3,7,9,10]]',50,'Botble\\Ecommerce\\Models\\Product','2024-05-24 04:02:24','2024-05-24 04:02:24'),(51,'faq_ids','[[1,4,5,6,10]]',51,'Botble\\Ecommerce\\Models\\Product','2024-05-24 04:02:24','2024-05-24 04:02:24'),(52,'faq_ids','[[3,4,6,7,9]]',52,'Botble\\Ecommerce\\Models\\Product','2024-05-24 04:02:24','2024-05-24 04:02:24'),(53,'faq_ids','[[1,3,4,7,9]]',53,'Botble\\Ecommerce\\Models\\Product','2024-05-24 04:02:24','2024-05-24 04:02:24'),(54,'faq_ids','[[3,4,6,8,9]]',54,'Botble\\Ecommerce\\Models\\Product','2024-05-24 04:02:24','2024-05-24 04:02:24'),(55,'faq_ids','[[2,3,4,6,7]]',55,'Botble\\Ecommerce\\Models\\Product','2024-05-24 04:02:24','2024-05-24 04:02:24'),(56,'faq_ids','[[1,3,4,6,10]]',56,'Botble\\Ecommerce\\Models\\Product','2024-05-24 04:02:24','2024-05-24 04:02:24'),(57,'faq_ids','[[1,3,6,9,10]]',57,'Botble\\Ecommerce\\Models\\Product','2024-05-24 04:02:24','2024-05-24 04:02:24'),(58,'faq_ids','[[2,5,6,7,9]]',58,'Botble\\Ecommerce\\Models\\Product','2024-05-24 04:02:24','2024-05-24 04:02:24'),(59,'faq_ids','[[1,3,6,9,10]]',59,'Botble\\Ecommerce\\Models\\Product','2024-05-24 04:02:24','2024-05-24 04:02:24'),(60,'faq_ids','[[1,2,3,6,9]]',60,'Botble\\Ecommerce\\Models\\Product','2024-05-24 04:02:24','2024-05-24 04:02:24'),(61,'faq_ids','[[2,3,5,6,10]]',61,'Botble\\Ecommerce\\Models\\Product','2024-05-24 04:02:24','2024-05-24 04:02:24'),(62,'faq_ids','[[2,3,4,5,7]]',62,'Botble\\Ecommerce\\Models\\Product','2024-05-24 04:02:24','2024-05-24 04:02:24'),(63,'faq_ids','[[1,2,4,5,10]]',63,'Botble\\Ecommerce\\Models\\Product','2024-05-24 04:02:24','2024-05-24 04:02:24'),(64,'faq_ids','[[2,4,5,7,9]]',64,'Botble\\Ecommerce\\Models\\Product','2024-05-24 04:02:24','2024-05-24 04:02:24'),(65,'faq_ids','[[1,5,6,9,10]]',65,'Botble\\Ecommerce\\Models\\Product','2024-05-24 04:02:24','2024-05-24 04:02:24'),(66,'background','[\"stores\\/background-1.jpg\"]',1,'Botble\\Marketplace\\Models\\Store','2024-05-24 04:02:30','2024-05-24 04:02:30'),(67,'socials','[{\"facebook\":\"https:\\/\\/www.facebook.com\\/\",\"twitter\":\"https:\\/\\/www.twitter.com\\/\",\"youtube\":\"https:\\/\\/www.youtube.com\\/\",\"linkedin\":\"https:\\/\\/www.linkedin.com\\/\"}]',1,'Botble\\Marketplace\\Models\\Store','2024-05-24 04:02:30','2024-05-24 04:02:30'),(68,'background','[\"stores\\/background-1.jpg\"]',2,'Botble\\Marketplace\\Models\\Store','2024-05-24 04:02:30','2024-05-24 04:02:30'),(69,'socials','[{\"facebook\":\"https:\\/\\/www.facebook.com\\/\",\"twitter\":\"https:\\/\\/www.twitter.com\\/\",\"youtube\":\"https:\\/\\/www.youtube.com\\/\",\"linkedin\":\"https:\\/\\/www.linkedin.com\\/\"}]',2,'Botble\\Marketplace\\Models\\Store','2024-05-24 04:02:30','2024-05-24 04:02:30'),(70,'background','[\"stores\\/background-2.jpg\"]',3,'Botble\\Marketplace\\Models\\Store','2024-05-24 04:02:30','2024-05-24 04:02:30'),(71,'socials','[{\"facebook\":\"https:\\/\\/www.facebook.com\\/\",\"twitter\":\"https:\\/\\/www.twitter.com\\/\",\"youtube\":\"https:\\/\\/www.youtube.com\\/\",\"linkedin\":\"https:\\/\\/www.linkedin.com\\/\"}]',3,'Botble\\Marketplace\\Models\\Store','2024-05-24 04:02:30','2024-05-24 04:02:30'),(72,'background','[\"stores\\/background-1.jpg\"]',4,'Botble\\Marketplace\\Models\\Store','2024-05-24 04:02:30','2024-05-24 04:02:30'),(73,'socials','[{\"facebook\":\"https:\\/\\/www.facebook.com\\/\",\"twitter\":\"https:\\/\\/www.twitter.com\\/\",\"youtube\":\"https:\\/\\/www.youtube.com\\/\",\"linkedin\":\"https:\\/\\/www.linkedin.com\\/\"}]',4,'Botble\\Marketplace\\Models\\Store','2024-05-24 04:02:30','2024-05-24 04:02:30'),(74,'background','[\"stores\\/background-1.jpg\"]',5,'Botble\\Marketplace\\Models\\Store','2024-05-24 04:02:30','2024-05-24 04:02:30'),(75,'socials','[{\"facebook\":\"https:\\/\\/www.facebook.com\\/\",\"twitter\":\"https:\\/\\/www.twitter.com\\/\",\"youtube\":\"https:\\/\\/www.youtube.com\\/\",\"linkedin\":\"https:\\/\\/www.linkedin.com\\/\"}]',5,'Botble\\Marketplace\\Models\\Store','2024-05-24 04:02:30','2024-05-24 04:02:30'),(76,'background','[\"stores\\/background-2.jpg\"]',6,'Botble\\Marketplace\\Models\\Store','2024-05-24 04:02:30','2024-05-24 04:02:30'),(77,'socials','[{\"facebook\":\"https:\\/\\/www.facebook.com\\/\",\"twitter\":\"https:\\/\\/www.twitter.com\\/\",\"youtube\":\"https:\\/\\/www.youtube.com\\/\",\"linkedin\":\"https:\\/\\/www.linkedin.com\\/\"}]',6,'Botble\\Marketplace\\Models\\Store','2024-05-24 04:02:30','2024-05-24 04:02:30'),(78,'background','[\"stores\\/background-1.jpg\"]',7,'Botble\\Marketplace\\Models\\Store','2024-05-24 04:02:30','2024-05-24 04:02:30'),(79,'socials','[{\"facebook\":\"https:\\/\\/www.facebook.com\\/\",\"twitter\":\"https:\\/\\/www.twitter.com\\/\",\"youtube\":\"https:\\/\\/www.youtube.com\\/\",\"linkedin\":\"https:\\/\\/www.linkedin.com\\/\"}]',7,'Botble\\Marketplace\\Models\\Store','2024-05-24 04:02:30','2024-05-24 04:02:30'),(80,'background','[\"stores\\/background-2.jpg\"]',8,'Botble\\Marketplace\\Models\\Store','2024-05-24 04:02:30','2024-05-24 04:02:30'),(81,'socials','[{\"facebook\":\"https:\\/\\/www.facebook.com\\/\",\"twitter\":\"https:\\/\\/www.twitter.com\\/\",\"youtube\":\"https:\\/\\/www.youtube.com\\/\",\"linkedin\":\"https:\\/\\/www.linkedin.com\\/\"}]',8,'Botble\\Marketplace\\Models\\Store','2024-05-24 04:02:30','2024-05-24 04:02:30'),(82,'tablet_image','[\"sliders\\/01.jpg\"]',1,'Botble\\SimpleSlider\\Models\\SimpleSliderItem','2024-05-24 04:02:31','2024-05-24 04:02:31'),(83,'mobile_image','[\"sliders\\/01-sm.jpg\"]',1,'Botble\\SimpleSlider\\Models\\SimpleSliderItem','2024-05-24 04:02:31','2024-05-24 04:02:31'),(84,'tablet_image','[\"sliders\\/02.jpg\"]',2,'Botble\\SimpleSlider\\Models\\SimpleSliderItem','2024-05-24 04:02:31','2024-05-24 04:02:31'),(85,'mobile_image','[\"sliders\\/02-sm.jpg\"]',2,'Botble\\SimpleSlider\\Models\\SimpleSliderItem','2024-05-24 04:02:31','2024-05-24 04:02:31');

--
-- Table structure for table `migrations`
--

CREATE TABLE `migrations` (
  `id` int unsigned NOT NULL AUTO_INCREMENT,
  `migration` varchar(191) COLLATE utf8mb4_unicode_ci NOT NULL,
  `batch` int NOT NULL,
  PRIMARY KEY (`id`)
) ENGINE=InnoDB AUTO_INCREMENT=187 DEFAULT CHARSET=utf8mb4 COLLATE=utf8mb4_unicode_ci;

--
-- Dumping data for table `migrations`
--

INSERT INTO `migrations` VALUES (1,'2013_04_09_032329_create_base_tables',1),(2,'2013_04_09_062329_create_revisions_table',1),(3,'2014_10_12_000000_create_users_table',1),(4,'2014_10_12_100000_create_password_reset_tokens_table',1),(5,'2016_06_10_230148_create_acl_tables',1),(6,'2016_06_14_230857_create_menus_table',1),(7,'2016_06_28_221418_create_pages_table',1),(8,'2016_10_05_074239_create_setting_table',1),(9,'2016_11_28_032840_create_dashboard_widget_tables',1),(10,'2016_12_16_084601_create_widgets_table',1),(11,'2017_05_09_070343_create_media_tables',1),(12,'2017_11_03_070450_create_slug_table',1),(13,'2019_01_05_053554_create_jobs_table',1),(14,'2019_08_19_000000_create_failed_jobs_table',1),(15,'2019_12_14_000001_create_personal_access_tokens_table',1),(16,'2022_04_20_100851_add_index_to_media_table',1),(17,'2022_04_20_101046_add_index_to_menu_table',1),(18,'2022_07_10_034813_move_lang_folder_to_root',1),(19,'2022_08_04_051940_add_missing_column_expires_at',1),(20,'2022_09_01_000001_create_admin_notifications_tables',1),(21,'2022_10_14_024629_drop_column_is_featured',1),(22,'2022_11_18_063357_add_missing_timestamp_in_table_settings',1),(23,'2022_12_02_093615_update_slug_index_columns',1),(24,'2023_01_30_024431_add_alt_to_media_table',1),(25,'2023_02_16_042611_drop_table_password_resets',1),(26,'2023_04_23_005903_add_column_permissions_to_admin_notifications',1),(27,'2023_05_10_075124_drop_column_id_in_role_users_table',1),(28,'2023_08_21_090810_make_page_content_nullable',1),(29,'2023_09_14_021936_update_index_for_slugs_table',1),(30,'2023_12_06_100448_change_random_hash_for_media',1),(31,'2023_12_07_095130_add_color_column_to_media_folders_table',1),(32,'2023_12_17_162208_make_sure_column_color_in_media_folders_nullable',1),(33,'2024_04_04_110758_update_value_column_in_user_meta_table',1),(34,'2024_05_04_030654_improve_social_links',1),(35,'2024_05_12_091229_add_column_visibility_to_table_media_files',1),(36,'2024_05_16_100000_change_random_hash_for_media',1),(37,'2020_11_18_150916_ads_create_ads_table',2),(38,'2021_12_02_035301_add_ads_translations_table',2),(39,'2023_04_17_062645_add_open_in_new_tab',2),(40,'2023_11_07_023805_add_tablet_mobile_image',2),(41,'2024_04_01_043317_add_google_adsense_slot_id_to_ads_table',2),(42,'2024_04_27_100730_improve_analytics_setting',3),(43,'2015_06_29_025744_create_audit_history',4),(44,'2023_11_14_033417_change_request_column_in_table_audit_histories',4),(45,'2015_06_18_033822_create_blog_table',5),(46,'2021_02_16_092633_remove_default_value_for_author_type',5),(47,'2021_12_03_030600_create_blog_translations',5),(48,'2022_04_19_113923_add_index_to_table_posts',5),(49,'2023_08_29_074620_make_column_author_id_nullable',5),(50,'2016_06_17_091537_create_contacts_table',6),(51,'2023_11_10_080225_migrate_contact_blacklist_email_domains_to_core',6),(52,'2024_03_20_080001_migrate_change_attribute_email_to_nullable_form_contacts_table',6),(53,'2024_03_25_000001_update_captcha_settings_for_contact',6),(54,'2024_04_19_063914_create_custom_fields_table',6),(55,'2020_03_05_041139_create_ecommerce_tables',7),(56,'2021_01_01_044147_ecommerce_create_flash_sale_table',7),(57,'2021_01_17_082713_add_column_is_featured_to_product_collections_table',7),(58,'2021_01_18_024333_add_zip_code_into_table_customer_addresses',7),(59,'2021_02_18_073505_update_table_ec_reviews',7),(60,'2021_03_10_024419_add_column_confirmed_at_to_table_ec_customers',7),(61,'2021_03_10_025153_change_column_tax_amount',7),(62,'2021_03_20_033103_add_column_availability_to_table_ec_products',7),(63,'2021_04_28_074008_ecommerce_create_product_label_table',7),(64,'2021_05_31_173037_ecommerce_create_ec_products_translations',7),(65,'2021_08_17_105016_remove_column_currency_id_in_some_tables',7),(66,'2021_08_30_142128_add_images_column_to_ec_reviews_table',7),(67,'2021_10_04_030050_add_column_created_by_to_table_ec_products',7),(68,'2021_10_05_122616_add_status_column_to_ec_customers_table',7),(69,'2021_11_03_025806_nullable_phone_number_in_ec_customer_addresses',7),(70,'2021_11_23_071403_correct_languages_for_product_variations',7),(71,'2021_11_28_031808_add_product_tags_translations',7),(72,'2021_12_01_031123_add_featured_image_to_ec_products',7),(73,'2022_01_01_033107_update_table_ec_shipments',7),(74,'2022_02_16_042457_improve_product_attribute_sets',7),(75,'2022_03_22_075758_correct_product_name',7),(76,'2022_04_19_113334_add_index_to_ec_products',7),(77,'2022_04_28_144405_remove_unused_table',7),(78,'2022_05_05_115015_create_ec_customer_recently_viewed_products_table',7),(79,'2022_05_18_143720_add_index_to_table_ec_product_categories',7),(80,'2022_06_16_095633_add_index_to_some_tables',7),(81,'2022_06_30_035148_create_order_referrals_table',7),(82,'2022_07_24_153815_add_completed_at_to_ec_orders_table',7),(83,'2022_08_14_032836_create_ec_order_returns_table',7),(84,'2022_08_14_033554_create_ec_order_return_items_table',7),(85,'2022_08_15_040324_add_billing_address',7),(86,'2022_08_30_091114_support_digital_products_table',7),(87,'2022_09_13_095744_create_options_table',7),(88,'2022_09_13_104347_create_option_value_table',7),(89,'2022_10_05_163518_alter_table_ec_order_product',7),(90,'2022_10_12_041517_create_invoices_table',7),(91,'2022_10_12_142226_update_orders_table',7),(92,'2022_10_13_024916_update_table_order_returns',7),(93,'2022_10_21_030830_update_columns_in_ec_shipments_table',7),(94,'2022_10_28_021046_update_columns_in_ec_shipments_table',7),(95,'2022_11_16_034522_update_type_column_in_ec_shipping_rules_table',7),(96,'2022_11_19_041643_add_ec_tax_product_table',7),(97,'2022_12_12_063830_update_tax_defadult_in_ec_tax_products_table',7),(98,'2022_12_17_041532_fix_address_in_order_invoice',7),(99,'2022_12_26_070329_create_ec_product_views_table',7),(100,'2023_01_04_033051_fix_product_categories',7),(101,'2023_01_09_050400_add_ec_global_options_translations_table',7),(102,'2023_01_10_093754_add_missing_option_value_id',7),(103,'2023_01_17_082713_add_column_barcode_and_cost_per_item_to_product_table',7),(104,'2023_01_26_021854_add_ec_customer_used_coupons_table',7),(105,'2023_02_08_015900_update_options_column_in_ec_order_product_table',7),(106,'2023_02_27_095752_remove_duplicate_reviews',7),(107,'2023_03_20_115757_add_user_type_column_to_ec_shipment_histories_table',7),(108,'2023_04_21_082427_create_ec_product_categorizables_table',7),(109,'2023_05_03_011331_add_missing_column_price_into_invoice_items_table',7),(110,'2023_05_17_025812_fix_invoice_issue',7),(111,'2023_05_26_073140_move_option_make_phone_field_optional_at_checkout_page_to_mandatory_fields',7),(112,'2023_05_27_144611_fix_exchange_rate_setting',7),(113,'2023_06_22_084331_add_generate_license_code_to_ec_products_table',7),(114,'2023_06_30_042512_create_ec_order_tax_information_table',7),(115,'2023_07_14_022724_remove_column_id_from_ec_product_collection_products',7),(116,'2023_08_09_012940_remove_column_status_in_ec_product_attributes',7),(117,'2023_08_15_064505_create_ec_tax_rules_table',7),(118,'2023_08_21_021819_make_column_address_in_ec_customer_addresses_nullable',7),(119,'2023_08_22_094114_drop_unique_for_barcode',7),(120,'2023_08_30_031811_add_apply_via_url_column_to_ec_discounts_table',7),(121,'2023_09_07_094312_add_index_to_product_sku_and_translations',7),(122,'2023_09_19_024955_create_discount_product_categories_table',7),(123,'2023_10_17_070728_add_icon_and_icon_image_to_product_categories_table',7),(124,'2023_11_22_154643_add_unique_in_table_ec_products_variations',7),(125,'2023_11_27_032313_add_price_columns_to_ec_product_cross_sale_relations_table',7),(126,'2023_12_06_023945_add_display_on_checkout_column_to_ec_discounts_table',7),(127,'2023_12_25_040604_ec_create_review_replies_table',7),(128,'2023_12_26_090340_add_private_notes_column_to_ec_customers_table',7),(129,'2024_01_16_070706_fix_translation_tables',7),(130,'2024_01_23_075227_add_proof_file_to_ec_orders_table',7),(131,'2024_03_26_041531_add_cancel_reason_to_ec_orders_table',7),(132,'2024_03_27_062402_create_ec_customer_deletion_requests_table',7),(133,'2024_03_29_042242_migrate_old_captcha_settings',7),(134,'2024_03_29_093946_create_ec_order_return_histories_table',7),(135,'2024_04_01_063523_add_customer_columns_to_ec_reviews_table',7),(136,'2024_04_15_092654_migrate_ecommerce_google_tag_manager_code_setting',7),(137,'2024_04_16_035713_add_min_max_order_quantity_columns_to_products_table',7),(138,'2024_05_07_073153_improve_table_wishlist',7),(139,'2024_05_07_093703_add_missing_zip_code_into_table_store_locators',7),(140,'2024_05_15_021503_fix_invoice_path',7),(141,'2018_07_09_221238_create_faq_table',8),(142,'2021_12_03_082134_create_faq_translations',8),(143,'2023_11_17_063408_add_description_column_to_faq_categories_table',8),(144,'2016_10_03_032336_create_languages_table',9),(145,'2023_09_14_022423_add_index_for_language_table',9),(146,'2021_10_25_021023_fix-priority-load-for-language-advanced',10),(147,'2021_12_03_075608_create_page_translations',10),(148,'2023_07_06_011444_create_slug_translations_table',10),(149,'2019_11_18_061011_create_country_table',11),(150,'2021_12_03_084118_create_location_translations',11),(151,'2021_12_03_094518_migrate_old_location_data',11),(152,'2021_12_10_034440_switch_plugin_location_to_use_language_advanced',11),(153,'2022_01_16_085908_improve_plugin_location',11),(154,'2022_08_04_052122_delete_location_backup_tables',11),(155,'2023_04_23_061847_increase_state_translations_abbreviation_column',11),(156,'2023_07_26_041451_add_more_columns_to_location_table',11),(157,'2023_07_27_041451_add_more_columns_to_location_translation_table',11),(158,'2023_08_15_073307_drop_unique_in_states_cities_translations',11),(159,'2023_10_21_065016_make_state_id_in_table_cities_nullable',11),(160,'2021_07_06_030002_create_marketplace_table',12),(161,'2021_09_04_150137_add_vendor_verified_at_to_ec_customers_table',12),(162,'2021_10_04_033903_add_column_approved_by_into_table_ec_products',12),(163,'2021_10_06_124943_add_transaction_id_column_to_mp_customer_withdrawals_table',12),(164,'2021_10_10_054216_add_columns_to_mp_customer_revenues_table',12),(165,'2021_12_06_031304_update_table_mp_customer_revenues',12),(166,'2022_10_19_152916_add_columns_to_mp_stores_table',12),(167,'2022_10_20_062849_create_mp_category_sale_commissions_table',12),(168,'2022_11_02_071413_add_more_info_for_store',12),(169,'2022_11_02_080444_add_tax_info',12),(170,'2023_02_01_062030_add_store_translations',12),(171,'2023_02_13_032133_update_fee_column_mp_customer_revenues_table',12),(172,'2023_02_17_023648_fix_store_prefix',12),(173,'2024_04_03_062451_add_cover_image_to_table_mp_stores',12),(174,'2024_05_07_082630_create_mp_messages_table',12),(175,'2017_10_24_154832_create_newsletter_table',13),(176,'2024_03_25_000001_update_captcha_settings_for_newsletter',13),(177,'2017_05_18_080441_create_payment_tables',14),(178,'2021_03_27_144913_add_customer_type_into_table_payments',14),(179,'2021_05_24_034720_make_column_currency_nullable',14),(180,'2021_08_09_161302_add_metadata_column_to_payments_table',14),(181,'2021_10_19_020859_update_metadata_field',14),(182,'2022_06_28_151901_activate_paypal_stripe_plugin',14),(183,'2022_07_07_153354_update_charge_id_in_table_payments',14),(184,'2017_07_11_140018_create_simple_slider_table',15),(185,'2016_10_07_193005_create_translations_table',16),(186,'2023_12_12_105220_drop_translations_table',16);

--
-- Table structure for table `mp_category_sale_commissions`
--

CREATE TABLE `mp_category_sale_commissions` (
  `id` bigint unsigned NOT NULL AUTO_INCREMENT,
  `product_category_id` bigint unsigned NOT NULL,
  `commission_percentage` decimal(8,2) NOT NULL DEFAULT '0.00',
  PRIMARY KEY (`id`),
  UNIQUE KEY `mp_category_sale_commissions_product_category_id_unique` (`product_category_id`)
) ENGINE=InnoDB DEFAULT CHARSET=utf8mb4 COLLATE=utf8mb4_unicode_ci;

--
-- Dumping data for table `mp_category_sale_commissions`
--


--
-- Table structure for table `mp_customer_revenues`
--

CREATE TABLE `mp_customer_revenues` (
  `id` bigint unsigned NOT NULL AUTO_INCREMENT,
  `customer_id` bigint unsigned DEFAULT NULL,
  `order_id` bigint unsigned DEFAULT NULL,
  `sub_amount` decimal(15,2) DEFAULT '0.00',
  `fee` decimal(15,2) DEFAULT '0.00',
  `amount` decimal(15,2) DEFAULT '0.00',
  `current_balance` decimal(15,2) DEFAULT '0.00',
  `currency` varchar(120) COLLATE utf8mb4_unicode_ci DEFAULT NULL,
  `description` text COLLATE utf8mb4_unicode_ci,
  `created_at` timestamp NULL DEFAULT NULL,
  `updated_at` timestamp NULL DEFAULT NULL,
  `user_id` bigint unsigned NOT NULL DEFAULT '0',
  `type` varchar(60) COLLATE utf8mb4_unicode_ci DEFAULT NULL,
  PRIMARY KEY (`id`)
) ENGINE=InnoDB DEFAULT CHARSET=utf8mb4 COLLATE=utf8mb4_unicode_ci;

--
-- Dumping data for table `mp_customer_revenues`
--


--
-- Table structure for table `mp_customer_withdrawals`
--

CREATE TABLE `mp_customer_withdrawals` (
  `id` bigint unsigned NOT NULL AUTO_INCREMENT,
  `customer_id` bigint unsigned DEFAULT NULL,
  `fee` decimal(15,2) unsigned DEFAULT '0.00',
  `amount` decimal(15,2) unsigned DEFAULT '0.00',
  `current_balance` decimal(15,2) unsigned DEFAULT '0.00',
  `currency` varchar(120) COLLATE utf8mb4_unicode_ci DEFAULT NULL,
  `description` text COLLATE utf8mb4_unicode_ci,
  `bank_info` text COLLATE utf8mb4_unicode_ci,
  `payment_channel` varchar(60) COLLATE utf8mb4_unicode_ci DEFAULT NULL,
  `user_id` bigint unsigned NOT NULL DEFAULT '0',
  `status` varchar(60) COLLATE utf8mb4_unicode_ci NOT NULL DEFAULT 'pending',
  `images` text COLLATE utf8mb4_unicode_ci,
  `created_at` timestamp NULL DEFAULT NULL,
  `updated_at` timestamp NULL DEFAULT NULL,
  `transaction_id` varchar(60) COLLATE utf8mb4_unicode_ci DEFAULT NULL,
  PRIMARY KEY (`id`)
) ENGINE=InnoDB DEFAULT CHARSET=utf8mb4 COLLATE=utf8mb4_unicode_ci;

--
-- Dumping data for table `mp_customer_withdrawals`
--


--
-- Table structure for table `mp_messages`
--

CREATE TABLE `mp_messages` (
  `id` bigint unsigned NOT NULL AUTO_INCREMENT,
  `store_id` bigint unsigned NOT NULL,
  `customer_id` bigint unsigned DEFAULT NULL,
  `name` varchar(60) COLLATE utf8mb4_unicode_ci NOT NULL,
  `email` varchar(60) COLLATE utf8mb4_unicode_ci NOT NULL,
  `content` longtext COLLATE utf8mb4_unicode_ci NOT NULL,
  `created_at` timestamp NULL DEFAULT NULL,
  `updated_at` timestamp NULL DEFAULT NULL,
  PRIMARY KEY (`id`)
) ENGINE=InnoDB DEFAULT CHARSET=utf8mb4 COLLATE=utf8mb4_unicode_ci;

--
-- Dumping data for table `mp_messages`
--


--
-- Table structure for table `mp_stores`
--

CREATE TABLE `mp_stores` (
  `id` bigint unsigned NOT NULL AUTO_INCREMENT,
  `name` varchar(191) COLLATE utf8mb4_unicode_ci NOT NULL,
  `email` varchar(60) COLLATE utf8mb4_unicode_ci DEFAULT NULL,
  `phone` varchar(20) COLLATE utf8mb4_unicode_ci DEFAULT NULL,
  `address` varchar(191) COLLATE utf8mb4_unicode_ci DEFAULT NULL,
  `country` varchar(120) COLLATE utf8mb4_unicode_ci DEFAULT NULL,
  `state` varchar(120) COLLATE utf8mb4_unicode_ci DEFAULT NULL,
  `city` varchar(120) COLLATE utf8mb4_unicode_ci DEFAULT NULL,
  `customer_id` bigint unsigned DEFAULT NULL,
  `logo` varchar(191) COLLATE utf8mb4_unicode_ci DEFAULT NULL,
  `cover_image` varchar(191) COLLATE utf8mb4_unicode_ci DEFAULT NULL,
  `description` varchar(400) COLLATE utf8mb4_unicode_ci DEFAULT NULL,
  `content` longtext COLLATE utf8mb4_unicode_ci,
  `status` varchar(60) COLLATE utf8mb4_unicode_ci NOT NULL DEFAULT 'published',
  `vendor_verified_at` datetime DEFAULT NULL,
  `created_at` timestamp NULL DEFAULT NULL,
  `updated_at` timestamp NULL DEFAULT NULL,
  `zip_code` varchar(20) COLLATE utf8mb4_unicode_ci DEFAULT NULL,
  `company` varchar(191) COLLATE utf8mb4_unicode_ci DEFAULT NULL,
  PRIMARY KEY (`id`)
) ENGINE=InnoDB AUTO_INCREMENT=9 DEFAULT CHARSET=utf8mb4 COLLATE=utf8mb4_unicode_ci;

--
-- Dumping data for table `mp_stores`
--

INSERT INTO `mp_stores` VALUES (1,'GoPro','roma.stoltenberg@example.com','+19016453566','734 Sydnee Lakes','VN','North Carolina','South Mike',2,'stores/1.png',NULL,'Et molestiae eveniet sint et inventore ut voluptatem. Assumenda quia et quo quia ipsam commodi animi. Voluptas incidunt non dolores totam voluptate et. Iste et assumenda inventore sunt facere a similique. Iste fugiat doloremque adipisci neque ut quisquam.','<p>I have seen many people underestimating the power of their wallets. To them, they are just a functional item they use to carry. As a result, they often end up with the wallets which are not really suitable for them.</p>\n\n<p>You should pay more attention when you choose your wallets. There are a lot of them on the market with the different designs and styles. When you choose carefully, you would be able to buy a wallet that is catered to your needs. Not to mention that it will help to enhance your style significantly.</p>\n\n<p style=\"text-align:center;\"><img alt=\"f4\" src=\"/storage/news/1.jpg\"></p>\n\n<p><br>\n </p>\n\n<p><strong><em>For all the reason above, here are 7 expert tips to help you pick up the right men’s wallet for you:</em></strong></p>\n\n<h4><strong>Number 1: Choose A Neat Wallet</strong></h4>\n\n<p>The wallet is an essential accessory that you should go simple. Simplicity is the best in this case. A simple and neat wallet with the plain color and even <strong>minimalist style</strong> is versatile. It can be used for both formal and casual events. In addition, that wallet will go well with most of the clothes in your wardrobe.</p>\n\n<p>Keep in mind that a wallet will tell other people about your personality and your fashion sense as much as other clothes you put on. Hence, don’t go cheesy on your wallet or else people will think that you have a funny and particular style.</p>\n\n<p style=\"text-align:center;\"><img alt=\"f5\" src=\"/storage/news/2.jpg\"></p>\n\n<p><br>\n </p>\n<hr>\n<h4><strong>Number 2: Choose The Right Size For Your Wallet</strong></h4>\n\n<p>You should avoid having an over-sized wallet. Don’t think that you need to buy a big wallet because you have a lot to carry with you. In addition, a fat wallet is very ugly. It will make it harder for you to slide the wallet into your trousers’ pocket. In addition, it will create a bulge and ruin your look.</p>\n\n<p>Before you go on to buy a new wallet, clean out your wallet and place all the items from your wallet on a table. Throw away things that you would never need any more such as the old bills or the expired gift cards. Remember to check your wallet on a frequent basis to get rid of all of the old stuff that you don’t need anymore.</p>\n\n<p style=\"text-align:center;\"><img alt=\"f1\" src=\"/storage/news/3.jpg\"></p>\n\n<p><br>\n </p>\n\n<hr>\n<h4><strong>Number 3: Don’t Limit Your Options Of Materials</strong></h4>\n\n<p>The types and designs of wallets are not the only things that you should consider when you go out searching for your best wallet. You have more than 1 option of material rather than leather to choose from as well.</p>\n\n<p>You can experiment with other available options such as cotton, polyester and canvas. They all have their own pros and cons. As a result, they will be suitable for different needs and requirements. You should think about them all in order to choose the material which you would like the most.</p>\n\n<p style=\"text-align:center;\"><img alt=\"f6\" src=\"/storage/news/4.jpg\"></p>\n\n<p><br>\n </p>\n\n<hr>\n<h4><strong>Number 4: Consider A Wallet As A Long Term Investment</strong></h4>\n\n<p>Your wallet is indeed an investment that you should consider spending a decent amount of time and effort on it. Another factor that you need to consider is how much you want to spend on your wallet. The price ranges of wallets on the market vary a great deal. You can find a wallet which is as cheap as about 5 to 7 dollars. On the other hand, you should expect to pay around 250 to 300 dollars for a high-quality wallet.</p>\n\n<p>In case you need a wallet to use for a long time, it is a good idea that you should invest a decent amount of money on a wallet. A high quality wallet from a reputational brand with the premium quality such as cowhide leather will last for a long time. In addition, it is an accessory to show off your fashion sense and your social status.</p>\n\n<p style=\"text-align:center;\"><img alt=\"f2\" src=\"/storage/news/5.jpg\"></p>\n\n<p> </p>\n','published',NULL,'2024-05-24 04:02:30','2024-05-24 04:02:30',NULL,NULL),(2,'Global Office','chet.roob@example.org','+16262936907','214 Abshire Forest','MV','New York','Gislasonbury',8,'stores/2.png',NULL,'Voluptatem minus sequi non iste. Nostrum minima porro voluptatem mollitia quas. Animi doloribus ad ratione adipisci accusantium veniam consequatur. Exercitationem iusto quae necessitatibus nisi officiis. Voluptatibus cumque sunt assumenda deserunt ipsa est. Nesciunt aut ut ex dolorem suscipit quas recusandae inventore.','<p>I have seen many people underestimating the power of their wallets. To them, they are just a functional item they use to carry. As a result, they often end up with the wallets which are not really suitable for them.</p>\n\n<p>You should pay more attention when you choose your wallets. There are a lot of them on the market with the different designs and styles. When you choose carefully, you would be able to buy a wallet that is catered to your needs. Not to mention that it will help to enhance your style significantly.</p>\n\n<p style=\"text-align:center;\"><img alt=\"f4\" src=\"/storage/news/1.jpg\"></p>\n\n<p><br>\n </p>\n\n<p><strong><em>For all the reason above, here are 7 expert tips to help you pick up the right men’s wallet for you:</em></strong></p>\n\n<h4><strong>Number 1: Choose A Neat Wallet</strong></h4>\n\n<p>The wallet is an essential accessory that you should go simple. Simplicity is the best in this case. A simple and neat wallet with the plain color and even <strong>minimalist style</strong> is versatile. It can be used for both formal and casual events. In addition, that wallet will go well with most of the clothes in your wardrobe.</p>\n\n<p>Keep in mind that a wallet will tell other people about your personality and your fashion sense as much as other clothes you put on. Hence, don’t go cheesy on your wallet or else people will think that you have a funny and particular style.</p>\n\n<p style=\"text-align:center;\"><img alt=\"f5\" src=\"/storage/news/2.jpg\"></p>\n\n<p><br>\n </p>\n<hr>\n<h4><strong>Number 2: Choose The Right Size For Your Wallet</strong></h4>\n\n<p>You should avoid having an over-sized wallet. Don’t think that you need to buy a big wallet because you have a lot to carry with you. In addition, a fat wallet is very ugly. It will make it harder for you to slide the wallet into your trousers’ pocket. In addition, it will create a bulge and ruin your look.</p>\n\n<p>Before you go on to buy a new wallet, clean out your wallet and place all the items from your wallet on a table. Throw away things that you would never need any more such as the old bills or the expired gift cards. Remember to check your wallet on a frequent basis to get rid of all of the old stuff that you don’t need anymore.</p>\n\n<p style=\"text-align:center;\"><img alt=\"f1\" src=\"/storage/news/3.jpg\"></p>\n\n<p><br>\n </p>\n\n<hr>\n<h4><strong>Number 3: Don’t Limit Your Options Of Materials</strong></h4>\n\n<p>The types and designs of wallets are not the only things that you should consider when you go out searching for your best wallet. You have more than 1 option of material rather than leather to choose from as well.</p>\n\n<p>You can experiment with other available options such as cotton, polyester and canvas. They all have their own pros and cons. As a result, they will be suitable for different needs and requirements. You should think about them all in order to choose the material which you would like the most.</p>\n\n<p style=\"text-align:center;\"><img alt=\"f6\" src=\"/storage/news/4.jpg\"></p>\n\n<p><br>\n </p>\n\n<hr>\n<h4><strong>Number 4: Consider A Wallet As A Long Term Investment</strong></h4>\n\n<p>Your wallet is indeed an investment that you should consider spending a decent amount of time and effort on it. Another factor that you need to consider is how much you want to spend on your wallet. The price ranges of wallets on the market vary a great deal. You can find a wallet which is as cheap as about 5 to 7 dollars. On the other hand, you should expect to pay around 250 to 300 dollars for a high-quality wallet.</p>\n\n<p>In case you need a wallet to use for a long time, it is a good idea that you should invest a decent amount of money on a wallet. A high quality wallet from a reputational brand with the premium quality such as cowhide leather will last for a long time. In addition, it is an accessory to show off your fashion sense and your social status.</p>\n\n<p style=\"text-align:center;\"><img alt=\"f2\" src=\"/storage/news/5.jpg\"></p>\n\n<p> </p>\n','published',NULL,'2024-05-24 04:02:30','2024-05-24 04:02:30',NULL,NULL),(3,'Young Shop','rebekah.treutel@example.com','+18386978240','46907 Talia Stream','HK','Washington','Walshstad',7,'stores/3.png',NULL,'Ipsam et occaecati consequatur ut voluptatem eum. Et alias dolorem labore fugiat nihil consequuntur sed neque. Rerum provident non eveniet ut quam. Et vitae nemo placeat atque. Dolores voluptates quasi cupiditate. Et tempora accusamus voluptatem nulla. Inventore non quis est soluta. Accusantium qui voluptas adipisci modi.','<p>I have seen many people underestimating the power of their wallets. To them, they are just a functional item they use to carry. As a result, they often end up with the wallets which are not really suitable for them.</p>\n\n<p>You should pay more attention when you choose your wallets. There are a lot of them on the market with the different designs and styles. When you choose carefully, you would be able to buy a wallet that is catered to your needs. Not to mention that it will help to enhance your style significantly.</p>\n\n<p style=\"text-align:center;\"><img alt=\"f4\" src=\"/storage/news/1.jpg\"></p>\n\n<p><br>\n </p>\n\n<p><strong><em>For all the reason above, here are 7 expert tips to help you pick up the right men’s wallet for you:</em></strong></p>\n\n<h4><strong>Number 1: Choose A Neat Wallet</strong></h4>\n\n<p>The wallet is an essential accessory that you should go simple. Simplicity is the best in this case. A simple and neat wallet with the plain color and even <strong>minimalist style</strong> is versatile. It can be used for both formal and casual events. In addition, that wallet will go well with most of the clothes in your wardrobe.</p>\n\n<p>Keep in mind that a wallet will tell other people about your personality and your fashion sense as much as other clothes you put on. Hence, don’t go cheesy on your wallet or else people will think that you have a funny and particular style.</p>\n\n<p style=\"text-align:center;\"><img alt=\"f5\" src=\"/storage/news/2.jpg\"></p>\n\n<p><br>\n </p>\n<hr>\n<h4><strong>Number 2: Choose The Right Size For Your Wallet</strong></h4>\n\n<p>You should avoid having an over-sized wallet. Don’t think that you need to buy a big wallet because you have a lot to carry with you. In addition, a fat wallet is very ugly. It will make it harder for you to slide the wallet into your trousers’ pocket. In addition, it will create a bulge and ruin your look.</p>\n\n<p>Before you go on to buy a new wallet, clean out your wallet and place all the items from your wallet on a table. Throw away things that you would never need any more such as the old bills or the expired gift cards. Remember to check your wallet on a frequent basis to get rid of all of the old stuff that you don’t need anymore.</p>\n\n<p style=\"text-align:center;\"><img alt=\"f1\" src=\"/storage/news/3.jpg\"></p>\n\n<p><br>\n </p>\n\n<hr>\n<h4><strong>Number 3: Don’t Limit Your Options Of Materials</strong></h4>\n\n<p>The types and designs of wallets are not the only things that you should consider when you go out searching for your best wallet. You have more than 1 option of material rather than leather to choose from as well.</p>\n\n<p>You can experiment with other available options such as cotton, polyester and canvas. They all have their own pros and cons. As a result, they will be suitable for different needs and requirements. You should think about them all in order to choose the material which you would like the most.</p>\n\n<p style=\"text-align:center;\"><img alt=\"f6\" src=\"/storage/news/4.jpg\"></p>\n\n<p><br>\n </p>\n\n<hr>\n<h4><strong>Number 4: Consider A Wallet As A Long Term Investment</strong></h4>\n\n<p>Your wallet is indeed an investment that you should consider spending a decent amount of time and effort on it. Another factor that you need to consider is how much you want to spend on your wallet. The price ranges of wallets on the market vary a great deal. You can find a wallet which is as cheap as about 5 to 7 dollars. On the other hand, you should expect to pay around 250 to 300 dollars for a high-quality wallet.</p>\n\n<p>In case you need a wallet to use for a long time, it is a good idea that you should invest a decent amount of money on a wallet. A high quality wallet from a reputational brand with the premium quality such as cowhide leather will last for a long time. In addition, it is an accessory to show off your fashion sense and your social status.</p>\n\n<p style=\"text-align:center;\"><img alt=\"f2\" src=\"/storage/news/5.jpg\"></p>\n\n<p> </p>\n','published',NULL,'2024-05-24 04:02:30','2024-05-24 04:02:30',NULL,NULL),(4,'Global Store','langosh.heaven@example.org','+19405878615','440 Rodriguez Fork Apt. 979','CK','Ohio','Queeniefort',6,'stores/4.png',NULL,'Molestiae alias cupiditate dolores animi cum. Unde cumque officiis nisi quia unde. Recusandae illum quidem nam et nam qui eos. Doloremque delectus cumque non eos consequatur aut. Vitae id saepe corporis quas. Assumenda alias sit quas dolorem et architecto ut. Dolorem illo veritatis officia incidunt.','<p>I have seen many people underestimating the power of their wallets. To them, they are just a functional item they use to carry. As a result, they often end up with the wallets which are not really suitable for them.</p>\n\n<p>You should pay more attention when you choose your wallets. There are a lot of them on the market with the different designs and styles. When you choose carefully, you would be able to buy a wallet that is catered to your needs. Not to mention that it will help to enhance your style significantly.</p>\n\n<p style=\"text-align:center;\"><img alt=\"f4\" src=\"/storage/news/1.jpg\"></p>\n\n<p><br>\n </p>\n\n<p><strong><em>For all the reason above, here are 7 expert tips to help you pick up the right men’s wallet for you:</em></strong></p>\n\n<h4><strong>Number 1: Choose A Neat Wallet</strong></h4>\n\n<p>The wallet is an essential accessory that you should go simple. Simplicity is the best in this case. A simple and neat wallet with the plain color and even <strong>minimalist style</strong> is versatile. It can be used for both formal and casual events. In addition, that wallet will go well with most of the clothes in your wardrobe.</p>\n\n<p>Keep in mind that a wallet will tell other people about your personality and your fashion sense as much as other clothes you put on. Hence, don’t go cheesy on your wallet or else people will think that you have a funny and particular style.</p>\n\n<p style=\"text-align:center;\"><img alt=\"f5\" src=\"/storage/news/2.jpg\"></p>\n\n<p><br>\n </p>\n<hr>\n<h4><strong>Number 2: Choose The Right Size For Your Wallet</strong></h4>\n\n<p>You should avoid having an over-sized wallet. Don’t think that you need to buy a big wallet because you have a lot to carry with you. In addition, a fat wallet is very ugly. It will make it harder for you to slide the wallet into your trousers’ pocket. In addition, it will create a bulge and ruin your look.</p>\n\n<p>Before you go on to buy a new wallet, clean out your wallet and place all the items from your wallet on a table. Throw away things that you would never need any more such as the old bills or the expired gift cards. Remember to check your wallet on a frequent basis to get rid of all of the old stuff that you don’t need anymore.</p>\n\n<p style=\"text-align:center;\"><img alt=\"f1\" src=\"/storage/news/3.jpg\"></p>\n\n<p><br>\n </p>\n\n<hr>\n<h4><strong>Number 3: Don’t Limit Your Options Of Materials</strong></h4>\n\n<p>The types and designs of wallets are not the only things that you should consider when you go out searching for your best wallet. You have more than 1 option of material rather than leather to choose from as well.</p>\n\n<p>You can experiment with other available options such as cotton, polyester and canvas. They all have their own pros and cons. As a result, they will be suitable for different needs and requirements. You should think about them all in order to choose the material which you would like the most.</p>\n\n<p style=\"text-align:center;\"><img alt=\"f6\" src=\"/storage/news/4.jpg\"></p>\n\n<p><br>\n </p>\n\n<hr>\n<h4><strong>Number 4: Consider A Wallet As A Long Term Investment</strong></h4>\n\n<p>Your wallet is indeed an investment that you should consider spending a decent amount of time and effort on it. Another factor that you need to consider is how much you want to spend on your wallet. The price ranges of wallets on the market vary a great deal. You can find a wallet which is as cheap as about 5 to 7 dollars. On the other hand, you should expect to pay around 250 to 300 dollars for a high-quality wallet.</p>\n\n<p>In case you need a wallet to use for a long time, it is a good idea that you should invest a decent amount of money on a wallet. A high quality wallet from a reputational brand with the premium quality such as cowhide leather will last for a long time. In addition, it is an accessory to show off your fashion sense and your social status.</p>\n\n<p style=\"text-align:center;\"><img alt=\"f2\" src=\"/storage/news/5.jpg\"></p>\n\n<p> </p>\n','published',NULL,'2024-05-24 04:02:30','2024-05-24 04:02:30',NULL,NULL),(5,'Robert’s Store','ooberbrunner@example.com','+19293284630','937 O\'Connell Ports Suite 602','WF','Missouri','Gloverland',8,'stores/5.png',NULL,'Blanditiis enim accusamus quibusdam voluptatem sed. Pariatur doloremque animi dolorem et sint eos. Voluptatibus voluptatem velit beatae. Sed tenetur blanditiis voluptate fugiat qui quae facere. Minima et sapiente fuga accusamus maxime vero eos. Non sit dolores aliquid et quo. Enim autem qui voluptatem.','<p>I have seen many people underestimating the power of their wallets. To them, they are just a functional item they use to carry. As a result, they often end up with the wallets which are not really suitable for them.</p>\n\n<p>You should pay more attention when you choose your wallets. There are a lot of them on the market with the different designs and styles. When you choose carefully, you would be able to buy a wallet that is catered to your needs. Not to mention that it will help to enhance your style significantly.</p>\n\n<p style=\"text-align:center;\"><img alt=\"f4\" src=\"/storage/news/1.jpg\"></p>\n\n<p><br>\n </p>\n\n<p><strong><em>For all the reason above, here are 7 expert tips to help you pick up the right men’s wallet for you:</em></strong></p>\n\n<h4><strong>Number 1: Choose A Neat Wallet</strong></h4>\n\n<p>The wallet is an essential accessory that you should go simple. Simplicity is the best in this case. A simple and neat wallet with the plain color and even <strong>minimalist style</strong> is versatile. It can be used for both formal and casual events. In addition, that wallet will go well with most of the clothes in your wardrobe.</p>\n\n<p>Keep in mind that a wallet will tell other people about your personality and your fashion sense as much as other clothes you put on. Hence, don’t go cheesy on your wallet or else people will think that you have a funny and particular style.</p>\n\n<p style=\"text-align:center;\"><img alt=\"f5\" src=\"/storage/news/2.jpg\"></p>\n\n<p><br>\n </p>\n<hr>\n<h4><strong>Number 2: Choose The Right Size For Your Wallet</strong></h4>\n\n<p>You should avoid having an over-sized wallet. Don’t think that you need to buy a big wallet because you have a lot to carry with you. In addition, a fat wallet is very ugly. It will make it harder for you to slide the wallet into your trousers’ pocket. In addition, it will create a bulge and ruin your look.</p>\n\n<p>Before you go on to buy a new wallet, clean out your wallet and place all the items from your wallet on a table. Throw away things that you would never need any more such as the old bills or the expired gift cards. Remember to check your wallet on a frequent basis to get rid of all of the old stuff that you don’t need anymore.</p>\n\n<p style=\"text-align:center;\"><img alt=\"f1\" src=\"/storage/news/3.jpg\"></p>\n\n<p><br>\n </p>\n\n<hr>\n<h4><strong>Number 3: Don’t Limit Your Options Of Materials</strong></h4>\n\n<p>The types and designs of wallets are not the only things that you should consider when you go out searching for your best wallet. You have more than 1 option of material rather than leather to choose from as well.</p>\n\n<p>You can experiment with other available options such as cotton, polyester and canvas. They all have their own pros and cons. As a result, they will be suitable for different needs and requirements. You should think about them all in order to choose the material which you would like the most.</p>\n\n<p style=\"text-align:center;\"><img alt=\"f6\" src=\"/storage/news/4.jpg\"></p>\n\n<p><br>\n </p>\n\n<hr>\n<h4><strong>Number 4: Consider A Wallet As A Long Term Investment</strong></h4>\n\n<p>Your wallet is indeed an investment that you should consider spending a decent amount of time and effort on it. Another factor that you need to consider is how much you want to spend on your wallet. The price ranges of wallets on the market vary a great deal. You can find a wallet which is as cheap as about 5 to 7 dollars. On the other hand, you should expect to pay around 250 to 300 dollars for a high-quality wallet.</p>\n\n<p>In case you need a wallet to use for a long time, it is a good idea that you should invest a decent amount of money on a wallet. A high quality wallet from a reputational brand with the premium quality such as cowhide leather will last for a long time. In addition, it is an accessory to show off your fashion sense and your social status.</p>\n\n<p style=\"text-align:center;\"><img alt=\"f2\" src=\"/storage/news/5.jpg\"></p>\n\n<p> </p>\n','published',NULL,'2024-05-24 04:02:30','2024-05-24 04:02:30',NULL,NULL),(6,'Stouffer','robel.kelli@example.org','+12084435957','65521 Tad Brook','AS','Colorado','South Bernard',3,'stores/6.png',NULL,'Odit voluptas itaque et neque placeat quo recusandae dolorum. Eos officiis maxime cum quod. Vel cum provident vel. At est inventore in velit. Quos nihil non ab quia facere dignissimos labore. Possimus numquam vitae voluptatibus recusandae quia repellendus ea. Possimus et eaque quo consequuntur ut eos sint.','<p>I have seen many people underestimating the power of their wallets. To them, they are just a functional item they use to carry. As a result, they often end up with the wallets which are not really suitable for them.</p>\n\n<p>You should pay more attention when you choose your wallets. There are a lot of them on the market with the different designs and styles. When you choose carefully, you would be able to buy a wallet that is catered to your needs. Not to mention that it will help to enhance your style significantly.</p>\n\n<p style=\"text-align:center;\"><img alt=\"f4\" src=\"/storage/news/1.jpg\"></p>\n\n<p><br>\n </p>\n\n<p><strong><em>For all the reason above, here are 7 expert tips to help you pick up the right men’s wallet for you:</em></strong></p>\n\n<h4><strong>Number 1: Choose A Neat Wallet</strong></h4>\n\n<p>The wallet is an essential accessory that you should go simple. Simplicity is the best in this case. A simple and neat wallet with the plain color and even <strong>minimalist style</strong> is versatile. It can be used for both formal and casual events. In addition, that wallet will go well with most of the clothes in your wardrobe.</p>\n\n<p>Keep in mind that a wallet will tell other people about your personality and your fashion sense as much as other clothes you put on. Hence, don’t go cheesy on your wallet or else people will think that you have a funny and particular style.</p>\n\n<p style=\"text-align:center;\"><img alt=\"f5\" src=\"/storage/news/2.jpg\"></p>\n\n<p><br>\n </p>\n<hr>\n<h4><strong>Number 2: Choose The Right Size For Your Wallet</strong></h4>\n\n<p>You should avoid having an over-sized wallet. Don’t think that you need to buy a big wallet because you have a lot to carry with you. In addition, a fat wallet is very ugly. It will make it harder for you to slide the wallet into your trousers’ pocket. In addition, it will create a bulge and ruin your look.</p>\n\n<p>Before you go on to buy a new wallet, clean out your wallet and place all the items from your wallet on a table. Throw away things that you would never need any more such as the old bills or the expired gift cards. Remember to check your wallet on a frequent basis to get rid of all of the old stuff that you don’t need anymore.</p>\n\n<p style=\"text-align:center;\"><img alt=\"f1\" src=\"/storage/news/3.jpg\"></p>\n\n<p><br>\n </p>\n\n<hr>\n<h4><strong>Number 3: Don’t Limit Your Options Of Materials</strong></h4>\n\n<p>The types and designs of wallets are not the only things that you should consider when you go out searching for your best wallet. You have more than 1 option of material rather than leather to choose from as well.</p>\n\n<p>You can experiment with other available options such as cotton, polyester and canvas. They all have their own pros and cons. As a result, they will be suitable for different needs and requirements. You should think about them all in order to choose the material which you would like the most.</p>\n\n<p style=\"text-align:center;\"><img alt=\"f6\" src=\"/storage/news/4.jpg\"></p>\n\n<p><br>\n </p>\n\n<hr>\n<h4><strong>Number 4: Consider A Wallet As A Long Term Investment</strong></h4>\n\n<p>Your wallet is indeed an investment that you should consider spending a decent amount of time and effort on it. Another factor that you need to consider is how much you want to spend on your wallet. The price ranges of wallets on the market vary a great deal. You can find a wallet which is as cheap as about 5 to 7 dollars. On the other hand, you should expect to pay around 250 to 300 dollars for a high-quality wallet.</p>\n\n<p>In case you need a wallet to use for a long time, it is a good idea that you should invest a decent amount of money on a wallet. A high quality wallet from a reputational brand with the premium quality such as cowhide leather will last for a long time. In addition, it is an accessory to show off your fashion sense and your social status.</p>\n\n<p style=\"text-align:center;\"><img alt=\"f2\" src=\"/storage/news/5.jpg\"></p>\n\n<p> </p>\n','published',NULL,'2024-05-24 04:02:30','2024-05-24 04:02:30',NULL,NULL),(7,'StarKist','jkerluke@example.net','+15312483910','688 Marcel Stream','ID','Maine','Zemlakfurt',2,'stores/7.png',NULL,'Pariatur sed nihil earum iure. Laborum est facere suscipit incidunt. Placeat qui in quasi et quo. Molestias optio assumenda ipsum consequatur ullam molestias. Quo dolores fuga est voluptatibus pariatur ab. Non ut architecto vel praesentium omnis. Veniam autem magni repellendus qui ut recusandae.','<p>I have seen many people underestimating the power of their wallets. To them, they are just a functional item they use to carry. As a result, they often end up with the wallets which are not really suitable for them.</p>\n\n<p>You should pay more attention when you choose your wallets. There are a lot of them on the market with the different designs and styles. When you choose carefully, you would be able to buy a wallet that is catered to your needs. Not to mention that it will help to enhance your style significantly.</p>\n\n<p style=\"text-align:center;\"><img alt=\"f4\" src=\"/storage/news/1.jpg\"></p>\n\n<p><br>\n </p>\n\n<p><strong><em>For all the reason above, here are 7 expert tips to help you pick up the right men’s wallet for you:</em></strong></p>\n\n<h4><strong>Number 1: Choose A Neat Wallet</strong></h4>\n\n<p>The wallet is an essential accessory that you should go simple. Simplicity is the best in this case. A simple and neat wallet with the plain color and even <strong>minimalist style</strong> is versatile. It can be used for both formal and casual events. In addition, that wallet will go well with most of the clothes in your wardrobe.</p>\n\n<p>Keep in mind that a wallet will tell other people about your personality and your fashion sense as much as other clothes you put on. Hence, don’t go cheesy on your wallet or else people will think that you have a funny and particular style.</p>\n\n<p style=\"text-align:center;\"><img alt=\"f5\" src=\"/storage/news/2.jpg\"></p>\n\n<p><br>\n </p>\n<hr>\n<h4><strong>Number 2: Choose The Right Size For Your Wallet</strong></h4>\n\n<p>You should avoid having an over-sized wallet. Don’t think that you need to buy a big wallet because you have a lot to carry with you. In addition, a fat wallet is very ugly. It will make it harder for you to slide the wallet into your trousers’ pocket. In addition, it will create a bulge and ruin your look.</p>\n\n<p>Before you go on to buy a new wallet, clean out your wallet and place all the items from your wallet on a table. Throw away things that you would never need any more such as the old bills or the expired gift cards. Remember to check your wallet on a frequent basis to get rid of all of the old stuff that you don’t need anymore.</p>\n\n<p style=\"text-align:center;\"><img alt=\"f1\" src=\"/storage/news/3.jpg\"></p>\n\n<p><br>\n </p>\n\n<hr>\n<h4><strong>Number 3: Don’t Limit Your Options Of Materials</strong></h4>\n\n<p>The types and designs of wallets are not the only things that you should consider when you go out searching for your best wallet. You have more than 1 option of material rather than leather to choose from as well.</p>\n\n<p>You can experiment with other available options such as cotton, polyester and canvas. They all have their own pros and cons. As a result, they will be suitable for different needs and requirements. You should think about them all in order to choose the material which you would like the most.</p>\n\n<p style=\"text-align:center;\"><img alt=\"f6\" src=\"/storage/news/4.jpg\"></p>\n\n<p><br>\n </p>\n\n<hr>\n<h4><strong>Number 4: Consider A Wallet As A Long Term Investment</strong></h4>\n\n<p>Your wallet is indeed an investment that you should consider spending a decent amount of time and effort on it. Another factor that you need to consider is how much you want to spend on your wallet. The price ranges of wallets on the market vary a great deal. You can find a wallet which is as cheap as about 5 to 7 dollars. On the other hand, you should expect to pay around 250 to 300 dollars for a high-quality wallet.</p>\n\n<p>In case you need a wallet to use for a long time, it is a good idea that you should invest a decent amount of money on a wallet. A high quality wallet from a reputational brand with the premium quality such as cowhide leather will last for a long time. In addition, it is an accessory to show off your fashion sense and your social status.</p>\n\n<p style=\"text-align:center;\"><img alt=\"f2\" src=\"/storage/news/5.jpg\"></p>\n\n<p> </p>\n','published',NULL,'2024-05-24 04:02:30','2024-05-24 04:02:30',NULL,NULL),(8,'Old El Paso','jess.reilly@example.net','+18703808266','71023 Jody Course','LA','Delaware','Lake Princessside',5,'stores/8.png',NULL,'Doloremque dolorem voluptatum voluptas est. Laborum quibusdam officiis unde molestiae voluptatum quasi consequatur. Voluptates impedit dolorem ut quisquam deleniti officiis deleniti rerum. Est animi nam consequuntur minus rerum. Ut suscipit quos eaque sapiente. Eos repudiandae totam omnis. Velit labore libero in consequatur.','<p>I have seen many people underestimating the power of their wallets. To them, they are just a functional item they use to carry. As a result, they often end up with the wallets which are not really suitable for them.</p>\n\n<p>You should pay more attention when you choose your wallets. There are a lot of them on the market with the different designs and styles. When you choose carefully, you would be able to buy a wallet that is catered to your needs. Not to mention that it will help to enhance your style significantly.</p>\n\n<p style=\"text-align:center;\"><img alt=\"f4\" src=\"/storage/news/1.jpg\"></p>\n\n<p><br>\n </p>\n\n<p><strong><em>For all the reason above, here are 7 expert tips to help you pick up the right men’s wallet for you:</em></strong></p>\n\n<h4><strong>Number 1: Choose A Neat Wallet</strong></h4>\n\n<p>The wallet is an essential accessory that you should go simple. Simplicity is the best in this case. A simple and neat wallet with the plain color and even <strong>minimalist style</strong> is versatile. It can be used for both formal and casual events. In addition, that wallet will go well with most of the clothes in your wardrobe.</p>\n\n<p>Keep in mind that a wallet will tell other people about your personality and your fashion sense as much as other clothes you put on. Hence, don’t go cheesy on your wallet or else people will think that you have a funny and particular style.</p>\n\n<p style=\"text-align:center;\"><img alt=\"f5\" src=\"/storage/news/2.jpg\"></p>\n\n<p><br>\n </p>\n<hr>\n<h4><strong>Number 2: Choose The Right Size For Your Wallet</strong></h4>\n\n<p>You should avoid having an over-sized wallet. Don’t think that you need to buy a big wallet because you have a lot to carry with you. In addition, a fat wallet is very ugly. It will make it harder for you to slide the wallet into your trousers’ pocket. In addition, it will create a bulge and ruin your look.</p>\n\n<p>Before you go on to buy a new wallet, clean out your wallet and place all the items from your wallet on a table. Throw away things that you would never need any more such as the old bills or the expired gift cards. Remember to check your wallet on a frequent basis to get rid of all of the old stuff that you don’t need anymore.</p>\n\n<p style=\"text-align:center;\"><img alt=\"f1\" src=\"/storage/news/3.jpg\"></p>\n\n<p><br>\n </p>\n\n<hr>\n<h4><strong>Number 3: Don’t Limit Your Options Of Materials</strong></h4>\n\n<p>The types and designs of wallets are not the only things that you should consider when you go out searching for your best wallet. You have more than 1 option of material rather than leather to choose from as well.</p>\n\n<p>You can experiment with other available options such as cotton, polyester and canvas. They all have their own pros and cons. As a result, they will be suitable for different needs and requirements. You should think about them all in order to choose the material which you would like the most.</p>\n\n<p style=\"text-align:center;\"><img alt=\"f6\" src=\"/storage/news/4.jpg\"></p>\n\n<p><br>\n </p>\n\n<hr>\n<h4><strong>Number 4: Consider A Wallet As A Long Term Investment</strong></h4>\n\n<p>Your wallet is indeed an investment that you should consider spending a decent amount of time and effort on it. Another factor that you need to consider is how much you want to spend on your wallet. The price ranges of wallets on the market vary a great deal. You can find a wallet which is as cheap as about 5 to 7 dollars. On the other hand, you should expect to pay around 250 to 300 dollars for a high-quality wallet.</p>\n\n<p>In case you need a wallet to use for a long time, it is a good idea that you should invest a decent amount of money on a wallet. A high quality wallet from a reputational brand with the premium quality such as cowhide leather will last for a long time. In addition, it is an accessory to show off your fashion sense and your social status.</p>\n\n<p style=\"text-align:center;\"><img alt=\"f2\" src=\"/storage/news/5.jpg\"></p>\n\n<p> </p>\n','published',NULL,'2024-05-24 04:02:30','2024-05-24 04:02:30',NULL,NULL);

--
-- Table structure for table `mp_stores_translations`
--

CREATE TABLE `mp_stores_translations` (
  `lang_code` varchar(191) COLLATE utf8mb4_unicode_ci NOT NULL,
  `mp_stores_id` bigint unsigned NOT NULL,
  `name` varchar(191) COLLATE utf8mb4_unicode_ci DEFAULT NULL,
  `description` varchar(400) COLLATE utf8mb4_unicode_ci DEFAULT NULL,
  `content` longtext COLLATE utf8mb4_unicode_ci,
  `address` varchar(191) COLLATE utf8mb4_unicode_ci DEFAULT NULL,
  `company` varchar(191) COLLATE utf8mb4_unicode_ci DEFAULT NULL,
  `cover_image` varchar(191) COLLATE utf8mb4_unicode_ci DEFAULT NULL,
  PRIMARY KEY (`lang_code`,`mp_stores_id`)
) ENGINE=InnoDB DEFAULT CHARSET=utf8mb4 COLLATE=utf8mb4_unicode_ci;

--
-- Dumping data for table `mp_stores_translations`
--


--
-- Table structure for table `mp_vendor_info`
--

CREATE TABLE `mp_vendor_info` (
  `id` bigint unsigned NOT NULL AUTO_INCREMENT,
  `customer_id` bigint unsigned NOT NULL DEFAULT '0',
  `balance` decimal(15,2) NOT NULL DEFAULT '0.00',
  `total_fee` decimal(15,2) NOT NULL DEFAULT '0.00',
  `total_revenue` decimal(15,2) NOT NULL DEFAULT '0.00',
  `signature` varchar(191) COLLATE utf8mb4_unicode_ci DEFAULT NULL,
  `bank_info` text COLLATE utf8mb4_unicode_ci,
  `created_at` timestamp NULL DEFAULT NULL,
  `updated_at` timestamp NULL DEFAULT NULL,
  `payout_payment_method` varchar(120) COLLATE utf8mb4_unicode_ci DEFAULT 'bank_transfer',
  `tax_info` text COLLATE utf8mb4_unicode_ci,
  PRIMARY KEY (`id`)
) ENGINE=InnoDB AUTO_INCREMENT=8 DEFAULT CHARSET=utf8mb4 COLLATE=utf8mb4_unicode_ci;

--
-- Dumping data for table `mp_vendor_info`
--

INSERT INTO `mp_vendor_info` VALUES (1,2,0.00,0.00,0.00,'$2y$12$Ajueg7g6ABp8zsfKWkjWM.lSoqmiqzTCwruS8x3JZLyQDa5c3PdMy','{\"name\":\"Prof. Khalid Walsh I\",\"number\":\"+19097169406\",\"full_name\":\"Dr. Nikita Jast\",\"description\":\"Ibrahim Lesch\"}','2024-05-24 04:02:28','2024-05-24 04:02:28','bank_transfer',NULL),(2,3,0.00,0.00,0.00,'$2y$12$lJs6qd/EpxjKfj8no7lcM.FzSoINCZ55anhvFiK4EQhZCghUY7TlG','{\"name\":\"Eloise Cormier\",\"number\":\"+18167998366\",\"full_name\":\"Althea Murray II\",\"description\":\"Oscar Feeney\"}','2024-05-24 04:02:28','2024-05-24 04:02:28','bank_transfer',NULL),(3,4,0.00,0.00,0.00,'$2y$12$2icrhbWoRsFFryEjBMvEbu37BU5igxtrIljeCYKjtN0N.tMvHM/.a','{\"name\":\"Catherine Thiel I\",\"number\":\"+14584182478\",\"full_name\":\"Alexa Pacocha\",\"description\":\"Jo Hilpert\"}','2024-05-24 04:02:28','2024-05-24 04:02:28','bank_transfer',NULL),(4,5,0.00,0.00,0.00,'$2y$12$AoUUyfhxYFbuhEuJ3QtCnuCIxC820VthONbQmxfrTOz9ZILWWrQUa','{\"name\":\"Prof. Matilde Hudson\",\"number\":\"+16074028897\",\"full_name\":\"Lillie Lindgren\",\"description\":\"Prof. Claudia Keebler IV\"}','2024-05-24 04:02:29','2024-05-24 04:02:29','bank_transfer',NULL),(5,6,0.00,0.00,0.00,'$2y$12$mTAXGk3bVX5WAVrYH8DXZ.YMyadY1MoXq41Mu.prGgsIAuHaGtVv6','{\"name\":\"Justyn Littel\",\"number\":\"+15409894936\",\"full_name\":\"Maryam Price III\",\"description\":\"Prudence Cassin Jr.\"}','2024-05-24 04:02:29','2024-05-24 04:02:29','bank_transfer',NULL),(6,7,0.00,0.00,0.00,'$2y$12$NHVX03uGPbgZmc.4R/tyJOqLDAFBWG58pEGhDpWyBDNjzwjuj3t2G','{\"name\":\"Devyn Yost\",\"number\":\"+19785684910\",\"full_name\":\"Ryann Hoppe\",\"description\":\"Sandrine Lesch\"}','2024-05-24 04:02:29','2024-05-24 04:02:29','bank_transfer',NULL),(7,8,0.00,0.00,0.00,'$2y$12$0I.s2BmtqVNyPMWIOodof.utpyy1JwmSkmE09i6GK//GR0RCAGr4G','{\"name\":\"Declan Schinner DVM\",\"number\":\"+12832699333\",\"full_name\":\"Prof. Twila Pagac V\",\"description\":\"Janick Lebsack\"}','2024-05-24 04:02:30','2024-05-24 04:02:30','bank_transfer',NULL);

--
-- Table structure for table `newsletters`
--

CREATE TABLE `newsletters` (
  `id` bigint unsigned NOT NULL AUTO_INCREMENT,
  `email` varchar(120) COLLATE utf8mb4_unicode_ci NOT NULL,
  `name` varchar(120) COLLATE utf8mb4_unicode_ci DEFAULT NULL,
  `status` varchar(60) COLLATE utf8mb4_unicode_ci NOT NULL DEFAULT 'subscribed',
  `created_at` timestamp NULL DEFAULT NULL,
  `updated_at` timestamp NULL DEFAULT NULL,
  PRIMARY KEY (`id`)
) ENGINE=InnoDB DEFAULT CHARSET=utf8mb4 COLLATE=utf8mb4_unicode_ci;

--
-- Dumping data for table `newsletters`
--


--
-- Table structure for table `pages`
--

CREATE TABLE `pages` (
  `id` bigint unsigned NOT NULL AUTO_INCREMENT,
  `name` varchar(120) COLLATE utf8mb4_unicode_ci NOT NULL,
  `content` longtext COLLATE utf8mb4_unicode_ci,
  `user_id` bigint unsigned DEFAULT NULL,
  `image` varchar(191) COLLATE utf8mb4_unicode_ci DEFAULT NULL,
  `template` varchar(60) COLLATE utf8mb4_unicode_ci DEFAULT NULL,
  `description` varchar(400) COLLATE utf8mb4_unicode_ci DEFAULT NULL,
  `status` varchar(60) COLLATE utf8mb4_unicode_ci NOT NULL DEFAULT 'published',
  `created_at` timestamp NULL DEFAULT NULL,
  `updated_at` timestamp NULL DEFAULT NULL,
  PRIMARY KEY (`id`),
  KEY `pages_user_id_index` (`user_id`)
) ENGINE=InnoDB AUTO_INCREMENT=13 DEFAULT CHARSET=utf8mb4 COLLATE=utf8mb4_unicode_ci;

--
-- Dumping data for table `pages`
--

INSERT INTO `pages` VALUES (1,'Home','<div>[simple-slider key=\"home-slider\" is_autoplay=\"yes\" autoplay_speed=\"5000\" ads=\"VC2C8Q1UGCBG\" background=\"general/slider-bg.jpg\"][/simple-slider]</div><div>[featured-product-categories title=\"Browse by Category\"][/featured-product-categories]</div><div>[featured-brands title=\"Featured Brands\"][/featured-brands]</div><div>[flash-sale title=\"Top Saver Today\" flash_sale_id=\"1\"][/flash-sale]</div><div>[product-category-products title=\"Just Landing\" category_id=\"23\"][/product-category-products]</div><div>[theme-ads key_1=\"IZ6WU8KUALYD\" key_2=\"ILSFJVYFGCPZ\" key_3=\"ZDOZUZZIU7FT\"][/theme-ads]</div><div>[featured-products title=\"Featured products\"][/featured-products]</div><div>[product-collections title=\"Essential Products\"][/product-collections]</div><div>[product-category-products category_id=\"18\"][/product-category-products]</div><div>[featured-posts title=\"Health Daily\" background=\"general/blog-bg.jpg\"\n                        app_enabled=\"1\"\n                        app_title=\"Shop faster with Farmart App\"\n                        app_description=\"Available on both iOS & Android\"\n                        app_bg=\"general/app-bg.png\"\n                        app_android_img=\"general/app-android.png\"\n                        app_android_link=\"#\"\n                        app_ios_img=\"general/app-ios.png\"\n                        app_ios_link=\"#\"][/featured-posts]</div>',1,NULL,'homepage',NULL,'published','2024-05-24 04:02:31','2024-05-24 04:02:31'),(2,'About us',NULL,1,NULL,NULL,NULL,'published','2024-05-24 04:02:31','2024-05-24 04:02:31'),(3,'Terms Of Use',NULL,1,NULL,NULL,NULL,'published','2024-05-24 04:02:31','2024-05-24 04:02:31'),(4,'Terms &amp; Conditions',NULL,1,NULL,NULL,NULL,'published','2024-05-24 04:02:31','2024-05-24 04:02:31'),(5,'Refund Policy',NULL,1,NULL,NULL,NULL,'published','2024-05-24 04:02:31','2024-05-24 04:02:31'),(6,'Blog','<p>---</p>',1,NULL,'full-width',NULL,'published','2024-05-24 04:02:31','2024-05-24 04:02:31'),(7,'FAQs','<div>[faq title=\"Frequently Asked Questions\"][/faq]</div>',1,NULL,NULL,NULL,'published','2024-05-24 04:02:31','2024-05-24 04:02:31'),(8,'Contact','<div>[google-map]502 New Street, Brighton VIC, Australia[/google-map]</div><div>[contact-info-boxes title=\"Contact Info\" subtitle=\"Location\" name_1=\"Store\" address_1=\"68 Atlantic Ave St, Brooklyn, NY 90002, USA\" phone_1=\"(+005) 5896 72 78 79\" email_1=\"support@farmart.com\" name_2=\"Warehouse\" address_2=\"172 Richmond Hill Ave St, Stamford, NY 90002, USA\" phone_2=\"(+005) 5896 03 04 05\" show_contact_form=\"1\" ][/contact-info-boxes]</div>',1,NULL,NULL,NULL,'published','2024-05-24 04:02:31','2024-05-24 04:02:31'),(9,'Cookie Policy','<h3>EU Cookie Consent</h3><p>To use this Website we are using Cookies and collecting some Data. To be compliant with the EU GDPR we give you to choose if you allow us to use certain Cookies and to collect some Data.</p><h4>Essential Data</h4><p>The Essential Data is needed to run the Site you are visiting technically. You can not deactivate them.</p><p>- Session Cookie: PHP uses a Cookie to identify user sessions. Without this Cookie the Website is not working.</p><p>- XSRF-Token Cookie: Laravel automatically generates a CSRF \"token\" for each active user session managed by the application. This token is used to verify that the authenticated user is the one actually making the requests to the application.</p>',1,NULL,NULL,NULL,'published','2024-05-24 04:02:31','2024-05-24 04:02:31'),(10,'Affiliate',NULL,1,NULL,NULL,NULL,'published','2024-05-24 04:02:31','2024-05-24 04:02:31'),(11,'Career',NULL,1,NULL,NULL,NULL,'published','2024-05-24 04:02:31','2024-05-24 04:02:31'),(12,'Coming soon','<div>[coming-soon time=\"2025-05-24 11:02:31\" title=\"We’re coming soon.\" subtitle=\"Currently we’re working on our brand new website and will be\nlaunching soon.\" social_title=\"Connect us on social networks\" image=\"general/coming-soon.jpg\"][/coming-soon]</div>',1,NULL,'coming-soon',NULL,'published','2024-05-24 04:02:31','2024-05-24 04:02:31');

--
-- Table structure for table `pages_translations`
--

CREATE TABLE `pages_translations` (
  `lang_code` varchar(20) COLLATE utf8mb4_unicode_ci NOT NULL,
  `pages_id` bigint unsigned NOT NULL,
  `name` varchar(191) COLLATE utf8mb4_unicode_ci DEFAULT NULL,
  `description` varchar(400) COLLATE utf8mb4_unicode_ci DEFAULT NULL,
  `content` longtext COLLATE utf8mb4_unicode_ci,
  PRIMARY KEY (`lang_code`,`pages_id`)
) ENGINE=InnoDB DEFAULT CHARSET=utf8mb4 COLLATE=utf8mb4_unicode_ci;

--
-- Dumping data for table `pages_translations`
--


--
-- Table structure for table `password_reset_tokens`
--

CREATE TABLE `password_reset_tokens` (
  `email` varchar(191) COLLATE utf8mb4_unicode_ci NOT NULL,
  `token` varchar(191) COLLATE utf8mb4_unicode_ci NOT NULL,
  `created_at` timestamp NULL DEFAULT NULL,
  PRIMARY KEY (`email`)
) ENGINE=InnoDB DEFAULT CHARSET=utf8mb4 COLLATE=utf8mb4_unicode_ci;

--
-- Dumping data for table `password_reset_tokens`
--


--
-- Table structure for table `payments`
--

CREATE TABLE `payments` (
  `id` bigint unsigned NOT NULL AUTO_INCREMENT,
  `currency` varchar(120) COLLATE utf8mb4_unicode_ci DEFAULT NULL,
  `user_id` bigint unsigned NOT NULL DEFAULT '0',
  `charge_id` varchar(191) COLLATE utf8mb4_unicode_ci DEFAULT NULL,
  `payment_channel` varchar(60) COLLATE utf8mb4_unicode_ci DEFAULT NULL,
  `description` varchar(400) COLLATE utf8mb4_unicode_ci DEFAULT NULL,
  `amount` decimal(15,2) unsigned NOT NULL,
  `order_id` bigint unsigned DEFAULT NULL,
  `status` varchar(60) COLLATE utf8mb4_unicode_ci DEFAULT 'pending',
  `payment_type` varchar(191) COLLATE utf8mb4_unicode_ci DEFAULT 'confirm',
  `customer_id` bigint unsigned DEFAULT NULL,
  `refunded_amount` decimal(15,2) unsigned DEFAULT NULL,
  `refund_note` varchar(191) COLLATE utf8mb4_unicode_ci DEFAULT NULL,
  `created_at` timestamp NULL DEFAULT NULL,
  `updated_at` timestamp NULL DEFAULT NULL,
  `customer_type` varchar(191) COLLATE utf8mb4_unicode_ci DEFAULT NULL,
  `metadata` mediumtext COLLATE utf8mb4_unicode_ci,
  PRIMARY KEY (`id`)
) ENGINE=InnoDB DEFAULT CHARSET=utf8mb4 COLLATE=utf8mb4_unicode_ci;

--
-- Dumping data for table `payments`
--


--
-- Table structure for table `personal_access_tokens`
--

CREATE TABLE `personal_access_tokens` (
  `id` bigint unsigned NOT NULL AUTO_INCREMENT,
  `tokenable_type` varchar(191) COLLATE utf8mb4_unicode_ci NOT NULL,
  `tokenable_id` bigint unsigned NOT NULL,
  `name` varchar(191) COLLATE utf8mb4_unicode_ci NOT NULL,
  `token` varchar(64) COLLATE utf8mb4_unicode_ci NOT NULL,
  `abilities` text COLLATE utf8mb4_unicode_ci,
  `last_used_at` timestamp NULL DEFAULT NULL,
  `expires_at` timestamp NULL DEFAULT NULL,
  `created_at` timestamp NULL DEFAULT NULL,
  `updated_at` timestamp NULL DEFAULT NULL,
  PRIMARY KEY (`id`),
  UNIQUE KEY `personal_access_tokens_token_unique` (`token`),
  KEY `personal_access_tokens_tokenable_type_tokenable_id_index` (`tokenable_type`,`tokenable_id`)
) ENGINE=InnoDB DEFAULT CHARSET=utf8mb4 COLLATE=utf8mb4_unicode_ci;

--
-- Dumping data for table `personal_access_tokens`
--


--
-- Table structure for table `post_categories`
--

CREATE TABLE `post_categories` (
  `category_id` bigint unsigned NOT NULL,
  `post_id` bigint unsigned NOT NULL,
  KEY `post_categories_category_id_index` (`category_id`),
  KEY `post_categories_post_id_index` (`post_id`)
) ENGINE=InnoDB DEFAULT CHARSET=utf8mb4 COLLATE=utf8mb4_unicode_ci;

--
-- Dumping data for table `post_categories`
--

INSERT INTO `post_categories` VALUES (2,1),(3,1),(1,2),(4,2),(1,3),(4,3),(2,4),(3,4),(1,5),(3,5),(1,6),(3,6),(1,7),(4,7),(1,8),(3,8),(1,9),(3,9),(2,10),(4,10),(2,11),(4,11);

--
-- Table structure for table `post_tags`
--

CREATE TABLE `post_tags` (
  `tag_id` bigint unsigned NOT NULL,
  `post_id` bigint unsigned NOT NULL,
  KEY `post_tags_tag_id_index` (`tag_id`),
  KEY `post_tags_post_id_index` (`post_id`)
) ENGINE=InnoDB DEFAULT CHARSET=utf8mb4 COLLATE=utf8mb4_unicode_ci;

--
-- Dumping data for table `post_tags`
--

INSERT INTO `post_tags` VALUES (1,1),(2,1),(3,1),(4,1),(5,1),(1,2),(2,2),(3,2),(4,2),(5,2),(1,3),(2,3),(3,3),(4,3),(5,3),(1,4),(2,4),(3,4),(4,4),(5,4),(1,5),(2,5),(3,5),(4,5),(5,5),(1,6),(2,6),(3,6),(4,6),(5,6),(1,7),(2,7),(3,7),(4,7),(5,7),(1,8),(2,8),(3,8),(4,8),(5,8),(1,9),(2,9),(3,9),(4,9),(5,9),(1,10),(2,10),(3,10),(4,10),(5,10),(1,11),(2,11),(3,11),(4,11),(5,11);

--
-- Table structure for table `posts`
--

CREATE TABLE `posts` (
  `id` bigint unsigned NOT NULL AUTO_INCREMENT,
  `name` varchar(191) COLLATE utf8mb4_unicode_ci NOT NULL,
  `description` varchar(400) COLLATE utf8mb4_unicode_ci DEFAULT NULL,
  `content` longtext COLLATE utf8mb4_unicode_ci,
  `status` varchar(60) COLLATE utf8mb4_unicode_ci NOT NULL DEFAULT 'published',
  `author_id` bigint unsigned DEFAULT NULL,
  `author_type` varchar(191) COLLATE utf8mb4_unicode_ci NOT NULL DEFAULT 'Botble\\ACL\\Models\\User',
  `is_featured` tinyint unsigned NOT NULL DEFAULT '0',
  `image` varchar(191) COLLATE utf8mb4_unicode_ci DEFAULT NULL,
  `views` int unsigned NOT NULL DEFAULT '0',
  `format_type` varchar(30) COLLATE utf8mb4_unicode_ci DEFAULT NULL,
  `created_at` timestamp NULL DEFAULT NULL,
  `updated_at` timestamp NULL DEFAULT NULL,
  PRIMARY KEY (`id`),
  KEY `posts_status_index` (`status`),
  KEY `posts_author_id_index` (`author_id`),
  KEY `posts_author_type_index` (`author_type`),
  KEY `posts_created_at_index` (`created_at`)
) ENGINE=InnoDB AUTO_INCREMENT=12 DEFAULT CHARSET=utf8mb4 COLLATE=utf8mb4_unicode_ci;

--
-- Dumping data for table `posts`
--

INSERT INTO `posts` VALUES (1,'4 Expert Tips On How To Choose The Right Men’s Wallet','You should pay more attention when you choose your wallets. There are a lot of them on the market with the different designs and styles. When you choose carefully, you would be able to buy a wallet that is catered to your needs. Not to mention that it will help to enhance your style significantly.','<p>I have seen many people underestimating the power of their wallets. To them, they are just a functional item they use to carry. As a result, they often end up with the wallets which are not really suitable for them.</p>\n\n<p>You should pay more attention when you choose your wallets. There are a lot of them on the market with the different designs and styles. When you choose carefully, you would be able to buy a wallet that is catered to your needs. Not to mention that it will help to enhance your style significantly.</p>\n\n<p style=\"text-align:center\"><img alt=\"f4\" src=\"/storage/news/1.jpg\" /></p>\n\n<p><br />\n&nbsp;</p>\n\n<p><strong><em>For all the reason above, here are 7 expert tips to help you pick up the right men&rsquo;s wallet for you:</em></strong></p>\n\n<h4><strong>Number 1: Choose A Neat Wallet</strong></h4>\n\n<p>The wallet is an essential accessory that you should go simple. Simplicity is the best in this case. A simple and neat wallet with the plain color and even&nbsp;<strong>minimalist style</strong>&nbsp;is versatile. It can be used for both formal and casual events. In addition, that wallet will go well with most of the clothes in your wardrobe.</p>\n\n<p>Keep in mind that a wallet will tell other people about your personality and your fashion sense as much as other clothes you put on. Hence, don&rsquo;t go cheesy on your wallet or else people will think that you have a funny and particular style.</p>\n\n<p style=\"text-align:center\"><img alt=\"f5\" src=\"/storage/news/2.jpg\" /></p>\n\n<p><br />\n&nbsp;</p>\n<hr />\n<h4><strong>Number 2: Choose The Right Size For Your Wallet</strong></h4>\n\n<p>You should avoid having an over-sized wallet. Don&rsquo;t think that you need to buy a big wallet because you have a lot to carry with you. In addition, a fat wallet is very ugly. It will make it harder for you to slide the wallet into your trousers&rsquo; pocket. In addition, it will create a bulge and ruin your look.</p>\n\n<p>Before you go on to buy a new wallet, clean out your wallet and place all the items from your wallet on a table. Throw away things that you would never need any more such as the old bills or the expired gift cards. Remember to check your wallet on a frequent basis to get rid of all of the old stuff that you don&rsquo;t need anymore.</p>\n\n<p style=\"text-align:center\"><img alt=\"f1\" src=\"/storage/news/3.jpg\" /></p>\n\n<p><br />\n&nbsp;</p>\n\n<hr />\n<h4><strong>Number 3: Don&rsquo;t Limit Your Options Of Materials</strong></h4>\n\n<p>The types and designs of wallets are not the only things that you should consider when you go out searching for your best wallet. You have more than 1 option of material rather than leather to choose from as well.</p>\n\n<p>You can experiment with other available options such as cotton, polyester and canvas. They all have their own pros and cons. As a result, they will be suitable for different needs and requirements. You should think about them all in order to choose the material which you would like the most.</p>\n\n<p style=\"text-align:center\"><img alt=\"f6\" src=\"/storage/news/4.jpg\" /></p>\n\n<p><br />\n&nbsp;</p>\n\n<hr />\n<h4><strong>Number 4: Consider A Wallet As A Long Term Investment</strong></h4>\n\n<p>Your wallet is indeed an investment that you should consider spending a decent amount of time and effort on it. Another factor that you need to consider is how much you want to spend on your wallet. The price ranges of wallets on the market vary a great deal. You can find a wallet which is as cheap as about 5 to 7 dollars. On the other hand, you should expect to pay around 250 to 300 dollars for a high-quality wallet.</p>\n\n<p>In case you need a wallet to use for a long time, it is a good idea that you should invest a decent amount of money on a wallet. A high quality wallet from a reputational brand with the premium quality such as cowhide leather will last for a long time. In addition, it is an accessory to show off your fashion sense and your social status.</p>\n\n<p style=\"text-align:center\"><img alt=\"f2\" src=\"/storage/news/5.jpg\" /></p>\n\n<p>&nbsp;</p>\n','published',1,'Botble\\ACL\\Models\\User',1,'news/1.jpg',454,NULL,'2024-05-24 04:02:30','2024-05-24 04:02:30'),(2,'Sexy Clutches: How to Buy &amp; Wear a Designer Clutch Bag','You should pay more attention when you choose your wallets. There are a lot of them on the market with the different designs and styles. When you choose carefully, you would be able to buy a wallet that is catered to your needs. Not to mention that it will help to enhance your style significantly.','<p>I have seen many people underestimating the power of their wallets. To them, they are just a functional item they use to carry. As a result, they often end up with the wallets which are not really suitable for them.</p>\n\n<p>You should pay more attention when you choose your wallets. There are a lot of them on the market with the different designs and styles. When you choose carefully, you would be able to buy a wallet that is catered to your needs. Not to mention that it will help to enhance your style significantly.</p>\n\n<p style=\"text-align:center\"><img alt=\"f4\" src=\"/storage/news/1.jpg\" /></p>\n\n<p><br />\n&nbsp;</p>\n\n<p><strong><em>For all the reason above, here are 7 expert tips to help you pick up the right men&rsquo;s wallet for you:</em></strong></p>\n\n<h4><strong>Number 1: Choose A Neat Wallet</strong></h4>\n\n<p>The wallet is an essential accessory that you should go simple. Simplicity is the best in this case. A simple and neat wallet with the plain color and even&nbsp;<strong>minimalist style</strong>&nbsp;is versatile. It can be used for both formal and casual events. In addition, that wallet will go well with most of the clothes in your wardrobe.</p>\n\n<p>Keep in mind that a wallet will tell other people about your personality and your fashion sense as much as other clothes you put on. Hence, don&rsquo;t go cheesy on your wallet or else people will think that you have a funny and particular style.</p>\n\n<p style=\"text-align:center\"><img alt=\"f5\" src=\"/storage/news/2.jpg\" /></p>\n\n<p><br />\n&nbsp;</p>\n<hr />\n<h4><strong>Number 2: Choose The Right Size For Your Wallet</strong></h4>\n\n<p>You should avoid having an over-sized wallet. Don&rsquo;t think that you need to buy a big wallet because you have a lot to carry with you. In addition, a fat wallet is very ugly. It will make it harder for you to slide the wallet into your trousers&rsquo; pocket. In addition, it will create a bulge and ruin your look.</p>\n\n<p>Before you go on to buy a new wallet, clean out your wallet and place all the items from your wallet on a table. Throw away things that you would never need any more such as the old bills or the expired gift cards. Remember to check your wallet on a frequent basis to get rid of all of the old stuff that you don&rsquo;t need anymore.</p>\n\n<p style=\"text-align:center\"><img alt=\"f1\" src=\"/storage/news/3.jpg\" /></p>\n\n<p><br />\n&nbsp;</p>\n\n<hr />\n<h4><strong>Number 3: Don&rsquo;t Limit Your Options Of Materials</strong></h4>\n\n<p>The types and designs of wallets are not the only things that you should consider when you go out searching for your best wallet. You have more than 1 option of material rather than leather to choose from as well.</p>\n\n<p>You can experiment with other available options such as cotton, polyester and canvas. They all have their own pros and cons. As a result, they will be suitable for different needs and requirements. You should think about them all in order to choose the material which you would like the most.</p>\n\n<p style=\"text-align:center\"><img alt=\"f6\" src=\"/storage/news/4.jpg\" /></p>\n\n<p><br />\n&nbsp;</p>\n\n<hr />\n<h4><strong>Number 4: Consider A Wallet As A Long Term Investment</strong></h4>\n\n<p>Your wallet is indeed an investment that you should consider spending a decent amount of time and effort on it. Another factor that you need to consider is how much you want to spend on your wallet. The price ranges of wallets on the market vary a great deal. You can find a wallet which is as cheap as about 5 to 7 dollars. On the other hand, you should expect to pay around 250 to 300 dollars for a high-quality wallet.</p>\n\n<p>In case you need a wallet to use for a long time, it is a good idea that you should invest a decent amount of money on a wallet. A high quality wallet from a reputational brand with the premium quality such as cowhide leather will last for a long time. In addition, it is an accessory to show off your fashion sense and your social status.</p>\n\n<p style=\"text-align:center\"><img alt=\"f2\" src=\"/storage/news/5.jpg\" /></p>\n\n<p>&nbsp;</p>\n','published',1,'Botble\\ACL\\Models\\User',1,'news/2.jpg',1428,NULL,'2024-05-24 04:02:30','2024-05-24 04:02:30'),(3,'The Top 2020 Handbag Trends to Know','You should pay more attention when you choose your wallets. There are a lot of them on the market with the different designs and styles. When you choose carefully, you would be able to buy a wallet that is catered to your needs. Not to mention that it will help to enhance your style significantly.','<p>I have seen many people underestimating the power of their wallets. To them, they are just a functional item they use to carry. As a result, they often end up with the wallets which are not really suitable for them.</p>\n\n<p>You should pay more attention when you choose your wallets. There are a lot of them on the market with the different designs and styles. When you choose carefully, you would be able to buy a wallet that is catered to your needs. Not to mention that it will help to enhance your style significantly.</p>\n\n<p style=\"text-align:center\"><img alt=\"f4\" src=\"/storage/news/1.jpg\" /></p>\n\n<p><br />\n&nbsp;</p>\n\n<p><strong><em>For all the reason above, here are 7 expert tips to help you pick up the right men&rsquo;s wallet for you:</em></strong></p>\n\n<h4><strong>Number 1: Choose A Neat Wallet</strong></h4>\n\n<p>The wallet is an essential accessory that you should go simple. Simplicity is the best in this case. A simple and neat wallet with the plain color and even&nbsp;<strong>minimalist style</strong>&nbsp;is versatile. It can be used for both formal and casual events. In addition, that wallet will go well with most of the clothes in your wardrobe.</p>\n\n<p>Keep in mind that a wallet will tell other people about your personality and your fashion sense as much as other clothes you put on. Hence, don&rsquo;t go cheesy on your wallet or else people will think that you have a funny and particular style.</p>\n\n<p style=\"text-align:center\"><img alt=\"f5\" src=\"/storage/news/2.jpg\" /></p>\n\n<p><br />\n&nbsp;</p>\n<hr />\n<h4><strong>Number 2: Choose The Right Size For Your Wallet</strong></h4>\n\n<p>You should avoid having an over-sized wallet. Don&rsquo;t think that you need to buy a big wallet because you have a lot to carry with you. In addition, a fat wallet is very ugly. It will make it harder for you to slide the wallet into your trousers&rsquo; pocket. In addition, it will create a bulge and ruin your look.</p>\n\n<p>Before you go on to buy a new wallet, clean out your wallet and place all the items from your wallet on a table. Throw away things that you would never need any more such as the old bills or the expired gift cards. Remember to check your wallet on a frequent basis to get rid of all of the old stuff that you don&rsquo;t need anymore.</p>\n\n<p style=\"text-align:center\"><img alt=\"f1\" src=\"/storage/news/3.jpg\" /></p>\n\n<p><br />\n&nbsp;</p>\n\n<hr />\n<h4><strong>Number 3: Don&rsquo;t Limit Your Options Of Materials</strong></h4>\n\n<p>The types and designs of wallets are not the only things that you should consider when you go out searching for your best wallet. You have more than 1 option of material rather than leather to choose from as well.</p>\n\n<p>You can experiment with other available options such as cotton, polyester and canvas. They all have their own pros and cons. As a result, they will be suitable for different needs and requirements. You should think about them all in order to choose the material which you would like the most.</p>\n\n<p style=\"text-align:center\"><img alt=\"f6\" src=\"/storage/news/4.jpg\" /></p>\n\n<p><br />\n&nbsp;</p>\n\n<hr />\n<h4><strong>Number 4: Consider A Wallet As A Long Term Investment</strong></h4>\n\n<p>Your wallet is indeed an investment that you should consider spending a decent amount of time and effort on it. Another factor that you need to consider is how much you want to spend on your wallet. The price ranges of wallets on the market vary a great deal. You can find a wallet which is as cheap as about 5 to 7 dollars. On the other hand, you should expect to pay around 250 to 300 dollars for a high-quality wallet.</p>\n\n<p>In case you need a wallet to use for a long time, it is a good idea that you should invest a decent amount of money on a wallet. A high quality wallet from a reputational brand with the premium quality such as cowhide leather will last for a long time. In addition, it is an accessory to show off your fashion sense and your social status.</p>\n\n<p style=\"text-align:center\"><img alt=\"f2\" src=\"/storage/news/5.jpg\" /></p>\n\n<p>&nbsp;</p>\n','published',1,'Botble\\ACL\\Models\\User',1,'news/3.jpg',1307,NULL,'2024-05-24 04:02:30','2024-05-24 04:02:30'),(4,'How to Match the Color of Your Handbag With an Outfit','You should pay more attention when you choose your wallets. There are a lot of them on the market with the different designs and styles. When you choose carefully, you would be able to buy a wallet that is catered to your needs. Not to mention that it will help to enhance your style significantly.','<p>I have seen many people underestimating the power of their wallets. To them, they are just a functional item they use to carry. As a result, they often end up with the wallets which are not really suitable for them.</p>\n\n<p>You should pay more attention when you choose your wallets. There are a lot of them on the market with the different designs and styles. When you choose carefully, you would be able to buy a wallet that is catered to your needs. Not to mention that it will help to enhance your style significantly.</p>\n\n<p style=\"text-align:center\"><img alt=\"f4\" src=\"/storage/news/1.jpg\" /></p>\n\n<p><br />\n&nbsp;</p>\n\n<p><strong><em>For all the reason above, here are 7 expert tips to help you pick up the right men&rsquo;s wallet for you:</em></strong></p>\n\n<h4><strong>Number 1: Choose A Neat Wallet</strong></h4>\n\n<p>The wallet is an essential accessory that you should go simple. Simplicity is the best in this case. A simple and neat wallet with the plain color and even&nbsp;<strong>minimalist style</strong>&nbsp;is versatile. It can be used for both formal and casual events. In addition, that wallet will go well with most of the clothes in your wardrobe.</p>\n\n<p>Keep in mind that a wallet will tell other people about your personality and your fashion sense as much as other clothes you put on. Hence, don&rsquo;t go cheesy on your wallet or else people will think that you have a funny and particular style.</p>\n\n<p style=\"text-align:center\"><img alt=\"f5\" src=\"/storage/news/2.jpg\" /></p>\n\n<p><br />\n&nbsp;</p>\n<hr />\n<h4><strong>Number 2: Choose The Right Size For Your Wallet</strong></h4>\n\n<p>You should avoid having an over-sized wallet. Don&rsquo;t think that you need to buy a big wallet because you have a lot to carry with you. In addition, a fat wallet is very ugly. It will make it harder for you to slide the wallet into your trousers&rsquo; pocket. In addition, it will create a bulge and ruin your look.</p>\n\n<p>Before you go on to buy a new wallet, clean out your wallet and place all the items from your wallet on a table. Throw away things that you would never need any more such as the old bills or the expired gift cards. Remember to check your wallet on a frequent basis to get rid of all of the old stuff that you don&rsquo;t need anymore.</p>\n\n<p style=\"text-align:center\"><img alt=\"f1\" src=\"/storage/news/3.jpg\" /></p>\n\n<p><br />\n&nbsp;</p>\n\n<hr />\n<h4><strong>Number 3: Don&rsquo;t Limit Your Options Of Materials</strong></h4>\n\n<p>The types and designs of wallets are not the only things that you should consider when you go out searching for your best wallet. You have more than 1 option of material rather than leather to choose from as well.</p>\n\n<p>You can experiment with other available options such as cotton, polyester and canvas. They all have their own pros and cons. As a result, they will be suitable for different needs and requirements. You should think about them all in order to choose the material which you would like the most.</p>\n\n<p style=\"text-align:center\"><img alt=\"f6\" src=\"/storage/news/4.jpg\" /></p>\n\n<p><br />\n&nbsp;</p>\n\n<hr />\n<h4><strong>Number 4: Consider A Wallet As A Long Term Investment</strong></h4>\n\n<p>Your wallet is indeed an investment that you should consider spending a decent amount of time and effort on it. Another factor that you need to consider is how much you want to spend on your wallet. The price ranges of wallets on the market vary a great deal. You can find a wallet which is as cheap as about 5 to 7 dollars. On the other hand, you should expect to pay around 250 to 300 dollars for a high-quality wallet.</p>\n\n<p>In case you need a wallet to use for a long time, it is a good idea that you should invest a decent amount of money on a wallet. A high quality wallet from a reputational brand with the premium quality such as cowhide leather will last for a long time. In addition, it is an accessory to show off your fashion sense and your social status.</p>\n\n<p style=\"text-align:center\"><img alt=\"f2\" src=\"/storage/news/5.jpg\" /></p>\n\n<p>&nbsp;</p>\n','published',1,'Botble\\ACL\\Models\\User',1,'news/4.jpg',2091,NULL,'2024-05-24 04:02:30','2024-05-24 04:02:30'),(5,'How to Care for Leather Bags','You should pay more attention when you choose your wallets. There are a lot of them on the market with the different designs and styles. When you choose carefully, you would be able to buy a wallet that is catered to your needs. Not to mention that it will help to enhance your style significantly.','<p>I have seen many people underestimating the power of their wallets. To them, they are just a functional item they use to carry. As a result, they often end up with the wallets which are not really suitable for them.</p>\n\n<p>You should pay more attention when you choose your wallets. There are a lot of them on the market with the different designs and styles. When you choose carefully, you would be able to buy a wallet that is catered to your needs. Not to mention that it will help to enhance your style significantly.</p>\n\n<p style=\"text-align:center\"><img alt=\"f4\" src=\"/storage/news/1.jpg\" /></p>\n\n<p><br />\n&nbsp;</p>\n\n<p><strong><em>For all the reason above, here are 7 expert tips to help you pick up the right men&rsquo;s wallet for you:</em></strong></p>\n\n<h4><strong>Number 1: Choose A Neat Wallet</strong></h4>\n\n<p>The wallet is an essential accessory that you should go simple. Simplicity is the best in this case. A simple and neat wallet with the plain color and even&nbsp;<strong>minimalist style</strong>&nbsp;is versatile. It can be used for both formal and casual events. In addition, that wallet will go well with most of the clothes in your wardrobe.</p>\n\n<p>Keep in mind that a wallet will tell other people about your personality and your fashion sense as much as other clothes you put on. Hence, don&rsquo;t go cheesy on your wallet or else people will think that you have a funny and particular style.</p>\n\n<p style=\"text-align:center\"><img alt=\"f5\" src=\"/storage/news/2.jpg\" /></p>\n\n<p><br />\n&nbsp;</p>\n<hr />\n<h4><strong>Number 2: Choose The Right Size For Your Wallet</strong></h4>\n\n<p>You should avoid having an over-sized wallet. Don&rsquo;t think that you need to buy a big wallet because you have a lot to carry with you. In addition, a fat wallet is very ugly. It will make it harder for you to slide the wallet into your trousers&rsquo; pocket. In addition, it will create a bulge and ruin your look.</p>\n\n<p>Before you go on to buy a new wallet, clean out your wallet and place all the items from your wallet on a table. Throw away things that you would never need any more such as the old bills or the expired gift cards. Remember to check your wallet on a frequent basis to get rid of all of the old stuff that you don&rsquo;t need anymore.</p>\n\n<p style=\"text-align:center\"><img alt=\"f1\" src=\"/storage/news/3.jpg\" /></p>\n\n<p><br />\n&nbsp;</p>\n\n<hr />\n<h4><strong>Number 3: Don&rsquo;t Limit Your Options Of Materials</strong></h4>\n\n<p>The types and designs of wallets are not the only things that you should consider when you go out searching for your best wallet. You have more than 1 option of material rather than leather to choose from as well.</p>\n\n<p>You can experiment with other available options such as cotton, polyester and canvas. They all have their own pros and cons. As a result, they will be suitable for different needs and requirements. You should think about them all in order to choose the material which you would like the most.</p>\n\n<p style=\"text-align:center\"><img alt=\"f6\" src=\"/storage/news/4.jpg\" /></p>\n\n<p><br />\n&nbsp;</p>\n\n<hr />\n<h4><strong>Number 4: Consider A Wallet As A Long Term Investment</strong></h4>\n\n<p>Your wallet is indeed an investment that you should consider spending a decent amount of time and effort on it. Another factor that you need to consider is how much you want to spend on your wallet. The price ranges of wallets on the market vary a great deal. You can find a wallet which is as cheap as about 5 to 7 dollars. On the other hand, you should expect to pay around 250 to 300 dollars for a high-quality wallet.</p>\n\n<p>In case you need a wallet to use for a long time, it is a good idea that you should invest a decent amount of money on a wallet. A high quality wallet from a reputational brand with the premium quality such as cowhide leather will last for a long time. In addition, it is an accessory to show off your fashion sense and your social status.</p>\n\n<p style=\"text-align:center\"><img alt=\"f2\" src=\"/storage/news/5.jpg\" /></p>\n\n<p>&nbsp;</p>\n','published',1,'Botble\\ACL\\Models\\User',1,'news/5.jpg',679,NULL,'2024-05-24 04:02:30','2024-05-24 04:02:30'),(6,'We\'re Crushing Hard on Summer\'s 10 Biggest Bag Trends','You should pay more attention when you choose your wallets. There are a lot of them on the market with the different designs and styles. When you choose carefully, you would be able to buy a wallet that is catered to your needs. Not to mention that it will help to enhance your style significantly.','<p>I have seen many people underestimating the power of their wallets. To them, they are just a functional item they use to carry. As a result, they often end up with the wallets which are not really suitable for them.</p>\n\n<p>You should pay more attention when you choose your wallets. There are a lot of them on the market with the different designs and styles. When you choose carefully, you would be able to buy a wallet that is catered to your needs. Not to mention that it will help to enhance your style significantly.</p>\n\n<p style=\"text-align:center\"><img alt=\"f4\" src=\"/storage/news/1.jpg\" /></p>\n\n<p><br />\n&nbsp;</p>\n\n<p><strong><em>For all the reason above, here are 7 expert tips to help you pick up the right men&rsquo;s wallet for you:</em></strong></p>\n\n<h4><strong>Number 1: Choose A Neat Wallet</strong></h4>\n\n<p>The wallet is an essential accessory that you should go simple. Simplicity is the best in this case. A simple and neat wallet with the plain color and even&nbsp;<strong>minimalist style</strong>&nbsp;is versatile. It can be used for both formal and casual events. In addition, that wallet will go well with most of the clothes in your wardrobe.</p>\n\n<p>Keep in mind that a wallet will tell other people about your personality and your fashion sense as much as other clothes you put on. Hence, don&rsquo;t go cheesy on your wallet or else people will think that you have a funny and particular style.</p>\n\n<p style=\"text-align:center\"><img alt=\"f5\" src=\"/storage/news/2.jpg\" /></p>\n\n<p><br />\n&nbsp;</p>\n<hr />\n<h4><strong>Number 2: Choose The Right Size For Your Wallet</strong></h4>\n\n<p>You should avoid having an over-sized wallet. Don&rsquo;t think that you need to buy a big wallet because you have a lot to carry with you. In addition, a fat wallet is very ugly. It will make it harder for you to slide the wallet into your trousers&rsquo; pocket. In addition, it will create a bulge and ruin your look.</p>\n\n<p>Before you go on to buy a new wallet, clean out your wallet and place all the items from your wallet on a table. Throw away things that you would never need any more such as the old bills or the expired gift cards. Remember to check your wallet on a frequent basis to get rid of all of the old stuff that you don&rsquo;t need anymore.</p>\n\n<p style=\"text-align:center\"><img alt=\"f1\" src=\"/storage/news/3.jpg\" /></p>\n\n<p><br />\n&nbsp;</p>\n\n<hr />\n<h4><strong>Number 3: Don&rsquo;t Limit Your Options Of Materials</strong></h4>\n\n<p>The types and designs of wallets are not the only things that you should consider when you go out searching for your best wallet. You have more than 1 option of material rather than leather to choose from as well.</p>\n\n<p>You can experiment with other available options such as cotton, polyester and canvas. They all have their own pros and cons. As a result, they will be suitable for different needs and requirements. You should think about them all in order to choose the material which you would like the most.</p>\n\n<p style=\"text-align:center\"><img alt=\"f6\" src=\"/storage/news/4.jpg\" /></p>\n\n<p><br />\n&nbsp;</p>\n\n<hr />\n<h4><strong>Number 4: Consider A Wallet As A Long Term Investment</strong></h4>\n\n<p>Your wallet is indeed an investment that you should consider spending a decent amount of time and effort on it. Another factor that you need to consider is how much you want to spend on your wallet. The price ranges of wallets on the market vary a great deal. You can find a wallet which is as cheap as about 5 to 7 dollars. On the other hand, you should expect to pay around 250 to 300 dollars for a high-quality wallet.</p>\n\n<p>In case you need a wallet to use for a long time, it is a good idea that you should invest a decent amount of money on a wallet. A high quality wallet from a reputational brand with the premium quality such as cowhide leather will last for a long time. In addition, it is an accessory to show off your fashion sense and your social status.</p>\n\n<p style=\"text-align:center\"><img alt=\"f2\" src=\"/storage/news/5.jpg\" /></p>\n\n<p>&nbsp;</p>\n','published',1,'Botble\\ACL\\Models\\User',1,'news/6.jpg',2031,NULL,'2024-05-24 04:02:30','2024-05-24 04:02:30'),(7,'Essential Qualities of Highly Successful Music','You should pay more attention when you choose your wallets. There are a lot of them on the market with the different designs and styles. When you choose carefully, you would be able to buy a wallet that is catered to your needs. Not to mention that it will help to enhance your style significantly.','<p>I have seen many people underestimating the power of their wallets. To them, they are just a functional item they use to carry. As a result, they often end up with the wallets which are not really suitable for them.</p>\n\n<p>You should pay more attention when you choose your wallets. There are a lot of them on the market with the different designs and styles. When you choose carefully, you would be able to buy a wallet that is catered to your needs. Not to mention that it will help to enhance your style significantly.</p>\n\n<p style=\"text-align:center\"><img alt=\"f4\" src=\"/storage/news/1.jpg\" /></p>\n\n<p><br />\n&nbsp;</p>\n\n<p><strong><em>For all the reason above, here are 7 expert tips to help you pick up the right men&rsquo;s wallet for you:</em></strong></p>\n\n<h4><strong>Number 1: Choose A Neat Wallet</strong></h4>\n\n<p>The wallet is an essential accessory that you should go simple. Simplicity is the best in this case. A simple and neat wallet with the plain color and even&nbsp;<strong>minimalist style</strong>&nbsp;is versatile. It can be used for both formal and casual events. In addition, that wallet will go well with most of the clothes in your wardrobe.</p>\n\n<p>Keep in mind that a wallet will tell other people about your personality and your fashion sense as much as other clothes you put on. Hence, don&rsquo;t go cheesy on your wallet or else people will think that you have a funny and particular style.</p>\n\n<p style=\"text-align:center\"><img alt=\"f5\" src=\"/storage/news/2.jpg\" /></p>\n\n<p><br />\n&nbsp;</p>\n<hr />\n<h4><strong>Number 2: Choose The Right Size For Your Wallet</strong></h4>\n\n<p>You should avoid having an over-sized wallet. Don&rsquo;t think that you need to buy a big wallet because you have a lot to carry with you. In addition, a fat wallet is very ugly. It will make it harder for you to slide the wallet into your trousers&rsquo; pocket. In addition, it will create a bulge and ruin your look.</p>\n\n<p>Before you go on to buy a new wallet, clean out your wallet and place all the items from your wallet on a table. Throw away things that you would never need any more such as the old bills or the expired gift cards. Remember to check your wallet on a frequent basis to get rid of all of the old stuff that you don&rsquo;t need anymore.</p>\n\n<p style=\"text-align:center\"><img alt=\"f1\" src=\"/storage/news/3.jpg\" /></p>\n\n<p><br />\n&nbsp;</p>\n\n<hr />\n<h4><strong>Number 3: Don&rsquo;t Limit Your Options Of Materials</strong></h4>\n\n<p>The types and designs of wallets are not the only things that you should consider when you go out searching for your best wallet. You have more than 1 option of material rather than leather to choose from as well.</p>\n\n<p>You can experiment with other available options such as cotton, polyester and canvas. They all have their own pros and cons. As a result, they will be suitable for different needs and requirements. You should think about them all in order to choose the material which you would like the most.</p>\n\n<p style=\"text-align:center\"><img alt=\"f6\" src=\"/storage/news/4.jpg\" /></p>\n\n<p><br />\n&nbsp;</p>\n\n<hr />\n<h4><strong>Number 4: Consider A Wallet As A Long Term Investment</strong></h4>\n\n<p>Your wallet is indeed an investment that you should consider spending a decent amount of time and effort on it. Another factor that you need to consider is how much you want to spend on your wallet. The price ranges of wallets on the market vary a great deal. You can find a wallet which is as cheap as about 5 to 7 dollars. On the other hand, you should expect to pay around 250 to 300 dollars for a high-quality wallet.</p>\n\n<p>In case you need a wallet to use for a long time, it is a good idea that you should invest a decent amount of money on a wallet. A high quality wallet from a reputational brand with the premium quality such as cowhide leather will last for a long time. In addition, it is an accessory to show off your fashion sense and your social status.</p>\n\n<p style=\"text-align:center\"><img alt=\"f2\" src=\"/storage/news/5.jpg\" /></p>\n\n<p>&nbsp;</p>\n','published',1,'Botble\\ACL\\Models\\User',1,'news/7.jpg',1489,NULL,'2024-05-24 04:02:30','2024-05-24 04:02:30'),(8,'9 Things I Love About Shaving My Head','You should pay more attention when you choose your wallets. There are a lot of them on the market with the different designs and styles. When you choose carefully, you would be able to buy a wallet that is catered to your needs. Not to mention that it will help to enhance your style significantly.','<p>I have seen many people underestimating the power of their wallets. To them, they are just a functional item they use to carry. As a result, they often end up with the wallets which are not really suitable for them.</p>\n\n<p>You should pay more attention when you choose your wallets. There are a lot of them on the market with the different designs and styles. When you choose carefully, you would be able to buy a wallet that is catered to your needs. Not to mention that it will help to enhance your style significantly.</p>\n\n<p style=\"text-align:center\"><img alt=\"f4\" src=\"/storage/news/1.jpg\" /></p>\n\n<p><br />\n&nbsp;</p>\n\n<p><strong><em>For all the reason above, here are 7 expert tips to help you pick up the right men&rsquo;s wallet for you:</em></strong></p>\n\n<h4><strong>Number 1: Choose A Neat Wallet</strong></h4>\n\n<p>The wallet is an essential accessory that you should go simple. Simplicity is the best in this case. A simple and neat wallet with the plain color and even&nbsp;<strong>minimalist style</strong>&nbsp;is versatile. It can be used for both formal and casual events. In addition, that wallet will go well with most of the clothes in your wardrobe.</p>\n\n<p>Keep in mind that a wallet will tell other people about your personality and your fashion sense as much as other clothes you put on. Hence, don&rsquo;t go cheesy on your wallet or else people will think that you have a funny and particular style.</p>\n\n<p style=\"text-align:center\"><img alt=\"f5\" src=\"/storage/news/2.jpg\" /></p>\n\n<p><br />\n&nbsp;</p>\n<hr />\n<h4><strong>Number 2: Choose The Right Size For Your Wallet</strong></h4>\n\n<p>You should avoid having an over-sized wallet. Don&rsquo;t think that you need to buy a big wallet because you have a lot to carry with you. In addition, a fat wallet is very ugly. It will make it harder for you to slide the wallet into your trousers&rsquo; pocket. In addition, it will create a bulge and ruin your look.</p>\n\n<p>Before you go on to buy a new wallet, clean out your wallet and place all the items from your wallet on a table. Throw away things that you would never need any more such as the old bills or the expired gift cards. Remember to check your wallet on a frequent basis to get rid of all of the old stuff that you don&rsquo;t need anymore.</p>\n\n<p style=\"text-align:center\"><img alt=\"f1\" src=\"/storage/news/3.jpg\" /></p>\n\n<p><br />\n&nbsp;</p>\n\n<hr />\n<h4><strong>Number 3: Don&rsquo;t Limit Your Options Of Materials</strong></h4>\n\n<p>The types and designs of wallets are not the only things that you should consider when you go out searching for your best wallet. You have more than 1 option of material rather than leather to choose from as well.</p>\n\n<p>You can experiment with other available options such as cotton, polyester and canvas. They all have their own pros and cons. As a result, they will be suitable for different needs and requirements. You should think about them all in order to choose the material which you would like the most.</p>\n\n<p style=\"text-align:center\"><img alt=\"f6\" src=\"/storage/news/4.jpg\" /></p>\n\n<p><br />\n&nbsp;</p>\n\n<hr />\n<h4><strong>Number 4: Consider A Wallet As A Long Term Investment</strong></h4>\n\n<p>Your wallet is indeed an investment that you should consider spending a decent amount of time and effort on it. Another factor that you need to consider is how much you want to spend on your wallet. The price ranges of wallets on the market vary a great deal. You can find a wallet which is as cheap as about 5 to 7 dollars. On the other hand, you should expect to pay around 250 to 300 dollars for a high-quality wallet.</p>\n\n<p>In case you need a wallet to use for a long time, it is a good idea that you should invest a decent amount of money on a wallet. A high quality wallet from a reputational brand with the premium quality such as cowhide leather will last for a long time. In addition, it is an accessory to show off your fashion sense and your social status.</p>\n\n<p style=\"text-align:center\"><img alt=\"f2\" src=\"/storage/news/5.jpg\" /></p>\n\n<p>&nbsp;</p>\n','published',1,'Botble\\ACL\\Models\\User',1,'news/8.jpg',1054,NULL,'2024-05-24 04:02:30','2024-05-24 04:02:30'),(9,'Why Teamwork Really Makes The Dream Work','You should pay more attention when you choose your wallets. There are a lot of them on the market with the different designs and styles. When you choose carefully, you would be able to buy a wallet that is catered to your needs. Not to mention that it will help to enhance your style significantly.','<p>I have seen many people underestimating the power of their wallets. To them, they are just a functional item they use to carry. As a result, they often end up with the wallets which are not really suitable for them.</p>\n\n<p>You should pay more attention when you choose your wallets. There are a lot of them on the market with the different designs and styles. When you choose carefully, you would be able to buy a wallet that is catered to your needs. Not to mention that it will help to enhance your style significantly.</p>\n\n<p style=\"text-align:center\"><img alt=\"f4\" src=\"/storage/news/1.jpg\" /></p>\n\n<p><br />\n&nbsp;</p>\n\n<p><strong><em>For all the reason above, here are 7 expert tips to help you pick up the right men&rsquo;s wallet for you:</em></strong></p>\n\n<h4><strong>Number 1: Choose A Neat Wallet</strong></h4>\n\n<p>The wallet is an essential accessory that you should go simple. Simplicity is the best in this case. A simple and neat wallet with the plain color and even&nbsp;<strong>minimalist style</strong>&nbsp;is versatile. It can be used for both formal and casual events. In addition, that wallet will go well with most of the clothes in your wardrobe.</p>\n\n<p>Keep in mind that a wallet will tell other people about your personality and your fashion sense as much as other clothes you put on. Hence, don&rsquo;t go cheesy on your wallet or else people will think that you have a funny and particular style.</p>\n\n<p style=\"text-align:center\"><img alt=\"f5\" src=\"/storage/news/2.jpg\" /></p>\n\n<p><br />\n&nbsp;</p>\n<hr />\n<h4><strong>Number 2: Choose The Right Size For Your Wallet</strong></h4>\n\n<p>You should avoid having an over-sized wallet. Don&rsquo;t think that you need to buy a big wallet because you have a lot to carry with you. In addition, a fat wallet is very ugly. It will make it harder for you to slide the wallet into your trousers&rsquo; pocket. In addition, it will create a bulge and ruin your look.</p>\n\n<p>Before you go on to buy a new wallet, clean out your wallet and place all the items from your wallet on a table. Throw away things that you would never need any more such as the old bills or the expired gift cards. Remember to check your wallet on a frequent basis to get rid of all of the old stuff that you don&rsquo;t need anymore.</p>\n\n<p style=\"text-align:center\"><img alt=\"f1\" src=\"/storage/news/3.jpg\" /></p>\n\n<p><br />\n&nbsp;</p>\n\n<hr />\n<h4><strong>Number 3: Don&rsquo;t Limit Your Options Of Materials</strong></h4>\n\n<p>The types and designs of wallets are not the only things that you should consider when you go out searching for your best wallet. You have more than 1 option of material rather than leather to choose from as well.</p>\n\n<p>You can experiment with other available options such as cotton, polyester and canvas. They all have their own pros and cons. As a result, they will be suitable for different needs and requirements. You should think about them all in order to choose the material which you would like the most.</p>\n\n<p style=\"text-align:center\"><img alt=\"f6\" src=\"/storage/news/4.jpg\" /></p>\n\n<p><br />\n&nbsp;</p>\n\n<hr />\n<h4><strong>Number 4: Consider A Wallet As A Long Term Investment</strong></h4>\n\n<p>Your wallet is indeed an investment that you should consider spending a decent amount of time and effort on it. Another factor that you need to consider is how much you want to spend on your wallet. The price ranges of wallets on the market vary a great deal. You can find a wallet which is as cheap as about 5 to 7 dollars. On the other hand, you should expect to pay around 250 to 300 dollars for a high-quality wallet.</p>\n\n<p>In case you need a wallet to use for a long time, it is a good idea that you should invest a decent amount of money on a wallet. A high quality wallet from a reputational brand with the premium quality such as cowhide leather will last for a long time. In addition, it is an accessory to show off your fashion sense and your social status.</p>\n\n<p style=\"text-align:center\"><img alt=\"f2\" src=\"/storage/news/5.jpg\" /></p>\n\n<p>&nbsp;</p>\n','published',1,'Botble\\ACL\\Models\\User',1,'news/9.jpg',1712,NULL,'2024-05-24 04:02:30','2024-05-24 04:02:30'),(10,'The World Caters to Average People','You should pay more attention when you choose your wallets. There are a lot of them on the market with the different designs and styles. When you choose carefully, you would be able to buy a wallet that is catered to your needs. Not to mention that it will help to enhance your style significantly.','<p>I have seen many people underestimating the power of their wallets. To them, they are just a functional item they use to carry. As a result, they often end up with the wallets which are not really suitable for them.</p>\n\n<p>You should pay more attention when you choose your wallets. There are a lot of them on the market with the different designs and styles. When you choose carefully, you would be able to buy a wallet that is catered to your needs. Not to mention that it will help to enhance your style significantly.</p>\n\n<p style=\"text-align:center\"><img alt=\"f4\" src=\"/storage/news/1.jpg\" /></p>\n\n<p><br />\n&nbsp;</p>\n\n<p><strong><em>For all the reason above, here are 7 expert tips to help you pick up the right men&rsquo;s wallet for you:</em></strong></p>\n\n<h4><strong>Number 1: Choose A Neat Wallet</strong></h4>\n\n<p>The wallet is an essential accessory that you should go simple. Simplicity is the best in this case. A simple and neat wallet with the plain color and even&nbsp;<strong>minimalist style</strong>&nbsp;is versatile. It can be used for both formal and casual events. In addition, that wallet will go well with most of the clothes in your wardrobe.</p>\n\n<p>Keep in mind that a wallet will tell other people about your personality and your fashion sense as much as other clothes you put on. Hence, don&rsquo;t go cheesy on your wallet or else people will think that you have a funny and particular style.</p>\n\n<p style=\"text-align:center\"><img alt=\"f5\" src=\"/storage/news/2.jpg\" /></p>\n\n<p><br />\n&nbsp;</p>\n<hr />\n<h4><strong>Number 2: Choose The Right Size For Your Wallet</strong></h4>\n\n<p>You should avoid having an over-sized wallet. Don&rsquo;t think that you need to buy a big wallet because you have a lot to carry with you. In addition, a fat wallet is very ugly. It will make it harder for you to slide the wallet into your trousers&rsquo; pocket. In addition, it will create a bulge and ruin your look.</p>\n\n<p>Before you go on to buy a new wallet, clean out your wallet and place all the items from your wallet on a table. Throw away things that you would never need any more such as the old bills or the expired gift cards. Remember to check your wallet on a frequent basis to get rid of all of the old stuff that you don&rsquo;t need anymore.</p>\n\n<p style=\"text-align:center\"><img alt=\"f1\" src=\"/storage/news/3.jpg\" /></p>\n\n<p><br />\n&nbsp;</p>\n\n<hr />\n<h4><strong>Number 3: Don&rsquo;t Limit Your Options Of Materials</strong></h4>\n\n<p>The types and designs of wallets are not the only things that you should consider when you go out searching for your best wallet. You have more than 1 option of material rather than leather to choose from as well.</p>\n\n<p>You can experiment with other available options such as cotton, polyester and canvas. They all have their own pros and cons. As a result, they will be suitable for different needs and requirements. You should think about them all in order to choose the material which you would like the most.</p>\n\n<p style=\"text-align:center\"><img alt=\"f6\" src=\"/storage/news/4.jpg\" /></p>\n\n<p><br />\n&nbsp;</p>\n\n<hr />\n<h4><strong>Number 4: Consider A Wallet As A Long Term Investment</strong></h4>\n\n<p>Your wallet is indeed an investment that you should consider spending a decent amount of time and effort on it. Another factor that you need to consider is how much you want to spend on your wallet. The price ranges of wallets on the market vary a great deal. You can find a wallet which is as cheap as about 5 to 7 dollars. On the other hand, you should expect to pay around 250 to 300 dollars for a high-quality wallet.</p>\n\n<p>In case you need a wallet to use for a long time, it is a good idea that you should invest a decent amount of money on a wallet. A high quality wallet from a reputational brand with the premium quality such as cowhide leather will last for a long time. In addition, it is an accessory to show off your fashion sense and your social status.</p>\n\n<p style=\"text-align:center\"><img alt=\"f2\" src=\"/storage/news/5.jpg\" /></p>\n\n<p>&nbsp;</p>\n','published',1,'Botble\\ACL\\Models\\User',1,'news/10.jpg',797,NULL,'2024-05-24 04:02:30','2024-05-24 04:02:30'),(11,'The litigants on the screen are not actors','You should pay more attention when you choose your wallets. There are a lot of them on the market with the different designs and styles. When you choose carefully, you would be able to buy a wallet that is catered to your needs. Not to mention that it will help to enhance your style significantly.','<p>I have seen many people underestimating the power of their wallets. To them, they are just a functional item they use to carry. As a result, they often end up with the wallets which are not really suitable for them.</p>\n\n<p>You should pay more attention when you choose your wallets. There are a lot of them on the market with the different designs and styles. When you choose carefully, you would be able to buy a wallet that is catered to your needs. Not to mention that it will help to enhance your style significantly.</p>\n\n<p style=\"text-align:center\"><img alt=\"f4\" src=\"/storage/news/1.jpg\" /></p>\n\n<p><br />\n&nbsp;</p>\n\n<p><strong><em>For all the reason above, here are 7 expert tips to help you pick up the right men&rsquo;s wallet for you:</em></strong></p>\n\n<h4><strong>Number 1: Choose A Neat Wallet</strong></h4>\n\n<p>The wallet is an essential accessory that you should go simple. Simplicity is the best in this case. A simple and neat wallet with the plain color and even&nbsp;<strong>minimalist style</strong>&nbsp;is versatile. It can be used for both formal and casual events. In addition, that wallet will go well with most of the clothes in your wardrobe.</p>\n\n<p>Keep in mind that a wallet will tell other people about your personality and your fashion sense as much as other clothes you put on. Hence, don&rsquo;t go cheesy on your wallet or else people will think that you have a funny and particular style.</p>\n\n<p style=\"text-align:center\"><img alt=\"f5\" src=\"/storage/news/2.jpg\" /></p>\n\n<p><br />\n&nbsp;</p>\n<hr />\n<h4><strong>Number 2: Choose The Right Size For Your Wallet</strong></h4>\n\n<p>You should avoid having an over-sized wallet. Don&rsquo;t think that you need to buy a big wallet because you have a lot to carry with you. In addition, a fat wallet is very ugly. It will make it harder for you to slide the wallet into your trousers&rsquo; pocket. In addition, it will create a bulge and ruin your look.</p>\n\n<p>Before you go on to buy a new wallet, clean out your wallet and place all the items from your wallet on a table. Throw away things that you would never need any more such as the old bills or the expired gift cards. Remember to check your wallet on a frequent basis to get rid of all of the old stuff that you don&rsquo;t need anymore.</p>\n\n<p style=\"text-align:center\"><img alt=\"f1\" src=\"/storage/news/3.jpg\" /></p>\n\n<p><br />\n&nbsp;</p>\n\n<hr />\n<h4><strong>Number 3: Don&rsquo;t Limit Your Options Of Materials</strong></h4>\n\n<p>The types and designs of wallets are not the only things that you should consider when you go out searching for your best wallet. You have more than 1 option of material rather than leather to choose from as well.</p>\n\n<p>You can experiment with other available options such as cotton, polyester and canvas. They all have their own pros and cons. As a result, they will be suitable for different needs and requirements. You should think about them all in order to choose the material which you would like the most.</p>\n\n<p style=\"text-align:center\"><img alt=\"f6\" src=\"/storage/news/4.jpg\" /></p>\n\n<p><br />\n&nbsp;</p>\n\n<hr />\n<h4><strong>Number 4: Consider A Wallet As A Long Term Investment</strong></h4>\n\n<p>Your wallet is indeed an investment that you should consider spending a decent amount of time and effort on it. Another factor that you need to consider is how much you want to spend on your wallet. The price ranges of wallets on the market vary a great deal. You can find a wallet which is as cheap as about 5 to 7 dollars. On the other hand, you should expect to pay around 250 to 300 dollars for a high-quality wallet.</p>\n\n<p>In case you need a wallet to use for a long time, it is a good idea that you should invest a decent amount of money on a wallet. A high quality wallet from a reputational brand with the premium quality such as cowhide leather will last for a long time. In addition, it is an accessory to show off your fashion sense and your social status.</p>\n\n<p style=\"text-align:center\"><img alt=\"f2\" src=\"/storage/news/5.jpg\" /></p>\n\n<p>&nbsp;</p>\n','published',1,'Botble\\ACL\\Models\\User',0,'news/11.jpg',2473,NULL,'2024-05-24 04:02:30','2024-05-24 04:02:30');

--
-- Table structure for table `posts_translations`
--

CREATE TABLE `posts_translations` (
  `lang_code` varchar(20) COLLATE utf8mb4_unicode_ci NOT NULL,
  `posts_id` bigint unsigned NOT NULL,
  `name` varchar(191) COLLATE utf8mb4_unicode_ci DEFAULT NULL,
  `description` varchar(400) COLLATE utf8mb4_unicode_ci DEFAULT NULL,
  `content` longtext COLLATE utf8mb4_unicode_ci,
  PRIMARY KEY (`lang_code`,`posts_id`)
) ENGINE=InnoDB DEFAULT CHARSET=utf8mb4 COLLATE=utf8mb4_unicode_ci;

--
-- Dumping data for table `posts_translations`
--


--
-- Table structure for table `revisions`
--

CREATE TABLE `revisions` (
  `id` bigint unsigned NOT NULL AUTO_INCREMENT,
  `revisionable_type` varchar(191) COLLATE utf8mb4_unicode_ci NOT NULL,
  `revisionable_id` bigint unsigned NOT NULL,
  `user_id` bigint unsigned DEFAULT NULL,
  `key` varchar(120) COLLATE utf8mb4_unicode_ci NOT NULL,
  `old_value` text COLLATE utf8mb4_unicode_ci,
  `new_value` text COLLATE utf8mb4_unicode_ci,
  `created_at` timestamp NULL DEFAULT NULL,
  `updated_at` timestamp NULL DEFAULT NULL,
  PRIMARY KEY (`id`),
  KEY `revisions_revisionable_id_revisionable_type_index` (`revisionable_id`,`revisionable_type`)
) ENGINE=InnoDB DEFAULT CHARSET=utf8mb4 COLLATE=utf8mb4_unicode_ci;

--
-- Dumping data for table `revisions`
--


--
-- Table structure for table `role_users`
--

CREATE TABLE `role_users` (
  `user_id` bigint unsigned NOT NULL,
  `role_id` bigint unsigned NOT NULL,
  `created_at` timestamp NULL DEFAULT NULL,
  `updated_at` timestamp NULL DEFAULT NULL,
  PRIMARY KEY (`user_id`,`role_id`),
  KEY `role_users_user_id_index` (`user_id`),
  KEY `role_users_role_id_index` (`role_id`)
) ENGINE=InnoDB DEFAULT CHARSET=utf8mb4 COLLATE=utf8mb4_unicode_ci;

--
-- Dumping data for table `role_users`
--


--
-- Table structure for table `roles`
--

CREATE TABLE `roles` (
  `id` bigint unsigned NOT NULL AUTO_INCREMENT,
  `slug` varchar(120) COLLATE utf8mb4_unicode_ci NOT NULL,
  `name` varchar(120) COLLATE utf8mb4_unicode_ci NOT NULL,
  `permissions` text COLLATE utf8mb4_unicode_ci,
  `description` varchar(400) COLLATE utf8mb4_unicode_ci DEFAULT NULL,
  `is_default` tinyint unsigned NOT NULL DEFAULT '0',
  `created_by` bigint unsigned NOT NULL,
  `updated_by` bigint unsigned NOT NULL,
  `created_at` timestamp NULL DEFAULT NULL,
  `updated_at` timestamp NULL DEFAULT NULL,
  PRIMARY KEY (`id`),
  UNIQUE KEY `roles_slug_unique` (`slug`),
  KEY `roles_created_by_index` (`created_by`),
  KEY `roles_updated_by_index` (`updated_by`)
) ENGINE=InnoDB AUTO_INCREMENT=2 DEFAULT CHARSET=utf8mb4 COLLATE=utf8mb4_unicode_ci;

--
-- Dumping data for table `roles`
--

INSERT INTO `roles` VALUES (1,'admin','Admin','{\"users.index\":true,\"users.create\":true,\"users.edit\":true,\"users.destroy\":true,\"roles.index\":true,\"roles.create\":true,\"roles.edit\":true,\"roles.destroy\":true,\"core.system\":true,\"core.cms\":true,\"core.manage.license\":true,\"systems.cronjob\":true,\"core.tools\":true,\"tools.data-synchronize\":true,\"media.index\":true,\"files.index\":true,\"files.create\":true,\"files.edit\":true,\"files.trash\":true,\"files.destroy\":true,\"folders.index\":true,\"folders.create\":true,\"folders.edit\":true,\"folders.trash\":true,\"folders.destroy\":true,\"settings.index\":true,\"settings.common\":true,\"settings.options\":true,\"settings.email\":true,\"settings.media\":true,\"settings.admin-appearance\":true,\"settings.cache\":true,\"settings.datatables\":true,\"settings.email.rules\":true,\"settings.others\":true,\"menus.index\":true,\"menus.create\":true,\"menus.edit\":true,\"menus.destroy\":true,\"optimize.settings\":true,\"pages.index\":true,\"pages.create\":true,\"pages.edit\":true,\"pages.destroy\":true,\"plugins.index\":true,\"plugins.edit\":true,\"plugins.remove\":true,\"plugins.marketplace\":true,\"core.appearance\":true,\"theme.index\":true,\"theme.activate\":true,\"theme.remove\":true,\"theme.options\":true,\"theme.custom-css\":true,\"theme.custom-js\":true,\"theme.custom-html\":true,\"theme.robots-txt\":true,\"settings.website-tracking\":true,\"widgets.index\":true,\"ads.index\":true,\"ads.create\":true,\"ads.edit\":true,\"ads.destroy\":true,\"ads.settings\":true,\"analytics.general\":true,\"analytics.page\":true,\"analytics.browser\":true,\"analytics.referrer\":true,\"analytics.settings\":true,\"audit-log.index\":true,\"audit-log.destroy\":true,\"backups.index\":true,\"backups.create\":true,\"backups.restore\":true,\"backups.destroy\":true,\"plugins.blog\":true,\"posts.index\":true,\"posts.create\":true,\"posts.edit\":true,\"posts.destroy\":true,\"categories.index\":true,\"categories.create\":true,\"categories.edit\":true,\"categories.destroy\":true,\"tags.index\":true,\"tags.create\":true,\"tags.edit\":true,\"tags.destroy\":true,\"blog.settings\":true,\"posts.export\":true,\"posts.import\":true,\"captcha.settings\":true,\"contacts.index\":true,\"contacts.edit\":true,\"contacts.destroy\":true,\"contact.settings\":true,\"plugins.ecommerce\":true,\"ecommerce.report.index\":true,\"products.index\":true,\"products.create\":true,\"products.edit\":true,\"products.destroy\":true,\"products.duplicate\":true,\"ecommerce.product-prices.index\":true,\"ecommerce.product-prices.edit\":true,\"ecommerce.product-inventory.index\":true,\"ecommerce.product-inventory.edit\":true,\"product-categories.index\":true,\"product-categories.create\":true,\"product-categories.edit\":true,\"product-categories.destroy\":true,\"product-tag.index\":true,\"product-tag.create\":true,\"product-tag.edit\":true,\"product-tag.destroy\":true,\"brands.index\":true,\"brands.create\":true,\"brands.edit\":true,\"brands.destroy\":true,\"product-collections.index\":true,\"product-collections.create\":true,\"product-collections.edit\":true,\"product-collections.destroy\":true,\"product-attribute-sets.index\":true,\"product-attribute-sets.create\":true,\"product-attribute-sets.edit\":true,\"product-attribute-sets.destroy\":true,\"product-attributes.index\":true,\"product-attributes.create\":true,\"product-attributes.edit\":true,\"product-attributes.destroy\":true,\"tax.index\":true,\"tax.create\":true,\"tax.edit\":true,\"tax.destroy\":true,\"reviews.index\":true,\"reviews.create\":true,\"reviews.destroy\":true,\"reviews.publish\":true,\"reviews.reply\":true,\"ecommerce.shipments.index\":true,\"ecommerce.shipments.create\":true,\"ecommerce.shipments.edit\":true,\"ecommerce.shipments.destroy\":true,\"orders.index\":true,\"orders.create\":true,\"orders.edit\":true,\"orders.destroy\":true,\"discounts.index\":true,\"discounts.create\":true,\"discounts.edit\":true,\"discounts.destroy\":true,\"customers.index\":true,\"customers.create\":true,\"customers.edit\":true,\"customers.destroy\":true,\"flash-sale.index\":true,\"flash-sale.create\":true,\"flash-sale.edit\":true,\"flash-sale.destroy\":true,\"product-label.index\":true,\"product-label.create\":true,\"product-label.edit\":true,\"product-label.destroy\":true,\"ecommerce.import.products.index\":true,\"ecommerce.export.products.index\":true,\"order_returns.index\":true,\"order_returns.edit\":true,\"order_returns.destroy\":true,\"global-option.index\":true,\"global-option.create\":true,\"global-option.edit\":true,\"global-option.destroy\":true,\"ecommerce.invoice.index\":true,\"ecommerce.invoice.edit\":true,\"ecommerce.invoice.destroy\":true,\"ecommerce.settings\":true,\"ecommerce.settings.general\":true,\"ecommerce.invoice-template.index\":true,\"ecommerce.settings.currencies\":true,\"ecommerce.settings.products\":true,\"ecommerce.settings.product-search\":true,\"ecommerce.settings.digital-products\":true,\"ecommerce.settings.store-locators\":true,\"ecommerce.settings.invoices\":true,\"ecommerce.settings.product-reviews\":true,\"ecommerce.settings.customers\":true,\"ecommerce.settings.shopping\":true,\"ecommerce.settings.taxes\":true,\"ecommerce.settings.shipping\":true,\"ecommerce.shipping-rule-items.index\":true,\"ecommerce.shipping-rule-items.create\":true,\"ecommerce.shipping-rule-items.edit\":true,\"ecommerce.shipping-rule-items.destroy\":true,\"ecommerce.shipping-rule-items.bulk-import\":true,\"ecommerce.settings.tracking\":true,\"ecommerce.settings.standard-and-format\":true,\"ecommerce.settings.checkout\":true,\"ecommerce.settings.return\":true,\"ecommerce.settings.flash-sale\":true,\"plugin.faq\":true,\"faq.index\":true,\"faq.create\":true,\"faq.edit\":true,\"faq.destroy\":true,\"faq_category.index\":true,\"faq_category.create\":true,\"faq_category.edit\":true,\"faq_category.destroy\":true,\"faqs.settings\":true,\"languages.index\":true,\"languages.create\":true,\"languages.edit\":true,\"languages.destroy\":true,\"plugin.location\":true,\"country.index\":true,\"country.create\":true,\"country.edit\":true,\"country.destroy\":true,\"state.index\":true,\"state.create\":true,\"state.edit\":true,\"state.destroy\":true,\"city.index\":true,\"city.create\":true,\"city.edit\":true,\"city.destroy\":true,\"marketplace.index\":true,\"marketplace.store.index\":true,\"marketplace.store.create\":true,\"marketplace.store.edit\":true,\"marketplace.store.destroy\":true,\"marketplace.store.view\":true,\"marketplace.store.revenue.create\":true,\"marketplace.withdrawal.index\":true,\"marketplace.withdrawal.edit\":true,\"marketplace.withdrawal.destroy\":true,\"marketplace.vendors.index\":true,\"marketplace.unverified-vendors.index\":true,\"marketplace.unverified-vendors.edit\":true,\"marketplace.reports\":true,\"marketplace.settings\":true,\"newsletter.index\":true,\"newsletter.destroy\":true,\"newsletter.settings\":true,\"payment.index\":true,\"payments.settings\":true,\"payment.destroy\":true,\"simple-slider.index\":true,\"simple-slider.create\":true,\"simple-slider.edit\":true,\"simple-slider.destroy\":true,\"simple-slider-item.index\":true,\"simple-slider-item.create\":true,\"simple-slider-item.edit\":true,\"simple-slider-item.destroy\":true,\"simple-slider.settings\":true,\"social-login.settings\":true,\"plugins.translation\":true,\"translations.locales\":true,\"translations.theme-translations\":true,\"translations.index\":true,\"theme-translations.export\":true,\"other-translations.export\":true,\"theme-translations.import\":true,\"other-translations.import\":true}','Admin users role',1,1,1,'2024-05-24 04:02:06','2024-05-24 04:02:06');

--
-- Table structure for table `settings`
--

CREATE TABLE `settings` (
  `id` bigint unsigned NOT NULL AUTO_INCREMENT,
  `key` varchar(191) COLLATE utf8mb4_unicode_ci NOT NULL,
  `value` text COLLATE utf8mb4_unicode_ci,
  `created_at` timestamp NULL DEFAULT NULL,
  `updated_at` timestamp NULL DEFAULT NULL,
  PRIMARY KEY (`id`),
  UNIQUE KEY `settings_key_unique` (`key`)
) ENGINE=InnoDB AUTO_INCREMENT=73 DEFAULT CHARSET=utf8mb4 COLLATE=utf8mb4_unicode_ci;

--
-- Dumping data for table `settings`
--

INSERT INTO `settings` VALUES (2,'api_enabled','0',NULL,'2024-05-24 04:02:32'),(3,'activated_plugins','[\"language\",\"language-advanced\",\"ads\",\"analytics\",\"audit-log\",\"backup\",\"blog\",\"captcha\",\"contact\",\"cookie-consent\",\"ecommerce\",\"faq\",\"location\",\"marketplace\",\"mollie\",\"newsletter\",\"payment\",\"paypal\",\"paypal-payout\",\"paystack\",\"razorpay\",\"shippo\",\"simple-slider\",\"social-login\",\"sslcommerz\",\"stripe\",\"translation\"]',NULL,'2024-05-24 04:02:32'),(4,'analytics_dashboard_widgets','0','2024-05-24 04:01:56','2024-05-24 04:01:56'),(5,'enable_recaptcha_botble_contact_forms_fronts_contact_form','1','2024-05-24 04:01:57','2024-05-24 04:01:57'),(6,'api_layer_api_key','',NULL,'2024-05-24 04:02:32'),(9,'enable_recaptcha_botble_newsletter_forms_fronts_newsletter_form','1','2024-05-24 04:02:04','2024-05-24 04:02:04'),(12,'language_hide_default','1',NULL,'2024-05-24 04:02:32'),(14,'language_display','all',NULL,'2024-05-24 04:02:32'),(15,'language_hide_languages','[]',NULL,'2024-05-24 04:02:32'),(16,'ecommerce_store_name','Farmart',NULL,'2024-05-24 04:02:32'),(17,'ecommerce_store_phone','1800979769',NULL,'2024-05-24 04:02:32'),(18,'ecommerce_store_address','502 New Street',NULL,'2024-05-24 04:02:32'),(19,'ecommerce_store_state','Brighton VIC',NULL,'2024-05-24 04:02:32'),(20,'ecommerce_store_city','Brighton VIC',NULL,'2024-05-24 04:02:32'),(21,'ecommerce_store_country','AU',NULL,'2024-05-24 04:02:32'),(22,'simple_slider_using_assets','0',NULL,'2024-05-24 04:02:32'),(23,'media_random_hash','6147ce2ac77ac56d6523cbd3a000fba7',NULL,'2024-05-24 04:02:32'),(24,'payment_cod_status','1',NULL,'2024-05-24 04:02:32'),(25,'payment_bank_transfer_status','1',NULL,'2024-05-24 04:02:32'),(26,'theme','farmart',NULL,'2024-05-24 04:02:32'),(27,'show_admin_bar','1',NULL,'2024-05-24 04:02:32'),(28,'language_switcher_display','dropdown',NULL,'2024-05-24 04:02:32'),(29,'admin_favicon','general/favicon.png',NULL,'2024-05-24 04:02:32'),(30,'admin_logo','general/logo-light.png',NULL,'2024-05-24 04:02:32'),(31,'permalink-botble-blog-models-post','blog',NULL,'2024-05-24 04:02:32'),(32,'permalink-botble-blog-models-category','blog',NULL,'2024-05-24 04:02:32'),(33,'payment_cod_description','Please pay money directly to the postman, if you choose cash on delivery method (COD).',NULL,'2024-05-24 04:02:32'),(34,'payment_bank_transfer_description','Please send money to our bank account: ACB - 69270 213 19.',NULL,'2024-05-24 04:02:32'),(35,'payment_stripe_payment_type','stripe_checkout',NULL,'2024-05-24 04:02:32'),(36,'plugins_ecommerce_customer_new_order_status','0',NULL,'2024-05-24 04:02:32'),(37,'plugins_ecommerce_admin_new_order_status','0',NULL,'2024-05-24 04:02:32'),(38,'ecommerce_is_enabled_support_digital_products','1',NULL,'2024-05-24 04:02:32'),(39,'ecommerce_load_countries_states_cities_from_location_plugin','0',NULL,'2024-05-24 04:02:32'),(40,'payment_bank_transfer_display_bank_info_at_the_checkout_success_page','1',NULL,'2024-05-24 04:02:32'),(41,'ecommerce_product_sku_format','FM-2443-%s%s%s%s',NULL,'2024-05-24 04:02:32'),(42,'theme-farmart-site_title','Farmart - Laravel Ecommerce system',NULL,NULL),(43,'theme-farmart-seo_description','Farmart is a modern and flexible Multipurpose Marketplace Laravel script. This script is suited for electronic, organic and grocery store, furniture store, clothing store, hitech store and accessories store… With the theme, you can create your own marketplace and allow vendors to sell just like Amazon, Envato, eBay…',NULL,NULL),(44,'theme-farmart-copyright','©2024 Farmart. All Rights Reserved.',NULL,NULL),(45,'theme-farmart-favicon','general/favicon.png',NULL,NULL),(46,'theme-farmart-logo','general/logo.png',NULL,NULL),(47,'theme-farmart-seo_og_image','general/open-graph-image.png',NULL,NULL),(48,'theme-farmart-image-placeholder','general/placeholder.png',NULL,NULL),(49,'theme-farmart-address','502 New Street, Brighton VIC, Australia',NULL,NULL),(50,'theme-farmart-hotline','8 800 332 65-66',NULL,NULL),(51,'theme-farmart-email','contact@fartmart.co',NULL,NULL),(52,'theme-farmart-working_time','Mon - Fri: 07AM - 06PM',NULL,NULL),(53,'theme-farmart-payment_methods_image','general/footer-payments.png',NULL,NULL),(54,'theme-farmart-homepage_id','1',NULL,NULL),(55,'theme-farmart-blog_page_id','6',NULL,NULL),(56,'theme-farmart-cookie_consent_message','Your experience on this site will be improved by allowing cookies ',NULL,NULL),(57,'theme-farmart-cookie_consent_learn_more_url','/cookie-policy',NULL,NULL),(58,'theme-farmart-cookie_consent_learn_more_text','Cookie Policy',NULL,NULL),(59,'theme-farmart-number_of_products_per_page','40',NULL,NULL),(60,'theme-farmart-number_of_cross_sale_product','6',NULL,NULL),(61,'theme-farmart-logo_in_the_checkout_page','general/logo.png',NULL,NULL),(62,'theme-farmart-logo_in_invoices','general/logo.png',NULL,NULL),(63,'theme-farmart-logo_vendor_dashboard','general/logo.png',NULL,NULL),(64,'theme-farmart-404_page_image','general/404.png',NULL,NULL),(65,'theme-farmart-social_links','[[{\"key\":\"name\",\"value\":\"Facebook\"},{\"key\":\"icon\",\"value\":\"ti ti-brand-facebook\"},{\"key\":\"url\",\"value\":\"https:\\/\\/www.facebook.com\"},{\"key\":\"icon_image\",\"value\":null},{\"key\":\"color\",\"value\":\"#fff\"},{\"key\":\"background-color\",\"value\":\"#3b5999\"}],[{\"key\":\"name\",\"value\":\"X (Twitter)\"},{\"key\":\"icon\",\"value\":\"ti ti-brand-x\"},{\"key\":\"url\",\"value\":\"https:\\/\\/x.com\"},{\"key\":\"icon_image\",\"value\":null},{\"key\":\"color\",\"value\":\"#fff\"},{\"key\":\"background-color\",\"value\":\"#000\"}],[{\"key\":\"name\",\"value\":\"linkedin\"},{\"key\":\"icon\",\"value\":\"ti ti-brand-linkedin\"},{\"key\":\"url\",\"value\":\"https:\\/\\/www.linkedin.com\"},{\"key\":\"icon_image\",\"value\":null},{\"key\":\"color\",\"value\":\"#fff\"},{\"key\":\"background-color\",\"value\":\"#0a66c2\"}]]',NULL,NULL),(66,'theme-farmart-social_sharing','[[{\"key\":\"social\",\"value\":\"facebook\"},{\"key\":\"icon\",\"value\":\"ti ti-brand-facebook\"},{\"key\":\"icon_image\",\"value\":null},{\"key\":\"color\",\"value\":\"#fff\"},{\"key\":\"background_color\",\"value\":\"#3b5999\"}],[{\"key\":\"social\",\"value\":\"x\"},{\"key\":\"icon\",\"value\":\"ti ti-brand-twitter\"},{\"key\":\"icon_image\",\"value\":null},{\"key\":\"color\",\"value\":\"#fff\"},{\"key\":\"background_color\",\"value\":\"#55acee\"}],[{\"key\":\"social\",\"value\":\"pinterest\"},{\"key\":\"icon\",\"value\":\"ti ti-brand-pinterest\"},{\"key\":\"icon_image\",\"value\":null},{\"key\":\"color\",\"value\":\"#fff\"},{\"key\":\"background_color\",\"value\":\"#b10c0c\"}],[{\"key\":\"social\",\"value\":\"linkedin\"},{\"key\":\"icon\",\"value\":\"ti ti-brand-linkedin\"},{\"key\":\"icon_image\",\"value\":null},{\"key\":\"color\",\"value\":\"#fff\"},{\"key\":\"background_color\",\"value\":\"#0271ae\"}]]',NULL,NULL),(67,'theme-farmart-primary_font','Mulish',NULL,NULL),(68,'theme-farmart-newsletter_popup_enable','1',NULL,NULL),(69,'theme-farmart-newsletter_popup_image','general/newsletter-popup.png',NULL,NULL),(70,'theme-farmart-newsletter_popup_title','Subscribe Now',NULL,NULL),(71,'theme-farmart-newsletter_popup_subtitle','Newsletter',NULL,NULL),(72,'theme-farmart-newsletter_popup_description','Subscribe to our newsletter and get 10% off your first purchase',NULL,NULL);

--
-- Table structure for table `simple_slider_items`
--

CREATE TABLE `simple_slider_items` (
  `id` bigint unsigned NOT NULL AUTO_INCREMENT,
  `simple_slider_id` bigint unsigned NOT NULL,
  `title` varchar(191) COLLATE utf8mb4_unicode_ci DEFAULT NULL,
  `image` varchar(191) COLLATE utf8mb4_unicode_ci NOT NULL,
  `link` varchar(191) COLLATE utf8mb4_unicode_ci DEFAULT NULL,
  `description` text COLLATE utf8mb4_unicode_ci,
  `order` int unsigned NOT NULL DEFAULT '0',
  `created_at` timestamp NULL DEFAULT NULL,
  `updated_at` timestamp NULL DEFAULT NULL,
  PRIMARY KEY (`id`)
) ENGINE=InnoDB AUTO_INCREMENT=3 DEFAULT CHARSET=utf8mb4 COLLATE=utf8mb4_unicode_ci;

--
-- Dumping data for table `simple_slider_items`
--

INSERT INTO `simple_slider_items` VALUES (1,1,'Slider 1','sliders/01.jpg','/products',NULL,1,'2024-05-24 04:02:31','2024-05-24 04:02:31'),(2,1,'Slider 2','sliders/02.jpg','/products',NULL,2,'2024-05-24 04:02:31','2024-05-24 04:02:31');

--
-- Table structure for table `simple_sliders`
--

CREATE TABLE `simple_sliders` (
  `id` bigint unsigned NOT NULL AUTO_INCREMENT,
  `name` varchar(120) COLLATE utf8mb4_unicode_ci NOT NULL,
  `key` varchar(120) COLLATE utf8mb4_unicode_ci NOT NULL,
  `description` varchar(400) COLLATE utf8mb4_unicode_ci DEFAULT NULL,
  `status` varchar(60) COLLATE utf8mb4_unicode_ci NOT NULL DEFAULT 'published',
  `created_at` timestamp NULL DEFAULT NULL,
  `updated_at` timestamp NULL DEFAULT NULL,
  PRIMARY KEY (`id`)
) ENGINE=InnoDB AUTO_INCREMENT=2 DEFAULT CHARSET=utf8mb4 COLLATE=utf8mb4_unicode_ci;

--
-- Dumping data for table `simple_sliders`
--

INSERT INTO `simple_sliders` VALUES (1,'Home slider','home-slider','The main slider on homepage','published','2024-05-24 04:02:31','2024-05-24 04:02:31');

--
-- Table structure for table `slugs`
--

CREATE TABLE `slugs` (
  `id` bigint unsigned NOT NULL AUTO_INCREMENT,
  `key` varchar(191) COLLATE utf8mb4_unicode_ci NOT NULL,
  `reference_id` bigint unsigned NOT NULL,
  `reference_type` varchar(191) COLLATE utf8mb4_unicode_ci NOT NULL,
  `prefix` varchar(120) COLLATE utf8mb4_unicode_ci DEFAULT '',
  `created_at` timestamp NULL DEFAULT NULL,
  `updated_at` timestamp NULL DEFAULT NULL,
  PRIMARY KEY (`id`),
  KEY `slugs_reference_id_index` (`reference_id`),
  KEY `slugs_key_index` (`key`),
  KEY `slugs_prefix_index` (`prefix`),
  KEY `slugs_reference_index` (`reference_id`,`reference_type`)
) ENGINE=InnoDB AUTO_INCREMENT=274 DEFAULT CHARSET=utf8mb4 COLLATE=utf8mb4_unicode_ci;

--
-- Dumping data for table `slugs`
--

INSERT INTO `slugs` VALUES (1,'foodpound',1,'Botble\\Ecommerce\\Models\\Brand','brands','2024-05-24 04:02:06','2024-05-24 04:02:06'),(2,'itea-jsc',2,'Botble\\Ecommerce\\Models\\Brand','brands','2024-05-24 04:02:06','2024-05-24 04:02:06'),(3,'soda-brand',3,'Botble\\Ecommerce\\Models\\Brand','brands','2024-05-24 04:02:06','2024-05-24 04:02:06'),(4,'farmart',4,'Botble\\Ecommerce\\Models\\Brand','brands','2024-05-24 04:02:06','2024-05-24 04:02:06'),(5,'soda-brand',5,'Botble\\Ecommerce\\Models\\Brand','brands','2024-05-24 04:02:06','2024-05-24 04:02:06'),(6,'fruits-vegetables',1,'Botble\\Ecommerce\\Models\\ProductCategory','product-categories','2024-05-24 04:02:07','2024-05-24 04:02:07'),(7,'fruits',2,'Botble\\Ecommerce\\Models\\ProductCategory','product-categories','2024-05-24 04:02:07','2024-05-24 04:02:07'),(8,'apples',3,'Botble\\Ecommerce\\Models\\ProductCategory','product-categories','2024-05-24 04:02:07','2024-05-24 04:02:07'),(9,'bananas',4,'Botble\\Ecommerce\\Models\\ProductCategory','product-categories','2024-05-24 04:02:07','2024-05-24 04:02:07'),(10,'berries',5,'Botble\\Ecommerce\\Models\\ProductCategory','product-categories','2024-05-24 04:02:07','2024-05-24 04:02:07'),(11,'oranges-easy-peelers',6,'Botble\\Ecommerce\\Models\\ProductCategory','product-categories','2024-05-24 04:02:07','2024-05-24 04:02:07'),(12,'grapes',7,'Botble\\Ecommerce\\Models\\ProductCategory','product-categories','2024-05-24 04:02:07','2024-05-24 04:02:07'),(13,'lemons-limes',8,'Botble\\Ecommerce\\Models\\ProductCategory','product-categories','2024-05-24 04:02:07','2024-05-24 04:02:07'),(14,'peaches-nectarines',9,'Botble\\Ecommerce\\Models\\ProductCategory','product-categories','2024-05-24 04:02:07','2024-05-24 04:02:07'),(15,'pears',10,'Botble\\Ecommerce\\Models\\ProductCategory','product-categories','2024-05-24 04:02:07','2024-05-24 04:02:07'),(16,'melon',11,'Botble\\Ecommerce\\Models\\ProductCategory','product-categories','2024-05-24 04:02:07','2024-05-24 04:02:07'),(17,'avocados',12,'Botble\\Ecommerce\\Models\\ProductCategory','product-categories','2024-05-24 04:02:07','2024-05-24 04:02:07'),(18,'plums-apricots',13,'Botble\\Ecommerce\\Models\\ProductCategory','product-categories','2024-05-24 04:02:07','2024-05-24 04:02:07'),(19,'vegetables',14,'Botble\\Ecommerce\\Models\\ProductCategory','product-categories','2024-05-24 04:02:07','2024-05-24 04:02:07'),(20,'potatoes',15,'Botble\\Ecommerce\\Models\\ProductCategory','product-categories','2024-05-24 04:02:07','2024-05-24 04:02:07'),(21,'carrots-root-vegetables',16,'Botble\\Ecommerce\\Models\\ProductCategory','product-categories','2024-05-24 04:02:07','2024-05-24 04:02:07'),(22,'broccoli-cauliflower',17,'Botble\\Ecommerce\\Models\\ProductCategory','product-categories','2024-05-24 04:02:07','2024-05-24 04:02:07'),(23,'cabbage-spinach-greens',18,'Botble\\Ecommerce\\Models\\ProductCategory','product-categories','2024-05-24 04:02:07','2024-05-24 04:02:07'),(24,'onions-leeks-garlic',19,'Botble\\Ecommerce\\Models\\ProductCategory','product-categories','2024-05-24 04:02:07','2024-05-24 04:02:07'),(25,'mushrooms',20,'Botble\\Ecommerce\\Models\\ProductCategory','product-categories','2024-05-24 04:02:07','2024-05-24 04:02:07'),(26,'tomatoes',21,'Botble\\Ecommerce\\Models\\ProductCategory','product-categories','2024-05-24 04:02:07','2024-05-24 04:02:07'),(27,'beans-peas-sweetcorn',22,'Botble\\Ecommerce\\Models\\ProductCategory','product-categories','2024-05-24 04:02:07','2024-05-24 04:02:07'),(28,'freshly-drink-orange-juice',23,'Botble\\Ecommerce\\Models\\ProductCategory','product-categories','2024-05-24 04:02:07','2024-05-24 04:02:07'),(29,'breads-sweets',24,'Botble\\Ecommerce\\Models\\ProductCategory','product-categories','2024-05-24 04:02:07','2024-05-24 04:02:07'),(30,'crisps-snacks-nuts',25,'Botble\\Ecommerce\\Models\\ProductCategory','product-categories','2024-05-24 04:02:07','2024-05-24 04:02:07'),(31,'crisps-popcorn',26,'Botble\\Ecommerce\\Models\\ProductCategory','product-categories','2024-05-24 04:02:07','2024-05-24 04:02:07'),(32,'nuts-seeds',27,'Botble\\Ecommerce\\Models\\ProductCategory','product-categories','2024-05-24 04:02:07','2024-05-24 04:02:07'),(33,'lighter-options',28,'Botble\\Ecommerce\\Models\\ProductCategory','product-categories','2024-05-24 04:02:07','2024-05-24 04:02:07'),(34,'cereal-bars',29,'Botble\\Ecommerce\\Models\\ProductCategory','product-categories','2024-05-24 04:02:07','2024-05-24 04:02:07'),(35,'breadsticks-pretzels',30,'Botble\\Ecommerce\\Models\\ProductCategory','product-categories','2024-05-24 04:02:07','2024-05-24 04:02:07'),(36,'fruit-snacking',31,'Botble\\Ecommerce\\Models\\ProductCategory','product-categories','2024-05-24 04:02:07','2024-05-24 04:02:07'),(37,'rice-corn-cakes',32,'Botble\\Ecommerce\\Models\\ProductCategory','product-categories','2024-05-24 04:02:07','2024-05-24 04:02:07'),(38,'protein-energy-snacks',33,'Botble\\Ecommerce\\Models\\ProductCategory','product-categories','2024-05-24 04:02:07','2024-05-24 04:02:07'),(39,'toddler-snacks',34,'Botble\\Ecommerce\\Models\\ProductCategory','product-categories','2024-05-24 04:02:07','2024-05-24 04:02:07'),(40,'meat-snacks',35,'Botble\\Ecommerce\\Models\\ProductCategory','product-categories','2024-05-24 04:02:07','2024-05-24 04:02:07'),(41,'beans',36,'Botble\\Ecommerce\\Models\\ProductCategory','product-categories','2024-05-24 04:02:07','2024-05-24 04:02:07'),(42,'lentils',37,'Botble\\Ecommerce\\Models\\ProductCategory','product-categories','2024-05-24 04:02:07','2024-05-24 04:02:07'),(43,'chickpeas',38,'Botble\\Ecommerce\\Models\\ProductCategory','product-categories','2024-05-24 04:02:07','2024-05-24 04:02:07'),(44,'tins-cans',39,'Botble\\Ecommerce\\Models\\ProductCategory','product-categories','2024-05-24 04:02:07','2024-05-24 04:02:07'),(45,'tomatoes',40,'Botble\\Ecommerce\\Models\\ProductCategory','product-categories','2024-05-24 04:02:07','2024-05-24 04:02:07'),(46,'baked-beans-spaghetti',41,'Botble\\Ecommerce\\Models\\ProductCategory','product-categories','2024-05-24 04:02:07','2024-05-24 04:02:07'),(47,'fish',42,'Botble\\Ecommerce\\Models\\ProductCategory','product-categories','2024-05-24 04:02:07','2024-05-24 04:02:07'),(48,'beans-pulses',43,'Botble\\Ecommerce\\Models\\ProductCategory','product-categories','2024-05-24 04:02:07','2024-05-24 04:02:07'),(49,'fruit',44,'Botble\\Ecommerce\\Models\\ProductCategory','product-categories','2024-05-24 04:02:07','2024-05-24 04:02:07'),(50,'coconut-milk-cream',45,'Botble\\Ecommerce\\Models\\ProductCategory','product-categories','2024-05-24 04:02:07','2024-05-24 04:02:07'),(51,'lighter-options',46,'Botble\\Ecommerce\\Models\\ProductCategory','product-categories','2024-05-24 04:02:07','2024-05-24 04:02:07'),(52,'olives',47,'Botble\\Ecommerce\\Models\\ProductCategory','product-categories','2024-05-24 04:02:07','2024-05-24 04:02:07'),(53,'sweetcorn',48,'Botble\\Ecommerce\\Models\\ProductCategory','product-categories','2024-05-24 04:02:07','2024-05-24 04:02:07'),(54,'carrots',49,'Botble\\Ecommerce\\Models\\ProductCategory','product-categories','2024-05-24 04:02:07','2024-05-24 04:02:07'),(55,'peas',50,'Botble\\Ecommerce\\Models\\ProductCategory','product-categories','2024-05-24 04:02:07','2024-05-24 04:02:07'),(56,'mixed-vegetables',51,'Botble\\Ecommerce\\Models\\ProductCategory','product-categories','2024-05-24 04:02:07','2024-05-24 04:02:07'),(57,'frozen-seafoods',52,'Botble\\Ecommerce\\Models\\ProductCategory','product-categories','2024-05-24 04:02:07','2024-05-24 04:02:07'),(58,'raw-meats',53,'Botble\\Ecommerce\\Models\\ProductCategory','product-categories','2024-05-24 04:02:07','2024-05-24 04:02:07'),(59,'wines-alcohol-drinks',54,'Botble\\Ecommerce\\Models\\ProductCategory','product-categories','2024-05-24 04:02:07','2024-05-24 04:02:07'),(60,'ready-meals',55,'Botble\\Ecommerce\\Models\\ProductCategory','product-categories','2024-05-24 04:02:07','2024-05-24 04:02:07'),(61,'meals-for-1',56,'Botble\\Ecommerce\\Models\\ProductCategory','product-categories','2024-05-24 04:02:07','2024-05-24 04:02:07'),(62,'meals-for-2',57,'Botble\\Ecommerce\\Models\\ProductCategory','product-categories','2024-05-24 04:02:07','2024-05-24 04:02:07'),(63,'indian',58,'Botble\\Ecommerce\\Models\\ProductCategory','product-categories','2024-05-24 04:02:07','2024-05-24 04:02:07'),(64,'italian',59,'Botble\\Ecommerce\\Models\\ProductCategory','product-categories','2024-05-24 04:02:07','2024-05-24 04:02:07'),(65,'chinese',60,'Botble\\Ecommerce\\Models\\ProductCategory','product-categories','2024-05-24 04:02:07','2024-05-24 04:02:07'),(66,'traditional-british',61,'Botble\\Ecommerce\\Models\\ProductCategory','product-categories','2024-05-24 04:02:07','2024-05-24 04:02:07'),(67,'thai-oriental',62,'Botble\\Ecommerce\\Models\\ProductCategory','product-categories','2024-05-24 04:02:07','2024-05-24 04:02:07'),(68,'mediterranean-moroccan',63,'Botble\\Ecommerce\\Models\\ProductCategory','product-categories','2024-05-24 04:02:07','2024-05-24 04:02:07'),(69,'mexican-caribbean',64,'Botble\\Ecommerce\\Models\\ProductCategory','product-categories','2024-05-24 04:02:07','2024-05-24 04:02:07'),(70,'lighter-meals',65,'Botble\\Ecommerce\\Models\\ProductCategory','product-categories','2024-05-24 04:02:07','2024-05-24 04:02:07'),(71,'lunch-veg-pots',66,'Botble\\Ecommerce\\Models\\ProductCategory','product-categories','2024-05-24 04:02:07','2024-05-24 04:02:07'),(72,'salad-herbs',67,'Botble\\Ecommerce\\Models\\ProductCategory','product-categories','2024-05-24 04:02:07','2024-05-24 04:02:07'),(73,'salad-bags',68,'Botble\\Ecommerce\\Models\\ProductCategory','product-categories','2024-05-24 04:02:07','2024-05-24 04:02:07'),(74,'cucumber',69,'Botble\\Ecommerce\\Models\\ProductCategory','product-categories','2024-05-24 04:02:07','2024-05-24 04:02:07'),(75,'tomatoes',70,'Botble\\Ecommerce\\Models\\ProductCategory','product-categories','2024-05-24 04:02:07','2024-05-24 04:02:07'),(76,'lettuce',71,'Botble\\Ecommerce\\Models\\ProductCategory','product-categories','2024-05-24 04:02:07','2024-05-24 04:02:07'),(77,'lunch-salad-bowls',72,'Botble\\Ecommerce\\Models\\ProductCategory','product-categories','2024-05-24 04:02:07','2024-05-24 04:02:07'),(78,'lunch-salad-bowls',73,'Botble\\Ecommerce\\Models\\ProductCategory','product-categories','2024-05-24 04:02:07','2024-05-24 04:02:07'),(79,'fresh-herbs',74,'Botble\\Ecommerce\\Models\\ProductCategory','product-categories','2024-05-24 04:02:07','2024-05-24 04:02:07'),(80,'avocados',75,'Botble\\Ecommerce\\Models\\ProductCategory','product-categories','2024-05-24 04:02:07','2024-05-24 04:02:07'),(81,'peppers',76,'Botble\\Ecommerce\\Models\\ProductCategory','product-categories','2024-05-24 04:02:07','2024-05-24 04:02:07'),(82,'coleslaw-potato-salad',77,'Botble\\Ecommerce\\Models\\ProductCategory','product-categories','2024-05-24 04:02:07','2024-05-24 04:02:07'),(83,'spring-onions',78,'Botble\\Ecommerce\\Models\\ProductCategory','product-categories','2024-05-24 04:02:07','2024-05-24 04:02:07'),(84,'chilli-ginger-garlic',79,'Botble\\Ecommerce\\Models\\ProductCategory','product-categories','2024-05-24 04:02:07','2024-05-24 04:02:07'),(85,'tea-coffee',80,'Botble\\Ecommerce\\Models\\ProductCategory','product-categories','2024-05-24 04:02:07','2024-05-24 04:02:07'),(86,'milks-and-dairies',81,'Botble\\Ecommerce\\Models\\ProductCategory','product-categories','2024-05-24 04:02:07','2024-05-24 04:02:07'),(87,'pet-foods',82,'Botble\\Ecommerce\\Models\\ProductCategory','product-categories','2024-05-24 04:02:07','2024-05-24 04:02:07'),(88,'food-cupboard',83,'Botble\\Ecommerce\\Models\\ProductCategory','product-categories','2024-05-24 04:02:07','2024-05-24 04:02:07'),(89,'electronic',1,'Botble\\Ecommerce\\Models\\ProductTag','product-tags','2024-05-24 04:02:13','2024-05-24 04:02:13'),(90,'mobile',2,'Botble\\Ecommerce\\Models\\ProductTag','product-tags','2024-05-24 04:02:13','2024-05-24 04:02:13'),(91,'iphone',3,'Botble\\Ecommerce\\Models\\ProductTag','product-tags','2024-05-24 04:02:13','2024-05-24 04:02:13'),(92,'printer',4,'Botble\\Ecommerce\\Models\\ProductTag','product-tags','2024-05-24 04:02:13','2024-05-24 04:02:13'),(93,'office',5,'Botble\\Ecommerce\\Models\\ProductTag','product-tags','2024-05-24 04:02:13','2024-05-24 04:02:13'),(94,'it',6,'Botble\\Ecommerce\\Models\\ProductTag','product-tags','2024-05-24 04:02:13','2024-05-24 04:02:13'),(95,'dual-camera-20mp',1,'Botble\\Ecommerce\\Models\\Product','products','2024-05-24 04:02:21','2024-05-24 04:02:21'),(96,'smart-watches',2,'Botble\\Ecommerce\\Models\\Product','products','2024-05-24 04:02:21','2024-05-24 04:02:21'),(97,'beat-headphone',3,'Botble\\Ecommerce\\Models\\Product','products','2024-05-24 04:02:21','2024-05-24 04:02:21'),(98,'red-black-headphone-digital',4,'Botble\\Ecommerce\\Models\\Product','products','2024-05-24 04:02:21','2024-05-24 04:02:32'),(99,'smart-watch-external',5,'Botble\\Ecommerce\\Models\\Product','products','2024-05-24 04:02:21','2024-05-24 04:02:21'),(100,'nikon-hd-camera',6,'Botble\\Ecommerce\\Models\\Product','products','2024-05-24 04:02:22','2024-05-24 04:02:22'),(101,'audio-equipment',7,'Botble\\Ecommerce\\Models\\Product','products','2024-05-24 04:02:22','2024-05-24 04:02:22'),(102,'smart-televisions-digital',8,'Botble\\Ecommerce\\Models\\Product','products','2024-05-24 04:02:22','2024-05-24 04:02:32'),(103,'samsung-smart-phone',9,'Botble\\Ecommerce\\Models\\Product','products','2024-05-24 04:02:22','2024-05-24 04:02:22'),(104,'herschel-leather-duffle-bag-in-brown-color',10,'Botble\\Ecommerce\\Models\\Product','products','2024-05-24 04:02:22','2024-05-24 04:02:22'),(105,'xbox-one-wireless-controller-black-color',11,'Botble\\Ecommerce\\Models\\Product','products','2024-05-24 04:02:22','2024-05-24 04:02:22'),(106,'epsion-plaster-printer-digital',12,'Botble\\Ecommerce\\Models\\Product','products','2024-05-24 04:02:22','2024-05-24 04:02:32'),(107,'sound-intone-i65-earphone-white-version',13,'Botble\\Ecommerce\\Models\\Product','products','2024-05-24 04:02:22','2024-05-24 04:02:22'),(108,'bo-play-mini-bluetooth-speaker',14,'Botble\\Ecommerce\\Models\\Product','products','2024-05-24 04:02:22','2024-05-24 04:02:22'),(109,'apple-macbook-air-retina-133-inch-laptop',15,'Botble\\Ecommerce\\Models\\Product','products','2024-05-24 04:02:22','2024-05-24 04:02:22'),(110,'apple-macbook-air-retina-12-inch-laptop-digital',16,'Botble\\Ecommerce\\Models\\Product','products','2024-05-24 04:02:22','2024-05-24 04:02:32'),(111,'samsung-gear-vr-virtual-reality-headset',17,'Botble\\Ecommerce\\Models\\Product','products','2024-05-24 04:02:22','2024-05-24 04:02:22'),(112,'aveeno-moisturizing-body-shower-450ml',18,'Botble\\Ecommerce\\Models\\Product','products','2024-05-24 04:02:22','2024-05-24 04:02:22'),(113,'nyx-beauty-couton-pallete-makeup-12',19,'Botble\\Ecommerce\\Models\\Product','products','2024-05-24 04:02:22','2024-05-24 04:02:22'),(114,'nyx-beauty-couton-pallete-makeup-12-digital',20,'Botble\\Ecommerce\\Models\\Product','products','2024-05-24 04:02:22','2024-05-24 04:02:32'),(115,'mvmth-classical-leather-watch-in-black',21,'Botble\\Ecommerce\\Models\\Product','products','2024-05-24 04:02:22','2024-05-24 04:02:22'),(116,'baxter-care-hair-kit-for-bearded-mens',22,'Botble\\Ecommerce\\Models\\Product','products','2024-05-24 04:02:22','2024-05-24 04:02:22'),(117,'ciate-palemore-lipstick-bold-red-color',23,'Botble\\Ecommerce\\Models\\Product','products','2024-05-24 04:02:22','2024-05-24 04:02:22'),(118,'vimto-squash-remix-apple-15-litres-digital',24,'Botble\\Ecommerce\\Models\\Product','products','2024-05-24 04:02:22','2024-05-24 04:02:32'),(119,'crock-pot-slow-cooker',25,'Botble\\Ecommerce\\Models\\Product','products','2024-05-24 04:02:22','2024-05-24 04:02:22'),(120,'taylors-of-harrogate-yorkshire-coffee',26,'Botble\\Ecommerce\\Models\\Product','products','2024-05-24 04:02:22','2024-05-24 04:02:22'),(121,'soft-mochi-galeto-ice-cream',27,'Botble\\Ecommerce\\Models\\Product','products','2024-05-24 04:02:23','2024-05-24 04:02:23'),(122,'naked-noodle-egg-noodles-singapore-digital',28,'Botble\\Ecommerce\\Models\\Product','products','2024-05-24 04:02:23','2024-05-24 04:02:32'),(123,'saute-pan-silver',29,'Botble\\Ecommerce\\Models\\Product','products','2024-05-24 04:02:23','2024-05-24 04:02:23'),(124,'bar-s-classic-bun-length-franks',30,'Botble\\Ecommerce\\Models\\Product','products','2024-05-24 04:02:23','2024-05-24 04:02:23'),(125,'broccoli-crowns',31,'Botble\\Ecommerce\\Models\\Product','products','2024-05-24 04:02:23','2024-05-24 04:02:23'),(126,'slimming-world-vegan-mac-greens-digital',32,'Botble\\Ecommerce\\Models\\Product','products','2024-05-24 04:02:23','2024-05-24 04:02:32'),(127,'haagen-dazs-salted-caramel',33,'Botble\\Ecommerce\\Models\\Product','products','2024-05-24 04:02:23','2024-05-24 04:02:23'),(128,'iceland-3-solo-exotic-burst',34,'Botble\\Ecommerce\\Models\\Product','products','2024-05-24 04:02:23','2024-05-24 04:02:23'),(129,'extreme-budweiser-light-can',35,'Botble\\Ecommerce\\Models\\Product','products','2024-05-24 04:02:23','2024-05-24 04:02:23'),(130,'iceland-macaroni-cheese-traybake-digital',36,'Botble\\Ecommerce\\Models\\Product','products','2024-05-24 04:02:23','2024-05-24 04:02:32'),(131,'dolmio-bolognese-pasta-sauce',37,'Botble\\Ecommerce\\Models\\Product','products','2024-05-24 04:02:23','2024-05-24 04:02:23'),(132,'sitema-bakeit-plastic-box',38,'Botble\\Ecommerce\\Models\\Product','products','2024-05-24 04:02:23','2024-05-24 04:02:23'),(133,'wayfair-basics-dinner-plate-storage',39,'Botble\\Ecommerce\\Models\\Product','products','2024-05-24 04:02:23','2024-05-24 04:02:23'),(134,'miko-the-panda-water-bottle-digital',40,'Botble\\Ecommerce\\Models\\Product','products','2024-05-24 04:02:23','2024-05-24 04:02:32'),(135,'sesame-seed-bread',41,'Botble\\Ecommerce\\Models\\Product','products','2024-05-24 04:02:23','2024-05-24 04:02:23'),(136,'morrisons-the-best-beef',42,'Botble\\Ecommerce\\Models\\Product','products','2024-05-24 04:02:23','2024-05-24 04:02:23'),(137,'avocado-hass-large',43,'Botble\\Ecommerce\\Models\\Product','products','2024-05-24 04:02:23','2024-05-24 04:02:23'),(138,'italia-beef-lasagne-digital',44,'Botble\\Ecommerce\\Models\\Product','products','2024-05-24 04:02:23','2024-05-24 04:02:32'),(139,'maxwell-house-classic-roast-mocha',45,'Botble\\Ecommerce\\Models\\Product','products','2024-05-24 04:02:23','2024-05-24 04:02:23'),(140,'bottled-pure-water-500ml',46,'Botble\\Ecommerce\\Models\\Product','products','2024-05-24 04:02:23','2024-05-24 04:02:23'),(141,'famart-farmhouse-soft-white',47,'Botble\\Ecommerce\\Models\\Product','products','2024-05-24 04:02:24','2024-05-24 04:02:24'),(142,'coca-cola-original-taste-digital',48,'Botble\\Ecommerce\\Models\\Product','products','2024-05-24 04:02:24','2024-05-24 04:02:32'),(143,'casillero-diablo-cabernet-sauvignon',49,'Botble\\Ecommerce\\Models\\Product','products','2024-05-24 04:02:24','2024-05-24 04:02:24'),(144,'arla-organic-free-range-milk',50,'Botble\\Ecommerce\\Models\\Product','products','2024-05-24 04:02:24','2024-05-24 04:02:24'),(145,'aptamil-follow-on-baby-milk',51,'Botble\\Ecommerce\\Models\\Product','products','2024-05-24 04:02:24','2024-05-24 04:02:24'),(146,'cuisinart-chefs-classic-hard-anodized-digital',52,'Botble\\Ecommerce\\Models\\Product','products','2024-05-24 04:02:24','2024-05-24 04:02:32'),(147,'corn-yellow-sweet',53,'Botble\\Ecommerce\\Models\\Product','products','2024-05-24 04:02:24','2024-05-24 04:02:24'),(148,'hobnobs-the-nobbly-biscuit',54,'Botble\\Ecommerce\\Models\\Product','products','2024-05-24 04:02:24','2024-05-24 04:02:24'),(149,'honest-organic-still-lemonade',55,'Botble\\Ecommerce\\Models\\Product','products','2024-05-24 04:02:24','2024-05-24 04:02:24'),(150,'ice-becks-beer-350ml-x-24-pieces-digital',56,'Botble\\Ecommerce\\Models\\Product','products','2024-05-24 04:02:24','2024-05-24 04:02:32'),(151,'iceland-6-hot-cross-buns',57,'Botble\\Ecommerce\\Models\\Product','products','2024-05-24 04:02:24','2024-05-24 04:02:24'),(152,'iceland-luxury-4-panini-rolls',58,'Botble\\Ecommerce\\Models\\Product','products','2024-05-24 04:02:24','2024-05-24 04:02:24'),(153,'iceland-soft-scoop-vanilla',59,'Botble\\Ecommerce\\Models\\Product','products','2024-05-24 04:02:24','2024-05-24 04:02:24'),(154,'iceland-spaghetti-bolognese-digital',60,'Botble\\Ecommerce\\Models\\Product','products','2024-05-24 04:02:24','2024-05-24 04:02:32'),(155,'kelloggs-coco-pops-cereal',61,'Botble\\Ecommerce\\Models\\Product','products','2024-05-24 04:02:24','2024-05-24 04:02:24'),(156,'kit-kat-chunky-milk-chocolate',62,'Botble\\Ecommerce\\Models\\Product','products','2024-05-24 04:02:24','2024-05-24 04:02:24'),(157,'large-green-bell-pepper',63,'Botble\\Ecommerce\\Models\\Product','products','2024-05-24 04:02:24','2024-05-24 04:02:24'),(158,'pice-94w-beasley-journal-digital',64,'Botble\\Ecommerce\\Models\\Product','products','2024-05-24 04:02:24','2024-05-24 04:02:32'),(159,'province-piece-glass-drinking-glass',65,'Botble\\Ecommerce\\Models\\Product','products','2024-05-24 04:02:24','2024-05-24 04:02:24'),(160,'gopro',1,'Botble\\Marketplace\\Models\\Store','stores','2024-05-24 04:02:30','2024-05-24 04:02:30'),(161,'global-office',2,'Botble\\Marketplace\\Models\\Store','stores','2024-05-24 04:02:30','2024-05-24 04:02:30'),(162,'young-shop',3,'Botble\\Marketplace\\Models\\Store','stores','2024-05-24 04:02:30','2024-05-24 04:02:30'),(163,'global-store',4,'Botble\\Marketplace\\Models\\Store','stores','2024-05-24 04:02:30','2024-05-24 04:02:30'),(164,'roberts-store',5,'Botble\\Marketplace\\Models\\Store','stores','2024-05-24 04:02:30','2024-05-24 04:02:30'),(165,'stouffer',6,'Botble\\Marketplace\\Models\\Store','stores','2024-05-24 04:02:30','2024-05-24 04:02:30'),(166,'starkist',7,'Botble\\Marketplace\\Models\\Store','stores','2024-05-24 04:02:30','2024-05-24 04:02:30'),(167,'old-el-paso',8,'Botble\\Marketplace\\Models\\Store','stores','2024-05-24 04:02:30','2024-05-24 04:02:30'),(168,'ecommerce',1,'Botble\\Blog\\Models\\Category','blog','2024-05-24 04:02:30','2024-05-24 04:02:31'),(169,'fashion',2,'Botble\\Blog\\Models\\Category','blog','2024-05-24 04:02:30','2024-05-24 04:02:31'),(170,'electronic',3,'Botble\\Blog\\Models\\Category','blog','2024-05-24 04:02:30','2024-05-24 04:02:31'),(171,'commercial',4,'Botble\\Blog\\Models\\Category','blog','2024-05-24 04:02:30','2024-05-24 04:02:31'),(172,'general',1,'Botble\\Blog\\Models\\Tag','tag','2024-05-24 04:02:30','2024-05-24 04:02:30'),(173,'design',2,'Botble\\Blog\\Models\\Tag','tag','2024-05-24 04:02:30','2024-05-24 04:02:30'),(174,'fashion',3,'Botble\\Blog\\Models\\Tag','tag','2024-05-24 04:02:30','2024-05-24 04:02:30'),(175,'branding',4,'Botble\\Blog\\Models\\Tag','tag','2024-05-24 04:02:30','2024-05-24 04:02:30'),(176,'modern',5,'Botble\\Blog\\Models\\Tag','tag','2024-05-24 04:02:30','2024-05-24 04:02:30'),(177,'4-expert-tips-on-how-to-choose-the-right-mens-wallet',1,'Botble\\Blog\\Models\\Post','blog','2024-05-24 04:02:30','2024-05-24 04:02:31'),(178,'sexy-clutches-how-to-buy-wear-a-designer-clutch-bag',2,'Botble\\Blog\\Models\\Post','blog','2024-05-24 04:02:30','2024-05-24 04:02:31'),(179,'the-top-2020-handbag-trends-to-know',3,'Botble\\Blog\\Models\\Post','blog','2024-05-24 04:02:30','2024-05-24 04:02:31'),(180,'how-to-match-the-color-of-your-handbag-with-an-outfit',4,'Botble\\Blog\\Models\\Post','blog','2024-05-24 04:02:30','2024-05-24 04:02:31'),(181,'how-to-care-for-leather-bags',5,'Botble\\Blog\\Models\\Post','blog','2024-05-24 04:02:30','2024-05-24 04:02:31'),(182,'were-crushing-hard-on-summers-10-biggest-bag-trends',6,'Botble\\Blog\\Models\\Post','blog','2024-05-24 04:02:30','2024-05-24 04:02:31'),(183,'essential-qualities-of-highly-successful-music',7,'Botble\\Blog\\Models\\Post','blog','2024-05-24 04:02:30','2024-05-24 04:02:31'),(184,'9-things-i-love-about-shaving-my-head',8,'Botble\\Blog\\Models\\Post','blog','2024-05-24 04:02:30','2024-05-24 04:02:31'),(185,'why-teamwork-really-makes-the-dream-work',9,'Botble\\Blog\\Models\\Post','blog','2024-05-24 04:02:30','2024-05-24 04:02:31'),(186,'the-world-caters-to-average-people',10,'Botble\\Blog\\Models\\Post','blog','2024-05-24 04:02:30','2024-05-24 04:02:31'),(187,'the-litigants-on-the-screen-are-not-actors',11,'Botble\\Blog\\Models\\Post','blog','2024-05-24 04:02:30','2024-05-24 04:02:31'),(188,'home',1,'Botble\\Page\\Models\\Page','','2024-05-24 04:02:31','2024-05-24 04:02:31'),(189,'about-us',2,'Botble\\Page\\Models\\Page','','2024-05-24 04:02:31','2024-05-24 04:02:31'),(190,'terms-of-use',3,'Botble\\Page\\Models\\Page','','2024-05-24 04:02:31','2024-05-24 04:02:31'),(191,'terms-conditions',4,'Botble\\Page\\Models\\Page','','2024-05-24 04:02:31','2024-05-24 04:02:31'),(192,'refund-policy',5,'Botble\\Page\\Models\\Page','','2024-05-24 04:02:31','2024-05-24 04:02:31'),(193,'blog',6,'Botble\\Page\\Models\\Page','','2024-05-24 04:02:31','2024-05-24 04:02:31'),(194,'faqs',7,'Botble\\Page\\Models\\Page','','2024-05-24 04:02:31','2024-05-24 04:02:31'),(195,'contact',8,'Botble\\Page\\Models\\Page','','2024-05-24 04:02:31','2024-05-24 04:02:31'),(196,'cookie-policy',9,'Botble\\Page\\Models\\Page','','2024-05-24 04:02:31','2024-05-24 04:02:31'),(197,'affiliate',10,'Botble\\Page\\Models\\Page','','2024-05-24 04:02:31','2024-05-24 04:02:31'),(198,'career',11,'Botble\\Page\\Models\\Page','','2024-05-24 04:02:31','2024-05-24 04:02:31'),(199,'coming-soon',12,'Botble\\Page\\Models\\Page','','2024-05-24 04:02:31','2024-05-24 04:02:31'),(200,'smart-watches',66,'Botble\\Ecommerce\\Models\\Product','products','2024-05-24 04:02:32','2024-05-24 04:02:32'),(201,'smart-watches',67,'Botble\\Ecommerce\\Models\\Product','products','2024-05-24 04:02:32','2024-05-24 04:02:32'),(202,'red-black-headphone-digital',68,'Botble\\Ecommerce\\Models\\Product','products','2024-05-24 04:02:32','2024-05-24 04:02:32'),(203,'audio-equipment',69,'Botble\\Ecommerce\\Models\\Product','products','2024-05-24 04:02:32','2024-05-24 04:02:32'),(204,'smart-televisions-digital',70,'Botble\\Ecommerce\\Models\\Product','products','2024-05-24 04:02:32','2024-05-24 04:02:32'),(205,'samsung-smart-phone',71,'Botble\\Ecommerce\\Models\\Product','products','2024-05-24 04:02:32','2024-05-24 04:02:32'),(206,'samsung-smart-phone',72,'Botble\\Ecommerce\\Models\\Product','products','2024-05-24 04:02:32','2024-05-24 04:02:32'),(207,'samsung-smart-phone',73,'Botble\\Ecommerce\\Models\\Product','products','2024-05-24 04:02:32','2024-05-24 04:02:32'),(208,'xbox-one-wireless-controller-black-color',74,'Botble\\Ecommerce\\Models\\Product','products','2024-05-24 04:02:32','2024-05-24 04:02:32'),(209,'xbox-one-wireless-controller-black-color',75,'Botble\\Ecommerce\\Models\\Product','products','2024-05-24 04:02:32','2024-05-24 04:02:32'),(210,'xbox-one-wireless-controller-black-color',76,'Botble\\Ecommerce\\Models\\Product','products','2024-05-24 04:02:32','2024-05-24 04:02:32'),(211,'xbox-one-wireless-controller-black-color',77,'Botble\\Ecommerce\\Models\\Product','products','2024-05-24 04:02:32','2024-05-24 04:02:32'),(212,'xbox-one-wireless-controller-black-color',78,'Botble\\Ecommerce\\Models\\Product','products','2024-05-24 04:02:32','2024-05-24 04:02:32'),(213,'epsion-plaster-printer-digital',79,'Botble\\Ecommerce\\Models\\Product','products','2024-05-24 04:02:32','2024-05-24 04:02:32'),(214,'epsion-plaster-printer-digital',80,'Botble\\Ecommerce\\Models\\Product','products','2024-05-24 04:02:32','2024-05-24 04:02:32'),(215,'bo-play-mini-bluetooth-speaker',81,'Botble\\Ecommerce\\Models\\Product','products','2024-05-24 04:02:32','2024-05-24 04:02:32'),(216,'bo-play-mini-bluetooth-speaker',82,'Botble\\Ecommerce\\Models\\Product','products','2024-05-24 04:02:32','2024-05-24 04:02:32'),(217,'bo-play-mini-bluetooth-speaker',83,'Botble\\Ecommerce\\Models\\Product','products','2024-05-24 04:02:32','2024-05-24 04:02:32'),(218,'apple-macbook-air-retina-133-inch-laptop',84,'Botble\\Ecommerce\\Models\\Product','products','2024-05-24 04:02:32','2024-05-24 04:02:32'),(219,'apple-macbook-air-retina-133-inch-laptop',85,'Botble\\Ecommerce\\Models\\Product','products','2024-05-24 04:02:32','2024-05-24 04:02:32'),(220,'apple-macbook-air-retina-133-inch-laptop',86,'Botble\\Ecommerce\\Models\\Product','products','2024-05-24 04:02:32','2024-05-24 04:02:32'),(221,'samsung-gear-vr-virtual-reality-headset',87,'Botble\\Ecommerce\\Models\\Product','products','2024-05-24 04:02:32','2024-05-24 04:02:32'),(222,'nyx-beauty-couton-pallete-makeup-12',88,'Botble\\Ecommerce\\Models\\Product','products','2024-05-24 04:02:32','2024-05-24 04:02:32'),(223,'nyx-beauty-couton-pallete-makeup-12',89,'Botble\\Ecommerce\\Models\\Product','products','2024-05-24 04:02:32','2024-05-24 04:02:32'),(224,'nyx-beauty-couton-pallete-makeup-12-digital',90,'Botble\\Ecommerce\\Models\\Product','products','2024-05-24 04:02:32','2024-05-24 04:02:32'),(225,'nyx-beauty-couton-pallete-makeup-12-digital',91,'Botble\\Ecommerce\\Models\\Product','products','2024-05-24 04:02:32','2024-05-24 04:02:32'),(226,'vimto-squash-remix-apple-15-litres-digital',92,'Botble\\Ecommerce\\Models\\Product','products','2024-05-24 04:02:32','2024-05-24 04:02:32'),(227,'crock-pot-slow-cooker',93,'Botble\\Ecommerce\\Models\\Product','products','2024-05-24 04:02:32','2024-05-24 04:02:32'),(228,'crock-pot-slow-cooker',94,'Botble\\Ecommerce\\Models\\Product','products','2024-05-24 04:02:32','2024-05-24 04:02:32'),(229,'crock-pot-slow-cooker',95,'Botble\\Ecommerce\\Models\\Product','products','2024-05-24 04:02:32','2024-05-24 04:02:32'),(230,'taylors-of-harrogate-yorkshire-coffee',96,'Botble\\Ecommerce\\Models\\Product','products','2024-05-24 04:02:32','2024-05-24 04:02:32'),(231,'taylors-of-harrogate-yorkshire-coffee',97,'Botble\\Ecommerce\\Models\\Product','products','2024-05-24 04:02:32','2024-05-24 04:02:32'),(232,'taylors-of-harrogate-yorkshire-coffee',98,'Botble\\Ecommerce\\Models\\Product','products','2024-05-24 04:02:32','2024-05-24 04:02:32'),(233,'soft-mochi-galeto-ice-cream',99,'Botble\\Ecommerce\\Models\\Product','products','2024-05-24 04:02:32','2024-05-24 04:02:32'),(234,'soft-mochi-galeto-ice-cream',100,'Botble\\Ecommerce\\Models\\Product','products','2024-05-24 04:02:32','2024-05-24 04:02:32'),(235,'slimming-world-vegan-mac-greens-digital',101,'Botble\\Ecommerce\\Models\\Product','products','2024-05-24 04:02:32','2024-05-24 04:02:32'),(236,'slimming-world-vegan-mac-greens-digital',102,'Botble\\Ecommerce\\Models\\Product','products','2024-05-24 04:02:32','2024-05-24 04:02:32'),(237,'extreme-budweiser-light-can',103,'Botble\\Ecommerce\\Models\\Product','products','2024-05-24 04:02:32','2024-05-24 04:02:32'),(238,'iceland-macaroni-cheese-traybake-digital',104,'Botble\\Ecommerce\\Models\\Product','products','2024-05-24 04:02:32','2024-05-24 04:02:32'),(239,'iceland-macaroni-cheese-traybake-digital',105,'Botble\\Ecommerce\\Models\\Product','products','2024-05-24 04:02:32','2024-05-24 04:02:32'),(240,'iceland-macaroni-cheese-traybake-digital',106,'Botble\\Ecommerce\\Models\\Product','products','2024-05-24 04:02:32','2024-05-24 04:02:32'),(241,'iceland-macaroni-cheese-traybake-digital',107,'Botble\\Ecommerce\\Models\\Product','products','2024-05-24 04:02:32','2024-05-24 04:02:32'),(242,'miko-the-panda-water-bottle-digital',108,'Botble\\Ecommerce\\Models\\Product','products','2024-05-24 04:02:32','2024-05-24 04:02:32'),(243,'miko-the-panda-water-bottle-digital',109,'Botble\\Ecommerce\\Models\\Product','products','2024-05-24 04:02:32','2024-05-24 04:02:32'),(244,'miko-the-panda-water-bottle-digital',110,'Botble\\Ecommerce\\Models\\Product','products','2024-05-24 04:02:32','2024-05-24 04:02:32'),(245,'italia-beef-lasagne-digital',111,'Botble\\Ecommerce\\Models\\Product','products','2024-05-24 04:02:32','2024-05-24 04:02:32'),(246,'italia-beef-lasagne-digital',112,'Botble\\Ecommerce\\Models\\Product','products','2024-05-24 04:02:32','2024-05-24 04:02:32'),(247,'italia-beef-lasagne-digital',113,'Botble\\Ecommerce\\Models\\Product','products','2024-05-24 04:02:32','2024-05-24 04:02:32'),(248,'italia-beef-lasagne-digital',114,'Botble\\Ecommerce\\Models\\Product','products','2024-05-24 04:02:32','2024-05-24 04:02:32'),(249,'bottled-pure-water-500ml',115,'Botble\\Ecommerce\\Models\\Product','products','2024-05-24 04:02:32','2024-05-24 04:02:32'),(250,'bottled-pure-water-500ml',116,'Botble\\Ecommerce\\Models\\Product','products','2024-05-24 04:02:32','2024-05-24 04:02:32'),(251,'bottled-pure-water-500ml',117,'Botble\\Ecommerce\\Models\\Product','products','2024-05-24 04:02:32','2024-05-24 04:02:32'),(252,'famart-farmhouse-soft-white',118,'Botble\\Ecommerce\\Models\\Product','products','2024-05-24 04:02:32','2024-05-24 04:02:32'),(253,'casillero-diablo-cabernet-sauvignon',119,'Botble\\Ecommerce\\Models\\Product','products','2024-05-24 04:02:32','2024-05-24 04:02:32'),(254,'casillero-diablo-cabernet-sauvignon',120,'Botble\\Ecommerce\\Models\\Product','products','2024-05-24 04:02:32','2024-05-24 04:02:32'),(255,'casillero-diablo-cabernet-sauvignon',121,'Botble\\Ecommerce\\Models\\Product','products','2024-05-24 04:02:32','2024-05-24 04:02:32'),(256,'arla-organic-free-range-milk',122,'Botble\\Ecommerce\\Models\\Product','products','2024-05-24 04:02:32','2024-05-24 04:02:32'),(257,'corn-yellow-sweet',123,'Botble\\Ecommerce\\Models\\Product','products','2024-05-24 04:02:32','2024-05-24 04:02:32'),(258,'corn-yellow-sweet',124,'Botble\\Ecommerce\\Models\\Product','products','2024-05-24 04:02:32','2024-05-24 04:02:32'),(259,'honest-organic-still-lemonade',125,'Botble\\Ecommerce\\Models\\Product','products','2024-05-24 04:02:32','2024-05-24 04:02:32'),(260,'honest-organic-still-lemonade',126,'Botble\\Ecommerce\\Models\\Product','products','2024-05-24 04:02:32','2024-05-24 04:02:32'),(261,'honest-organic-still-lemonade',127,'Botble\\Ecommerce\\Models\\Product','products','2024-05-24 04:02:32','2024-05-24 04:02:32'),(262,'honest-organic-still-lemonade',128,'Botble\\Ecommerce\\Models\\Product','products','2024-05-24 04:02:32','2024-05-24 04:02:32'),(263,'honest-organic-still-lemonade',129,'Botble\\Ecommerce\\Models\\Product','products','2024-05-24 04:02:32','2024-05-24 04:02:32'),(264,'iceland-luxury-4-panini-rolls',130,'Botble\\Ecommerce\\Models\\Product','products','2024-05-24 04:02:32','2024-05-24 04:02:32'),(265,'iceland-luxury-4-panini-rolls',131,'Botble\\Ecommerce\\Models\\Product','products','2024-05-24 04:02:32','2024-05-24 04:02:32'),(266,'iceland-soft-scoop-vanilla',132,'Botble\\Ecommerce\\Models\\Product','products','2024-05-24 04:02:32','2024-05-24 04:02:32'),(267,'iceland-soft-scoop-vanilla',133,'Botble\\Ecommerce\\Models\\Product','products','2024-05-24 04:02:32','2024-05-24 04:02:32'),(268,'iceland-soft-scoop-vanilla',134,'Botble\\Ecommerce\\Models\\Product','products','2024-05-24 04:02:32','2024-05-24 04:02:32'),(269,'iceland-spaghetti-bolognese-digital',135,'Botble\\Ecommerce\\Models\\Product','products','2024-05-24 04:02:32','2024-05-24 04:02:32'),(270,'iceland-spaghetti-bolognese-digital',136,'Botble\\Ecommerce\\Models\\Product','products','2024-05-24 04:02:32','2024-05-24 04:02:32'),(271,'pice-94w-beasley-journal-digital',137,'Botble\\Ecommerce\\Models\\Product','products','2024-05-24 04:02:32','2024-05-24 04:02:32'),(272,'pice-94w-beasley-journal-digital',138,'Botble\\Ecommerce\\Models\\Product','products','2024-05-24 04:02:32','2024-05-24 04:02:32'),(273,'pice-94w-beasley-journal-digital',139,'Botble\\Ecommerce\\Models\\Product','products','2024-05-24 04:02:32','2024-05-24 04:02:32');

--
-- Table structure for table `slugs_translations`
--

CREATE TABLE `slugs_translations` (
  `lang_code` varchar(20) COLLATE utf8mb4_unicode_ci NOT NULL,
  `slugs_id` bigint unsigned NOT NULL,
  `key` varchar(191) COLLATE utf8mb4_unicode_ci DEFAULT NULL,
  `prefix` varchar(120) COLLATE utf8mb4_unicode_ci DEFAULT '',
  PRIMARY KEY (`lang_code`,`slugs_id`)
) ENGINE=InnoDB DEFAULT CHARSET=utf8mb4 COLLATE=utf8mb4_unicode_ci;

--
-- Dumping data for table `slugs_translations`
--


--
-- Table structure for table `states`
--

CREATE TABLE `states` (
  `id` bigint unsigned NOT NULL AUTO_INCREMENT,
  `name` varchar(120) COLLATE utf8mb4_unicode_ci NOT NULL,
  `slug` varchar(120) COLLATE utf8mb4_unicode_ci DEFAULT NULL,
  `abbreviation` varchar(10) COLLATE utf8mb4_unicode_ci DEFAULT NULL,
  `country_id` bigint unsigned DEFAULT NULL,
  `order` tinyint NOT NULL DEFAULT '0',
  `image` varchar(191) COLLATE utf8mb4_unicode_ci DEFAULT NULL,
  `is_default` tinyint unsigned NOT NULL DEFAULT '0',
  `status` varchar(60) COLLATE utf8mb4_unicode_ci NOT NULL DEFAULT 'published',
  `created_at` timestamp NULL DEFAULT NULL,
  `updated_at` timestamp NULL DEFAULT NULL,
  PRIMARY KEY (`id`),
  UNIQUE KEY `states_slug_unique` (`slug`)
) ENGINE=InnoDB DEFAULT CHARSET=utf8mb4 COLLATE=utf8mb4_unicode_ci;

--
-- Dumping data for table `states`
--


--
-- Table structure for table `states_translations`
--

CREATE TABLE `states_translations` (
  `lang_code` varchar(20) COLLATE utf8mb4_unicode_ci NOT NULL,
  `states_id` bigint unsigned NOT NULL,
  `name` varchar(120) COLLATE utf8mb4_unicode_ci DEFAULT NULL,
  `slug` varchar(120) COLLATE utf8mb4_unicode_ci DEFAULT NULL,
  `abbreviation` varchar(10) COLLATE utf8mb4_unicode_ci DEFAULT NULL,
  PRIMARY KEY (`lang_code`,`states_id`)
) ENGINE=InnoDB DEFAULT CHARSET=utf8mb4 COLLATE=utf8mb4_unicode_ci;

--
-- Dumping data for table `states_translations`
--


--
-- Table structure for table `tags`
--

CREATE TABLE `tags` (
  `id` bigint unsigned NOT NULL AUTO_INCREMENT,
  `name` varchar(120) COLLATE utf8mb4_unicode_ci NOT NULL,
  `author_id` bigint unsigned DEFAULT NULL,
  `author_type` varchar(191) COLLATE utf8mb4_unicode_ci NOT NULL DEFAULT 'Botble\\ACL\\Models\\User',
  `description` varchar(400) COLLATE utf8mb4_unicode_ci DEFAULT NULL,
  `status` varchar(60) COLLATE utf8mb4_unicode_ci NOT NULL DEFAULT 'published',
  `created_at` timestamp NULL DEFAULT NULL,
  `updated_at` timestamp NULL DEFAULT NULL,
  PRIMARY KEY (`id`)
) ENGINE=InnoDB AUTO_INCREMENT=6 DEFAULT CHARSET=utf8mb4 COLLATE=utf8mb4_unicode_ci;

--
-- Dumping data for table `tags`
--

INSERT INTO `tags` VALUES (1,'General',1,'Botble\\ACL\\Models\\User',NULL,'published','2024-05-24 04:02:30','2024-05-24 04:02:30'),(2,'Design',1,'Botble\\ACL\\Models\\User',NULL,'published','2024-05-24 04:02:30','2024-05-24 04:02:30'),(3,'Fashion',1,'Botble\\ACL\\Models\\User',NULL,'published','2024-05-24 04:02:30','2024-05-24 04:02:30'),(4,'Branding',1,'Botble\\ACL\\Models\\User',NULL,'published','2024-05-24 04:02:30','2024-05-24 04:02:30'),(5,'Modern',1,'Botble\\ACL\\Models\\User',NULL,'published','2024-05-24 04:02:30','2024-05-24 04:02:30');

--
-- Table structure for table `tags_translations`
--

CREATE TABLE `tags_translations` (
  `lang_code` varchar(20) COLLATE utf8mb4_unicode_ci NOT NULL,
  `tags_id` bigint unsigned NOT NULL,
  `name` varchar(191) COLLATE utf8mb4_unicode_ci DEFAULT NULL,
  `description` varchar(400) COLLATE utf8mb4_unicode_ci DEFAULT NULL,
  PRIMARY KEY (`lang_code`,`tags_id`)
) ENGINE=InnoDB DEFAULT CHARSET=utf8mb4 COLLATE=utf8mb4_unicode_ci;

--
-- Dumping data for table `tags_translations`
--


--
-- Table structure for table `user_meta`
--

CREATE TABLE `user_meta` (
  `id` bigint unsigned NOT NULL AUTO_INCREMENT,
  `key` varchar(120) COLLATE utf8mb4_unicode_ci DEFAULT NULL,
  `value` text COLLATE utf8mb4_unicode_ci,
  `user_id` bigint unsigned NOT NULL,
  `created_at` timestamp NULL DEFAULT NULL,
  `updated_at` timestamp NULL DEFAULT NULL,
  PRIMARY KEY (`id`),
  KEY `user_meta_user_id_index` (`user_id`)
) ENGINE=InnoDB DEFAULT CHARSET=utf8mb4 COLLATE=utf8mb4_unicode_ci;

--
-- Dumping data for table `user_meta`
--


--
-- Table structure for table `users`
--

CREATE TABLE `users` (
  `id` bigint unsigned NOT NULL AUTO_INCREMENT,
  `email` varchar(191) COLLATE utf8mb4_unicode_ci NOT NULL,
  `email_verified_at` timestamp NULL DEFAULT NULL,
  `password` varchar(120) COLLATE utf8mb4_unicode_ci DEFAULT NULL,
  `remember_token` varchar(100) COLLATE utf8mb4_unicode_ci DEFAULT NULL,
  `created_at` timestamp NULL DEFAULT NULL,
  `updated_at` timestamp NULL DEFAULT NULL,
  `first_name` varchar(120) COLLATE utf8mb4_unicode_ci DEFAULT NULL,
  `last_name` varchar(120) COLLATE utf8mb4_unicode_ci DEFAULT NULL,
  `username` varchar(60) COLLATE utf8mb4_unicode_ci DEFAULT NULL,
  `avatar_id` bigint unsigned DEFAULT NULL,
  `super_user` tinyint(1) NOT NULL DEFAULT '0',
  `manage_supers` tinyint(1) NOT NULL DEFAULT '0',
  `permissions` text COLLATE utf8mb4_unicode_ci,
  `last_login` timestamp NULL DEFAULT NULL,
  PRIMARY KEY (`id`),
  UNIQUE KEY `users_email_unique` (`email`),
  UNIQUE KEY `users_username_unique` (`username`)
) ENGINE=InnoDB AUTO_INCREMENT=2 DEFAULT CHARSET=utf8mb4 COLLATE=utf8mb4_unicode_ci;

--
-- Dumping data for table `users`
--

INSERT INTO `users` VALUES (1,'egrady@osinski.com',NULL,'$2y$12$jnTyrU/1EjlgVShIVBxj/uzWhBuwUitD6iIeKGoIGZyCNYhrSgX/G',NULL,'2024-05-24 04:02:06','2024-05-24 04:02:06','Jason','Bosco','admin',NULL,1,1,NULL,NULL);

--
-- Table structure for table `widgets`
--

CREATE TABLE `widgets` (
  `id` bigint unsigned NOT NULL AUTO_INCREMENT,
  `widget_id` varchar(120) COLLATE utf8mb4_unicode_ci NOT NULL,
  `sidebar_id` varchar(120) COLLATE utf8mb4_unicode_ci NOT NULL,
  `theme` varchar(120) COLLATE utf8mb4_unicode_ci NOT NULL,
  `position` tinyint unsigned NOT NULL DEFAULT '0',
  `data` text COLLATE utf8mb4_unicode_ci,
  `created_at` timestamp NULL DEFAULT NULL,
  `updated_at` timestamp NULL DEFAULT NULL,
  PRIMARY KEY (`id`)
) ENGINE=InnoDB AUTO_INCREMENT=20 DEFAULT CHARSET=utf8mb4 COLLATE=utf8mb4_unicode_ci;

--
-- Dumping data for table `widgets`
--

INSERT INTO `widgets` VALUES (1,'SiteInfoWidget','footer_sidebar','farmart',0,'{\"id\":\"SiteInfoWidget\",\"name\":\"Farmart \\u2013 Your Online Foods & Grocery\",\"about\":\"Lorem ipsum dolor sit amet, consectetur adipiscing elit. Sed finibus viverra iaculis. Etiam vulputate et justo eget scelerisque.\",\"phone\":\"(+965) 7492-4277\",\"address\":\"959 Homestead Street Eastlake, NYC\",\"email\":\"support@farmart.com\",\"working_time\":\"Mon - Fri: 07AM - 06PM\"}','2024-05-24 04:02:32','2024-05-24 04:02:32'),(2,'CustomMenuWidget','footer_sidebar','farmart',1,'{\"id\":\"CustomMenuWidget\",\"name\":\"Useful Links\",\"menu_id\":\"useful-links\"}','2024-05-24 04:02:32','2024-05-24 04:02:32'),(3,'CustomMenuWidget','footer_sidebar','farmart',2,'{\"id\":\"CustomMenuWidget\",\"name\":\"Help Center\",\"menu_id\":\"help-center\"}','2024-05-24 04:02:32','2024-05-24 04:02:32'),(4,'CustomMenuWidget','footer_sidebar','farmart',3,'{\"id\":\"CustomMenuWidget\",\"name\":\"Business\",\"menu_id\":\"business\"}','2024-05-24 04:02:32','2024-05-24 04:02:32'),(5,'NewsletterWidget','footer_sidebar','farmart',4,'{\"id\":\"NewsletterWidget\",\"title\":\"Newsletter\",\"subtitle\":\"Register now to get updates on promotions and coupon. Don\\u2019t worry! We not spam\"}','2024-05-24 04:02:32','2024-05-24 04:02:32'),(6,'BlogSearchWidget','primary_sidebar','farmart',1,'{\"id\":\"BlogSearchWidget\",\"name\":\"Search\"}','2024-05-24 04:02:32','2024-05-24 04:02:32'),(7,'BlogCategoriesWidget','primary_sidebar','farmart',2,'{\"id\":\"BlogCategoriesWidget\",\"name\":\"Categories\"}','2024-05-24 04:02:32','2024-05-24 04:02:32'),(8,'RecentPostsWidget','primary_sidebar','farmart',3,'{\"id\":\"RecentPostsWidget\",\"name\":\"Recent Posts\"}','2024-05-24 04:02:32','2024-05-24 04:02:32'),(9,'BlogTagsWidget','primary_sidebar','farmart',4,'{\"id\":\"BlogTagsWidget\",\"name\":\"Popular Tags\"}','2024-05-24 04:02:32','2024-05-24 04:02:32'),(10,'SiteFeaturesWidget','pre_footer_sidebar','farmart',1,'{\"id\":\"SiteFeaturesWidget\",\"title\":\"Site Features\",\"data\":{\"1\":{\"icon\":\"general\\/icon-rocket.png\",\"title\":\"Free Shipping\",\"subtitle\":\"For all orders over $200\"},\"2\":{\"icon\":\"general\\/icon-reload.png\",\"title\":\"1 & 1 Returns\",\"subtitle\":\"Cancellation after 1 day\"},\"3\":{\"icon\":\"general\\/icon-protect.png\",\"title\":\"100% Secure Payment\",\"subtitle\":\"Guarantee secure payments\"},\"4\":{\"icon\":\"general\\/icon-support.png\",\"title\":\"24\\/7 Dedicated Support\",\"subtitle\":\"Anywhere & anytime\"},\"5\":{\"icon\":\"general\\/icon-tag.png\",\"title\":\"Daily Offers\",\"subtitle\":\"Discount up to 70% OFF\"}}}','2024-05-24 04:02:32','2024-05-24 04:02:32'),(11,'AdsWidget','products_list_sidebar','farmart',1,'{\"id\":\"AdsWidget\",\"title\":\"Ads\",\"ads_key\":\"ZDOZUZZIU7FZ\",\"background\":\"general\\/background.jpg\",\"size\":\"full-width\"}','2024-05-24 04:02:32','2024-05-24 04:02:32'),(12,'SiteFeaturesWidget','product_detail_sidebar','farmart',1,'{\"id\":\"SiteFeaturesWidget\",\"title\":\"Site Features\",\"data\":{\"1\":{\"icon\":\"general\\/icon-rocket.png\",\"title\":\"Free Shipping\",\"subtitle\":\"For all orders over $200\"},\"2\":{\"icon\":\"general\\/icon-reload.png\",\"title\":\"1 & 1 Returns\",\"subtitle\":\"Cancellation after 1 day\"},\"3\":{\"icon\":\"general\\/icon-protect.png\",\"title\":\"Secure Payment\",\"subtitle\":\"Guarantee secure payments\"}}}','2024-05-24 04:02:32','2024-05-24 04:02:32'),(13,'SiteInfoWidget','product_detail_sidebar','farmart',2,'{\"id\":\"SiteInfoWidget\",\"name\":\"Store information\",\"phone\":\"(+965) 7492-4277\",\"working_time\":\"Mon - Fri: 07AM - 06PM\"}','2024-05-24 04:02:32','2024-05-24 04:02:32'),(14,'BecomeVendorWidget','product_detail_sidebar','farmart',3,'{\"id\":\"BecomeVendorWidget\",\"name\":\"Become a Vendor?\"}','2024-05-24 04:02:32','2024-05-24 04:02:32'),(15,'ProductCategoriesWidget','bottom_footer_sidebar','farmart',1,'{\"id\":\"ProductCategoriesWidget\",\"name\":\"Consumer Electric\",\"categories\":[18,2,3,4,5,6,7]}','2024-05-24 04:02:32','2024-05-24 04:02:32'),(16,'ProductCategoriesWidget','bottom_footer_sidebar','farmart',2,'{\"id\":\"ProductCategoriesWidget\",\"name\":\"Clothing & Apparel\",\"categories\":[8,9,10,11,12]}','2024-05-24 04:02:32','2024-05-24 04:02:32'),(17,'ProductCategoriesWidget','bottom_footer_sidebar','farmart',3,'{\"id\":\"ProductCategoriesWidget\",\"name\":\"Home, Garden & Kitchen\",\"categories\":[13,14,15,16,17]}','2024-05-24 04:02:32','2024-05-24 04:02:32'),(18,'ProductCategoriesWidget','bottom_footer_sidebar','farmart',4,'{\"id\":\"ProductCategoriesWidget\",\"name\":\"Health & Beauty\",\"categories\":[20,21,22,23,24]}','2024-05-24 04:02:32','2024-05-24 04:02:32'),(19,'ProductCategoriesWidget','bottom_footer_sidebar','farmart',5,'{\"id\":\"ProductCategoriesWidget\",\"name\":\"Computer & Technologies\",\"categories\":[25,26,27,28,29,19]}','2024-05-24 04:02:32','2024-05-24 04:02:32');


